[INFO] cloning repository https://github.com/dumitru-stama/autograf
[INFO] running `Command { std: "git" "-c" "credential.helper=" "-c" "credential.helper=/workspace/cargo-home/bin/git-credential-null" "clone" "--bare" "https://github.com/dumitru-stama/autograf" "/workspace/cache/git-repos/https%3A%2F%2Fgithub.com%2Fdumitru-stama%2Fautograf", kill_on_drop: false }`
[INFO] [stderr] Cloning into bare repository '/workspace/cache/git-repos/https%3A%2F%2Fgithub.com%2Fdumitru-stama%2Fautograf'...
[INFO] running `Command { std: "git" "rev-parse" "HEAD", kill_on_drop: false }`
[INFO] [stdout] 9f07b145c2ad701ce135924c181333dc790d0247
[INFO] checking dumitru-stama/autograf against beta-2021-10-15 for beta-1.56-3
[INFO] running `Command { std: "git" "clone" "/workspace/cache/git-repos/https%3A%2F%2Fgithub.com%2Fdumitru-stama%2Fautograf" "/workspace/builds/worker-14/source", kill_on_drop: false }`
[INFO] [stderr] Cloning into '/workspace/builds/worker-14/source'...
[INFO] [stderr] done.
[INFO] validating manifest of git repo https://github.com/dumitru-stama/autograf on toolchain beta-2021-10-15
[INFO] running `Command { std: "/workspace/cargo-home/bin/cargo" "+beta-2021-10-15" "metadata" "--manifest-path" "Cargo.toml" "--no-deps", kill_on_drop: false }`
[INFO] started tweaking git repo https://github.com/dumitru-stama/autograf
[INFO] finished tweaking git repo https://github.com/dumitru-stama/autograf
[INFO] tweaked toml for git repo https://github.com/dumitru-stama/autograf written to /workspace/builds/worker-14/source/Cargo.toml
[INFO] crate git repo https://github.com/dumitru-stama/autograf already has a lockfile, it will not be regenerated
[INFO] running `Command { std: "/workspace/cargo-home/bin/cargo" "+beta-2021-10-15" "fetch" "--manifest-path" "Cargo.toml", kill_on_drop: false }`
[INFO] [stderr]  Downloading crates ...
[INFO] [stderr]   Downloaded odds v0.2.26
[INFO] [stderr]   Downloaded hexdump v0.1.0
[INFO] [stderr]   Downloaded itertools v0.4.19
[INFO] [stderr]   Downloaded arrayvec v0.3.25
[INFO] running `Command { std: "docker" "create" "-v" "/var/lib/crater-agent-workspace/builds/worker-14/target:/opt/rustwide/target:rw,Z" "-v" "/var/lib/crater-agent-workspace/builds/worker-14/source:/opt/rustwide/workdir:ro,Z" "-v" "/var/lib/crater-agent-workspace/cargo-home:/opt/rustwide/cargo-home:ro,Z" "-v" "/var/lib/crater-agent-workspace/rustup-home:/opt/rustwide/rustup-home:ro,Z" "-e" "SOURCE_DIR=/opt/rustwide/workdir" "-e" "CARGO_TARGET_DIR=/opt/rustwide/target" "-e" "CARGO_HOME=/opt/rustwide/cargo-home" "-e" "RUSTUP_HOME=/opt/rustwide/rustup-home" "-w" "/opt/rustwide/workdir" "-m" "1610612736" "--user" "0:0" "--network" "none" "ghcr.io/rust-lang/crates-build-env/linux@sha256:a89201d6b5b9fd45c15d5952ece0a0129e7e80cb26ec023fd59cf09bc26f1604" "/opt/rustwide/cargo-home/bin/cargo" "+beta-2021-10-15" "metadata" "--no-deps" "--format-version=1", kill_on_drop: false }`
[INFO] [stdout] 9eb38d1541edb1f1de2588bdbf7bb9dea9cbf52e90e891b0b494aad159ef2ed2
[INFO] [stderr] WARNING: Your kernel does not support swap limit capabilities or the cgroup is not mounted. Memory limited without swap.
[INFO] running `Command { std: "docker" "start" "-a" "9eb38d1541edb1f1de2588bdbf7bb9dea9cbf52e90e891b0b494aad159ef2ed2", kill_on_drop: false }`
[INFO] running `Command { std: "docker" "inspect" "9eb38d1541edb1f1de2588bdbf7bb9dea9cbf52e90e891b0b494aad159ef2ed2", kill_on_drop: false }`
[INFO] running `Command { std: "docker" "rm" "-f" "9eb38d1541edb1f1de2588bdbf7bb9dea9cbf52e90e891b0b494aad159ef2ed2", kill_on_drop: false }`
[INFO] [stdout] 9eb38d1541edb1f1de2588bdbf7bb9dea9cbf52e90e891b0b494aad159ef2ed2
[INFO] running `Command { std: "docker" "create" "-v" "/var/lib/crater-agent-workspace/builds/worker-14/target:/opt/rustwide/target:rw,Z" "-v" "/var/lib/crater-agent-workspace/builds/worker-14/source:/opt/rustwide/workdir:ro,Z" "-v" "/var/lib/crater-agent-workspace/cargo-home:/opt/rustwide/cargo-home:ro,Z" "-v" "/var/lib/crater-agent-workspace/rustup-home:/opt/rustwide/rustup-home:ro,Z" "-e" "SOURCE_DIR=/opt/rustwide/workdir" "-e" "CARGO_TARGET_DIR=/opt/rustwide/target" "-e" "CARGO_INCREMENTAL=0" "-e" "RUST_BACKTRACE=full" "-e" "RUSTFLAGS=--cap-lints=warn" "-e" "CARGO_HOME=/opt/rustwide/cargo-home" "-e" "RUSTUP_HOME=/opt/rustwide/rustup-home" "-w" "/opt/rustwide/workdir" "-m" "1610612736" "--user" "0:0" "--network" "none" "ghcr.io/rust-lang/crates-build-env/linux@sha256:a89201d6b5b9fd45c15d5952ece0a0129e7e80cb26ec023fd59cf09bc26f1604" "/opt/rustwide/cargo-home/bin/cargo" "+beta-2021-10-15" "check" "--frozen" "--all" "--all-targets" "--message-format=json", kill_on_drop: false }`
[INFO] [stderr] WARNING: Your kernel does not support swap limit capabilities or the cgroup is not mounted. Memory limited without swap.
[INFO] [stdout] 2c4e43d58da07ad4e2c045afd21ab76802cb0b1ac84a449ad5448b1565172d5a
[INFO] running `Command { std: "docker" "start" "-a" "2c4e43d58da07ad4e2c045afd21ab76802cb0b1ac84a449ad5448b1565172d5a", kill_on_drop: false }`
[INFO] [stderr]     Checking odds v0.2.26
[INFO] [stderr]     Checking nodrop v0.1.13
[INFO] [stderr]     Checking itertools v0.4.19
[INFO] [stderr]     Checking mytree v0.1.0 (/opt/rustwide/workdir/mytree)
[INFO] [stderr]     Checking arrayvec v0.3.25
[INFO] [stderr]     Checking hexdump v0.1.0
[INFO] [stderr]     Checking autograf v0.1.0 (/opt/rustwide/workdir)
[INFO] [stdout] error[E0063]: missing field `utf8` in initializer of `Rstring`
[INFO] [stdout]    --> src/lib.rs:227:11
[INFO] [stdout]     |
[INFO] [stdout] 227 |         let a = Rstring {
[INFO] [stdout]     |                 ^^^^^^^ missing `utf8`
[INFO] [stdout] 
[INFO] [stdout] 
[INFO] [stdout] error[E0063]: missing field `utf8` in initializer of `Rstring`
[INFO] [stdout]    --> src/lib.rs:237:15
[INFO] [stdout]     |
[INFO] [stdout] 237 |         let mut a = Rstring {
[INFO] [stdout]     |                     ^^^^^^^ missing `utf8`
[INFO] [stdout] 
[INFO] [stdout] 
[INFO] [stdout] error[E0063]: missing field `utf8` in initializer of `Rstring`
[INFO] [stdout]    --> src/lib.rs:260:15
[INFO] [stdout]     |
[INFO] [stdout] 260 |         let mut a = Rstring {
[INFO] [stdout]     |                     ^^^^^^^ missing `utf8`
[INFO] [stdout] 
[INFO] [stdout] 
[INFO] [stdout] error[E0063]: missing field `data` in initializer of `Rentry`
[INFO] [stdout]    --> src/lib.rs:385:11
[INFO] [stdout]     |
[INFO] [stdout] 385 |         let a = Rentry {
[INFO] [stdout]     |                 ^^^^^^ missing `data`
[INFO] [stdout] 
[INFO] [stdout] 
[INFO] [stdout] error[E0063]: missing field `data` in initializer of `Rentry`
[INFO] [stdout]    --> src/lib.rs:391:11
[INFO] [stdout]     |
[INFO] [stdout] 391 |         let b = Rentry {
[INFO] [stdout]     |                 ^^^^^^ missing `data`
[INFO] [stdout] 
[INFO] [stdout] 
[INFO] [stdout] error[E0063]: missing field `data` in initializer of `Rentry`
[INFO] [stdout]    --> src/lib.rs:402:15
[INFO] [stdout]     |
[INFO] [stdout] 402 |         let mut a = Rentry {
[INFO] [stdout]     |                     ^^^^^^ missing `data`
[INFO] [stdout] 
[INFO] [stdout] 
[INFO] [stdout] error[E0063]: missing field `data` in initializer of `Rentry`
[INFO] [stdout]    --> src/lib.rs:415:15
[INFO] [stdout]     |
[INFO] [stdout] 415 |         let mut b = Rentry {
[INFO] [stdout]     |                     ^^^^^^ missing `data`
[INFO] [stdout] 
[INFO] [stdout] 
[INFO] [stdout] error[E0063]: missing field `data` in initializer of `Rentry`
[INFO] [stdout]    --> src/lib.rs:438:11
[INFO] [stdout]     |
[INFO] [stdout] 438 |         let a = Rentry {
[INFO] [stdout]     |                 ^^^^^^ missing `data`
[INFO] [stdout] 
[INFO] [stdout] 
[INFO] [stdout] error[E0063]: missing field `data` in initializer of `Rentry`
[INFO] [stdout]    --> src/lib.rs:448:11
[INFO] [stdout]     |
[INFO] [stdout] 448 |         let b = Rentry {
[INFO] [stdout]     |                 ^^^^^^ missing `data`
[INFO] [stdout] 
[INFO] [stdout] 
[INFO] [stdout] error: aborting due to 9 previous errors
[INFO] [stdout] 
[INFO] [stdout] 
[INFO] [stdout] For more information about this error, try `rustc --explain E0063`.
[INFO] [stdout] 
[INFO] [stderr] error: could not compile `autograf` due to 10 previous errors
[INFO] [stderr] warning: build failed, waiting for other jobs to finish...
[INFO] [stderr] error: build failed
[INFO] running `Command { std: "docker" "inspect" "2c4e43d58da07ad4e2c045afd21ab76802cb0b1ac84a449ad5448b1565172d5a", kill_on_drop: false }`
[INFO] running `Command { std: "docker" "rm" "-f" "2c4e43d58da07ad4e2c045afd21ab76802cb0b1ac84a449ad5448b1565172d5a", kill_on_drop: false }`
[INFO] [stdout] 2c4e43d58da07ad4e2c045afd21ab76802cb0b1ac84a449ad5448b1565172d5a
