[INFO] cloning repository https://github.com/dswd/zvault
[INFO] running `Command { std: "git" "-c" "credential.helper=" "-c" "credential.helper=/workspace/cargo-home/bin/git-credential-null" "clone" "--bare" "https://github.com/dswd/zvault" "/workspace/cache/git-repos/https%3A%2F%2Fgithub.com%2Fdswd%2Fzvault", kill_on_drop: false }`
[INFO] [stderr] Cloning into bare repository '/workspace/cache/git-repos/https%3A%2F%2Fgithub.com%2Fdswd%2Fzvault'...
[INFO] running `Command { std: "git" "rev-parse" "HEAD", kill_on_drop: false }`
[INFO] [stdout] 98a09fea2ee86351df66e448d9e6f05927cf706e
[INFO] checking dswd/zvault against 1.55.0 for beta-1.56-3
[INFO] running `Command { std: "git" "clone" "/workspace/cache/git-repos/https%3A%2F%2Fgithub.com%2Fdswd%2Fzvault" "/workspace/builds/worker-2/source", kill_on_drop: false }`
[INFO] [stderr] Cloning into '/workspace/builds/worker-2/source'...
[INFO] [stderr] done.
[INFO] validating manifest of git repo https://github.com/dswd/zvault on toolchain 1.55.0
[INFO] running `Command { std: "/workspace/cargo-home/bin/cargo" "+1.55.0" "metadata" "--manifest-path" "Cargo.toml" "--no-deps", kill_on_drop: false }`
[INFO] started tweaking git repo https://github.com/dswd/zvault
[INFO] finished tweaking git repo https://github.com/dswd/zvault
[INFO] tweaked toml for git repo https://github.com/dswd/zvault written to /workspace/builds/worker-2/source/Cargo.toml
[INFO] crate git repo https://github.com/dswd/zvault already has a lockfile, it will not be regenerated
[INFO] running `Command { std: "/workspace/cargo-home/bin/cargo" "+1.55.0" "fetch" "--manifest-path" "Cargo.toml", kill_on_drop: false }`
[INFO] [stderr]     Blocking waiting for file lock on package cache
[INFO] running `Command { std: "docker" "create" "-v" "/var/lib/crater-agent-workspace/builds/worker-2/target:/opt/rustwide/target:rw,Z" "-v" "/var/lib/crater-agent-workspace/builds/worker-2/source:/opt/rustwide/workdir:ro,Z" "-v" "/var/lib/crater-agent-workspace/cargo-home:/opt/rustwide/cargo-home:ro,Z" "-v" "/var/lib/crater-agent-workspace/rustup-home:/opt/rustwide/rustup-home:ro,Z" "-e" "SOURCE_DIR=/opt/rustwide/workdir" "-e" "CARGO_TARGET_DIR=/opt/rustwide/target" "-e" "CARGO_HOME=/opt/rustwide/cargo-home" "-e" "RUSTUP_HOME=/opt/rustwide/rustup-home" "-w" "/opt/rustwide/workdir" "-m" "1610612736" "--user" "0:0" "--network" "none" "ghcr.io/rust-lang/crates-build-env/linux@sha256:a89201d6b5b9fd45c15d5952ece0a0129e7e80cb26ec023fd59cf09bc26f1604" "/opt/rustwide/cargo-home/bin/cargo" "+1.55.0" "metadata" "--no-deps" "--format-version=1", kill_on_drop: false }`
[INFO] [stdout] 61c4815e42f1c24b3ace10149f6c3744aa075ee3e61b9020be3526eebb16248e
[INFO] [stderr] WARNING: Your kernel does not support swap limit capabilities or the cgroup is not mounted. Memory limited without swap.
[INFO] running `Command { std: "docker" "start" "-a" "61c4815e42f1c24b3ace10149f6c3744aa075ee3e61b9020be3526eebb16248e", kill_on_drop: false }`
[INFO] running `Command { std: "docker" "inspect" "61c4815e42f1c24b3ace10149f6c3744aa075ee3e61b9020be3526eebb16248e", kill_on_drop: false }`
[INFO] running `Command { std: "docker" "rm" "-f" "61c4815e42f1c24b3ace10149f6c3744aa075ee3e61b9020be3526eebb16248e", kill_on_drop: false }`
[INFO] [stdout] 61c4815e42f1c24b3ace10149f6c3744aa075ee3e61b9020be3526eebb16248e
[INFO] running `Command { std: "docker" "create" "-v" "/var/lib/crater-agent-workspace/builds/worker-2/target:/opt/rustwide/target:rw,Z" "-v" "/var/lib/crater-agent-workspace/builds/worker-2/source:/opt/rustwide/workdir:ro,Z" "-v" "/var/lib/crater-agent-workspace/cargo-home:/opt/rustwide/cargo-home:ro,Z" "-v" "/var/lib/crater-agent-workspace/rustup-home:/opt/rustwide/rustup-home:ro,Z" "-e" "SOURCE_DIR=/opt/rustwide/workdir" "-e" "CARGO_TARGET_DIR=/opt/rustwide/target" "-e" "CARGO_INCREMENTAL=0" "-e" "RUST_BACKTRACE=full" "-e" "RUSTFLAGS=--cap-lints=warn" "-e" "CARGO_HOME=/opt/rustwide/cargo-home" "-e" "RUSTUP_HOME=/opt/rustwide/rustup-home" "-w" "/opt/rustwide/workdir" "-m" "1610612736" "--user" "0:0" "--network" "none" "ghcr.io/rust-lang/crates-build-env/linux@sha256:a89201d6b5b9fd45c15d5952ece0a0129e7e80cb26ec023fd59cf09bc26f1604" "/opt/rustwide/cargo-home/bin/cargo" "+1.55.0" "check" "--frozen" "--all" "--all-targets" "--message-format=json", kill_on_drop: false }`
[INFO] [stdout] 284ab1e970631afe7cc0c0b23c718c9eeab2336743b243b34fe642ceef3d3e88
[INFO] [stderr] WARNING: Your kernel does not support swap limit capabilities or the cgroup is not mounted. Memory limited without swap.
[INFO] running `Command { std: "docker" "start" "-a" "284ab1e970631afe7cc0c0b23c718c9eeab2336743b243b34fe642ceef3d3e88", kill_on_drop: false }`
[INFO] [stderr]     Blocking waiting for file lock on package cache
[INFO] [stderr]     Blocking waiting for file lock on package cache
[INFO] [stderr]     Checking num-traits v0.2.1
[INFO] [stderr]     Checking runtime-fmt v0.3.0
[INFO] [stderr]     Checking murmurhash3 v0.0.5
[INFO] [stderr]     Checking time v0.1.39
[INFO] [stderr]     Checking memchr v2.0.1
[INFO] [stderr]     Checking xattr v0.1.11
[INFO] [stderr]     Checking atty v0.2.8
[INFO] [stderr]     Checking xattr v0.2.1
[INFO] [stderr]     Checking users v0.6.0
[INFO] [stderr]    Compiling libsodium-sys v0.0.16
[INFO] [stderr]    Compiling squash-sys v0.9.0
[INFO] [stderr]    Compiling fuse v0.3.1
[INFO] [stderr]     Checking filetime v0.1.15
[INFO] [stderr]     Checking serde_bytes v0.10.3
[INFO] [stderr]     Checking blake2-rfc v0.2.18
[INFO] [stderr]     Checking remove_dir_all v0.3.0
[INFO] [stderr]     Checking tempdir v0.3.6
[INFO] [stderr]     Checking aho-corasick v0.6.4
[INFO] [stderr]     Checking clap v2.31.1
[INFO] [stdout] error[E0433]: failed to resolve: could not find `Position` in `v1`
[INFO] [stdout]    --> /opt/rustwide/cargo-home/registry/src/github.com-1ecc6299db9ec823/runtime-fmt-0.3.0/src/lib.rs:522:39
[INFO] [stdout]     |
[INFO] [stdout] 522 |                         position: v1::Position::At(i),
[INFO] [stdout]     |                                       ^^^^^^^^ not found in `v1`
[INFO] [stdout]     |
[INFO] [stdout] help: consider importing this enum
[INFO] [stdout]     |
[INFO] [stdout] 38  | use fmt_macros::Position;
[INFO] [stdout]     |
[INFO] [stdout] 
[INFO] [stdout] 
[INFO] [stdout] error[E0433]: failed to resolve: could not find `Position` in `v1`
[INFO] [stdout]    --> /opt/rustwide/cargo-home/registry/src/github.com-1ecc6299db9ec823/runtime-fmt-0.3.0/src/lib.rs:544:39
[INFO] [stdout]     |
[INFO] [stdout] 544 |                         position: v1::Position::At(argument_pos),
[INFO] [stdout]     |                                       ^^^^^^^^ not found in `v1`
[INFO] [stdout]     |
[INFO] [stdout] help: consider importing this enum
[INFO] [stdout]     |
[INFO] [stdout] 38  | use fmt_macros::Position;
[INFO] [stdout]     |
[INFO] [stdout] 
[INFO] [stdout] 
[INFO] [stdout] error[E0554]: `#![feature]` may not be used on the stable release channel
[INFO] [stdout]   --> /opt/rustwide/cargo-home/registry/src/github.com-1ecc6299db9ec823/runtime-fmt-0.3.0/src/lib.rs:17:1
[INFO] [stdout]    |
[INFO] [stdout] 17 | #![feature(fmt_internals)]
[INFO] [stdout]    | ^^^^^^^^^^^^^^^^^^^^^^^^^^
[INFO] [stdout] 
[INFO] [stdout] 
[INFO] [stdout] error[E0554]: `#![feature]` may not be used on the stable release channel
[INFO] [stdout]   --> /opt/rustwide/cargo-home/registry/src/github.com-1ecc6299db9ec823/runtime-fmt-0.3.0/src/lib.rs:18:1
[INFO] [stdout]    |
[INFO] [stdout] 18 | #![feature(conservative_impl_trait)]
[INFO] [stdout]    | ^^^^^^^^^^^^^^^^^^^^^^^^^^^^^^^^^^^^ help: remove the attribute
[INFO] [stdout]    |
[INFO] [stdout]    = help: the feature `conservative_impl_trait` has been stable since 1.26.0 and no longer requires an attribute to enable
[INFO] [stdout] 
[INFO] [stdout] 
[INFO] [stdout] error[E0554]: `#![feature]` may not be used on the stable release channel
[INFO] [stdout]   --> /opt/rustwide/cargo-home/registry/src/github.com-1ecc6299db9ec823/runtime-fmt-0.3.0/src/lib.rs:19:1
[INFO] [stdout]    |
[INFO] [stdout] 19 | #![feature(specialization)]
[INFO] [stdout]    | ^^^^^^^^^^^^^^^^^^^^^^^^^^^
[INFO] [stdout] 
[INFO] [stdout] 
[INFO] [stdout] error[E0554]: `#![feature]` may not be used on the stable release channel
[INFO] [stdout]   --> /opt/rustwide/cargo-home/registry/src/github.com-1ecc6299db9ec823/runtime-fmt-0.3.0/src/lib.rs:20:1
[INFO] [stdout]    |
[INFO] [stdout] 20 | #![feature(print_internals)]
[INFO] [stdout]    | ^^^^^^^^^^^^^^^^^^^^^^^^^^^^
[INFO] [stdout] 
[INFO] [stdout] 
[INFO] [stdout] error[E0554]: `#![feature]` may not be used on the stable release channel
[INFO] [stdout]   --> /opt/rustwide/cargo-home/registry/src/github.com-1ecc6299db9ec823/runtime-fmt-0.3.0/src/lib.rs:21:1
[INFO] [stdout]    |
[INFO] [stdout] 21 | #![feature(rustc_private)]
[INFO] [stdout]    | ^^^^^^^^^^^^^^^^^^^^^^^^^^
[INFO] [stdout] 
[INFO] [stdout] 
[INFO] [stdout] error[E0554]: `#![feature]` may not be used on the stable release channel
[INFO] [stdout]   --> /opt/rustwide/cargo-home/registry/src/github.com-1ecc6299db9ec823/runtime-fmt-0.3.0/src/lib.rs:22:1
[INFO] [stdout]    |
[INFO] [stdout] 22 | #![feature(try_from)]
[INFO] [stdout]    | ^^^^^^^^^^^^^^^^^^^^^
[INFO] [stdout] 
[INFO] [stdout] 
[INFO] [stderr]     Checking serde_utils v0.6.0
[INFO] [stdout] error[E0495]: cannot infer an appropriate lifetime for autoref due to conflicting requirements
[INFO] [stdout]    --> /opt/rustwide/cargo-home/registry/src/github.com-1ecc6299db9ec823/runtime-fmt-0.3.0/src/lib.rs:195:33
[INFO] [stdout]     |
[INFO] [stdout] 195 |         let pieces = self.inner.pieces();
[INFO] [stdout]     |                                 ^^^^^^
[INFO] [stdout]     |
[INFO] [stdout] note: first, the lifetime cannot outlive the lifetime `'s` as defined on the impl at 175:6...
[INFO] [stdout]    --> /opt/rustwide/cargo-home/registry/src/github.com-1ecc6299db9ec823/runtime-fmt-0.3.0/src/lib.rs:175:6
[INFO] [stdout]     |
[INFO] [stdout] 175 | impl<'s, T: FormatArgs> PreparedFormat<'s, T> {
[INFO] [stdout]     |      ^^
[INFO] [stdout] note: ...so that the type `Parsed<'s, DelayedParse<T>>` is not borrowed for too long
[INFO] [stdout]    --> /opt/rustwide/cargo-home/registry/src/github.com-1ecc6299db9ec823/runtime-fmt-0.3.0/src/lib.rs:195:22
[INFO] [stdout]     |
[INFO] [stdout] 195 |         let pieces = self.inner.pieces();
[INFO] [stdout]     |                      ^^^^^^^^^^
[INFO] [stdout]     = note: but, the lifetime must be valid for the static lifetime...
[INFO] [stdout] note: ...so that the expression is assignable
[INFO] [stdout]    --> /opt/rustwide/cargo-home/registry/src/github.com-1ecc6299db9ec823/runtime-fmt-0.3.0/src/lib.rs:201:58
[INFO] [stdout]     |
[INFO] [stdout] 201 |             Some(ref fmt) => Arguments::new_v1_formatted(&pieces, &args, fmt),
[INFO] [stdout]     |                                                          ^^^^^^^
[INFO] [stdout]     = note: expected `&[&'static str]`
[INFO] [stdout]                found `&[&str]`
[INFO] [stdout] 
[INFO] [stdout] 
[INFO] [stdout] error[E0495]: cannot infer an appropriate lifetime for autoref due to conflicting requirements
[INFO] [stdout]    --> /opt/rustwide/cargo-home/registry/src/github.com-1ecc6299db9ec823/runtime-fmt-0.3.0/src/lib.rs:266:33
[INFO] [stdout]     |
[INFO] [stdout] 266 |         let pieces = self.inner.pieces();
[INFO] [stdout]     |                                 ^^^^^^
[INFO] [stdout]     |
[INFO] [stdout] note: first, the lifetime cannot outlive the lifetime `'s` as defined on the impl at 246:6...
[INFO] [stdout]    --> /opt/rustwide/cargo-home/registry/src/github.com-1ecc6299db9ec823/runtime-fmt-0.3.0/src/lib.rs:246:6
[INFO] [stdout]     |
[INFO] [stdout] 246 | impl<'s> FormatBuf<'s> {
[INFO] [stdout]     |      ^^
[INFO] [stdout] note: ...so that the type `Parsed<'s, ImmediateParse<'s>>` is not borrowed for too long
[INFO] [stdout]    --> /opt/rustwide/cargo-home/registry/src/github.com-1ecc6299db9ec823/runtime-fmt-0.3.0/src/lib.rs:266:22
[INFO] [stdout]     |
[INFO] [stdout] 266 |         let pieces = self.inner.pieces();
[INFO] [stdout]     |                      ^^^^^^^^^^
[INFO] [stdout]     = note: but, the lifetime must be valid for the static lifetime...
[INFO] [stdout] note: ...so that the expression is assignable
[INFO] [stdout]    --> /opt/rustwide/cargo-home/registry/src/github.com-1ecc6299db9ec823/runtime-fmt-0.3.0/src/lib.rs:268:58
[INFO] [stdout]     |
[INFO] [stdout] 268 |             Some(ref fmt) => Arguments::new_v1_formatted(&pieces, &self.inner.args, fmt),
[INFO] [stdout]     |                                                          ^^^^^^^
[INFO] [stdout]     = note: expected `&[&'static str]`
[INFO] [stdout]                found `&[&str]`
[INFO] [stdout] 
[INFO] [stdout] 
[INFO] [stderr]     Checking tar v0.4.14
[INFO] [stderr]     Checking mmap v0.1.1
[INFO] [stderr] error: failed to run custom build command for `squash-sys v0.9.0`
[INFO] [stderr] 
[INFO] [stderr] Caused by:
[INFO] [stderr]   process didn't exit successfully: `/opt/rustwide/target/debug/build/squash-sys-d2881619c356f5fb/build-script-build` (exit status: 101)
[INFO] [stderr]   --- stderr
[INFO] [stderr]   thread 'main' panicked at 'called `Result::unwrap()` on an `Err` value: "`\"pkg-config\" \"--libs\" \"--cflags\" \"squash-0.8\"` did not exit successfully: exit status: 1\n--- stderr\nPackage squash-0.8 was not found in the pkg-config search path.\nPerhaps you should add the directory containing `squash-0.8.pc'\nto the PKG_CONFIG_PATH environment variable\nNo package 'squash-0.8' found\n"', /opt/rustwide/cargo-home/registry/src/github.com-1ecc6299db9ec823/squash-sys-0.9.0/build.rs:4:44
[INFO] [stderr]   stack backtrace:
[INFO] [stderr]      0:     0x56023c114b60 - std::backtrace_rs::backtrace::libunwind::trace::ha0ad43e8a952bfe7
[INFO] [stderr]                                  at /rustc/c8dfcfe046a7680554bf4eb612bad840e7631c4b/library/std/src/../../backtrace/src/backtrace/libunwind.rs:90:5
[INFO] [stderr]      1:     0x56023c114b60 - std::backtrace_rs::backtrace::trace_unsynchronized::h6830419c0c4130dc
[INFO] [stderr]                                  at /rustc/c8dfcfe046a7680554bf4eb612bad840e7631c4b/library/std/src/../../backtrace/src/backtrace/mod.rs:66:5
[INFO] [stderr]      2:     0x56023c114b60 - std::sys_common::backtrace::_print_fmt::h8f3516631ffa1ef5
[INFO] [stderr]                                  at /rustc/c8dfcfe046a7680554bf4eb612bad840e7631c4b/library/std/src/sys_common/backtrace.rs:67:5
[INFO] [stderr]      3:     0x56023c114b60 - <std::sys_common::backtrace::_print::DisplayBacktrace as core::fmt::Display>::fmt::he1640d5f0d93f618
[INFO] [stderr]                                  at /rustc/c8dfcfe046a7680554bf4eb612bad840e7631c4b/library/std/src/sys_common/backtrace.rs:46:22
[INFO] [stderr]      4:     0x56023c13260c - core::fmt::write::h88012e1f01caeebf
[INFO] [stderr]                                  at /rustc/c8dfcfe046a7680554bf4eb612bad840e7631c4b/library/core/src/fmt/mod.rs:1115:17
[INFO] [stderr]      5:     0x56023c1126d5 - std::io::Write::write_fmt::h360fa85b30182555
[INFO] [stderr]                                  at /rustc/c8dfcfe046a7680554bf4eb612bad840e7631c4b/library/std/src/io/mod.rs:1665:15
[INFO] [stderr]      6:     0x56023c11693b - std::sys_common::backtrace::_print::ha1f00492f406a015
[INFO] [stderr]                                  at /rustc/c8dfcfe046a7680554bf4eb612bad840e7631c4b/library/std/src/sys_common/backtrace.rs:49:5
[INFO] [stderr]      7:     0x56023c11693b - std::sys_common::backtrace::print::hd54561b13feb6af3
[INFO] [stderr]                                  at /rustc/c8dfcfe046a7680554bf4eb612bad840e7631c4b/library/std/src/sys_common/backtrace.rs:36:9
[INFO] [stderr]      8:     0x56023c11693b - std::panicking::default_hook::{{closure}}::h84fe124cd0864662
[INFO] [stderr]                                  at /rustc/c8dfcfe046a7680554bf4eb612bad840e7631c4b/library/std/src/panicking.rs:208:50
[INFO] [stderr]      9:     0x56023c116411 - std::panicking::default_hook::h5a8e74a76ce290a7
[INFO] [stderr]                                  at /rustc/c8dfcfe046a7680554bf4eb612bad840e7631c4b/library/std/src/panicking.rs:225:9
[INFO] [stderr]     10:     0x56023c117004 - std::panicking::rust_panic_with_hook::h67c812a4fe9d4c91
[INFO] [stderr]                                  at /rustc/c8dfcfe046a7680554bf4eb612bad840e7631c4b/library/std/src/panicking.rs:622:17
[INFO] [stderr]     11:     0x56023c116ae7 - std::panicking::begin_panic_handler::{{closure}}::h33f9c1b96af300d7
[INFO] [stderr]                                  at /rustc/c8dfcfe046a7680554bf4eb612bad840e7631c4b/library/std/src/panicking.rs:519:13
[INFO] [stderr]     12:     0x56023c11505c - std::sys_common::backtrace::__rust_end_short_backtrace::h51bae64be5921f0e
[INFO] [stderr]                                  at /rustc/c8dfcfe046a7680554bf4eb612bad840e7631c4b/library/std/src/sys_common/backtrace.rs:141:18
[INFO] [stderr]     13:     0x56023c116a49 - rust_begin_unwind
[INFO] [stderr]                                  at /rustc/c8dfcfe046a7680554bf4eb612bad840e7631c4b/library/std/src/panicking.rs:515:5
[INFO] [stderr]     14:     0x56023c0e61f1 - core::panicking::panic_fmt::h12a3a3c256485fca
[INFO] [stderr]                                  at /rustc/c8dfcfe046a7680554bf4eb612bad840e7631c4b/library/core/src/panicking.rs:92:14
[INFO] [stderr]     15:     0x56023c0e6283 - core::result::unwrap_failed::h2d8d0952e3250de9
[INFO] [stderr]                                  at /rustc/c8dfcfe046a7680554bf4eb612bad840e7631c4b/library/core/src/result.rs:1599:5
[INFO] [stderr]     16:     0x56023c0e6a94 - core::result::Result<T,E>::unwrap::h71000c75c91567bb
[INFO] [stderr]                                  at /rustc/c8dfcfe046a7680554bf4eb612bad840e7631c4b/library/core/src/result.rs:1281:23
[INFO] [stderr]     17:     0x56023c0e6dc8 - build_script_build::main::hc86b279211f4f277
[INFO] [stderr]                                  at /opt/rustwide/cargo-home/registry/src/github.com-1ecc6299db9ec823/squash-sys-0.9.0/build.rs:4:5
[INFO] [stderr]     18:     0x56023c0e6bbb - core::ops::function::FnOnce::call_once::h5884049ef76a3858
[INFO] [stderr]                                  at /rustc/c8dfcfe046a7680554bf4eb612bad840e7631c4b/library/core/src/ops/function.rs:227:5
[INFO] [stderr]     19:     0x56023c0e6d2e - std::sys_common::backtrace::__rust_begin_short_backtrace::h4584d0ef1b0edbbc
[INFO] [stderr]                                  at /rustc/c8dfcfe046a7680554bf4eb612bad840e7631c4b/library/std/src/sys_common/backtrace.rs:125:18
[INFO] [stderr]     20:     0x56023c0e6cc1 - std::rt::lang_start::{{closure}}::hda0980a3407e9f3d
[INFO] [stderr]                                  at /rustc/c8dfcfe046a7680554bf4eb612bad840e7631c4b/library/std/src/rt.rs:63:18
[INFO] [stderr]     21:     0x56023c11750a - core::ops::function::impls::<impl core::ops::function::FnOnce<A> for &F>::call_once::ha9408abe89f69dc4
[INFO] [stderr]                                  at /rustc/c8dfcfe046a7680554bf4eb612bad840e7631c4b/library/core/src/ops/function.rs:259:13
[INFO] [stderr]     22:     0x56023c11750a - std::panicking::try::do_call::h5b0cc9e9102acb65
[INFO] [stderr]                                  at /rustc/c8dfcfe046a7680554bf4eb612bad840e7631c4b/library/std/src/panicking.rs:401:40
[INFO] [stderr]     23:     0x56023c11750a - std::panicking::try::hddc7f8229138b3ba
[INFO] [stderr]                                  at /rustc/c8dfcfe046a7680554bf4eb612bad840e7631c4b/library/std/src/panicking.rs:365:19
[INFO] [stderr]     24:     0x56023c11750a - std::panic::catch_unwind::hfa401ff8bab2986e
[INFO] [stderr]                                  at /rustc/c8dfcfe046a7680554bf4eb612bad840e7631c4b/library/std/src/panic.rs:434:14
[INFO] [stderr]     25:     0x56023c11750a - std::rt::lang_start_internal::{{closure}}::h8163422320d11405
[INFO] [stderr]                                  at /rustc/c8dfcfe046a7680554bf4eb612bad840e7631c4b/library/std/src/rt.rs:45:48
[INFO] [stderr]     26:     0x56023c11750a - std::panicking::try::do_call::hc742cc7bb4f0fb20
[INFO] [stderr]                                  at /rustc/c8dfcfe046a7680554bf4eb612bad840e7631c4b/library/std/src/panicking.rs:401:40
[INFO] [stderr]     27:     0x56023c11750a - std::panicking::try::ha37d8d2dd1acf7d3
[INFO] [stderr]                                  at /rustc/c8dfcfe046a7680554bf4eb612bad840e7631c4b/library/std/src/panicking.rs:365:19
[INFO] [stderr]     28:     0x56023c11750a - std::panic::catch_unwind::h8a5381d5ecf437bc
[INFO] [stderr]                                  at /rustc/c8dfcfe046a7680554bf4eb612bad840e7631c4b/library/std/src/panic.rs:434:14
[INFO] [stderr]     29:     0x56023c11750a - std::rt::lang_start_internal::h7e2cee8c90d4a4d3
[INFO] [stderr]                                  at /rustc/c8dfcfe046a7680554bf4eb612bad840e7631c4b/library/std/src/rt.rs:45:20
[INFO] [stderr]     30:     0x56023c0e6c90 - std::rt::lang_start::h4bf6e3c31b49eea5
[INFO] [stderr]                                  at /rustc/c8dfcfe046a7680554bf4eb612bad840e7631c4b/library/std/src/rt.rs:62:5
[INFO] [stderr]     31:     0x56023c0e6dfc - main
[INFO] [stderr]     32:     0x7f791d7950b3 - __libc_start_main
[INFO] [stderr]     33:     0x56023c0e694e - _start
[INFO] [stderr]     34:                0x0 - <unknown>
[INFO] [stderr] warning: build failed, waiting for other jobs to finish...
[INFO] [stdout] error[E0599]: no method named `is_xid_start` found for type `char` in the current scope
[INFO] [stdout]    --> /opt/rustwide/cargo-home/registry/src/github.com-1ecc6299db9ec823/runtime-fmt-0.3.0/src/fmt_macros.rs:422:34
[INFO] [stdout]     |
[INFO] [stdout] 422 |             Some(&(pos, c)) if c.is_xid_start() => {
[INFO] [stdout]     |                                  ^^^^^^^^^^^^ method not found in `char`
[INFO] [stdout] 
[INFO] [stdout] 
[INFO] [stdout] error[E0599]: no method named `is_xid_continue` found for type `char` in the current scope
[INFO] [stdout]    --> /opt/rustwide/cargo-home/registry/src/github.com-1ecc6299db9ec823/runtime-fmt-0.3.0/src/fmt_macros.rs:431:18
[INFO] [stdout]     |
[INFO] [stdout] 431 |             if c.is_xid_continue() {
[INFO] [stdout]     |                  ^^^^^^^^^^^^^^^ method not found in `char`
[INFO] [stdout] 
[INFO] [stdout] 
[INFO] [stdout] error: aborting due to 12 previous errors
[INFO] [stdout] 
[INFO] [stdout] 
[INFO] [stdout] Some errors have detailed explanations: E0433, E0495, E0554, E0599.
[INFO] [stdout] 
[INFO] [stdout] For more information about an error, try `rustc --explain E0433`.
[INFO] [stdout] 
[INFO] [stderr] error: build failed
[INFO] running `Command { std: "docker" "inspect" "284ab1e970631afe7cc0c0b23c718c9eeab2336743b243b34fe642ceef3d3e88", kill_on_drop: false }`
[INFO] running `Command { std: "docker" "rm" "-f" "284ab1e970631afe7cc0c0b23c718c9eeab2336743b243b34fe642ceef3d3e88", kill_on_drop: false }`
[INFO] [stdout] 284ab1e970631afe7cc0c0b23c718c9eeab2336743b243b34fe642ceef3d3e88
