[INFO] cloning repository https://github.com/dsherret/win_pseudo_console_test
[INFO] running `Command { std: "git" "-c" "credential.helper=" "-c" "credential.helper=/workspace/cargo-home/bin/git-credential-null" "clone" "--bare" "https://github.com/dsherret/win_pseudo_console_test" "/workspace/cache/git-repos/https%3A%2F%2Fgithub.com%2Fdsherret%2Fwin_pseudo_console_test", kill_on_drop: false }`
[INFO] [stderr] Cloning into bare repository '/workspace/cache/git-repos/https%3A%2F%2Fgithub.com%2Fdsherret%2Fwin_pseudo_console_test'...
[INFO] running `Command { std: "git" "rev-parse" "HEAD", kill_on_drop: false }`
[INFO] [stdout] ff6c247b1cfcad886f11a1de61b643aa12b296f2
[INFO] checking dsherret/win_pseudo_console_test against 1.55.0 for beta-1.56-3
[INFO] running `Command { std: "git" "clone" "/workspace/cache/git-repos/https%3A%2F%2Fgithub.com%2Fdsherret%2Fwin_pseudo_console_test" "/workspace/builds/worker-2/source", kill_on_drop: false }`
[INFO] [stderr] Cloning into '/workspace/builds/worker-2/source'...
[INFO] [stderr] done.
[INFO] validating manifest of git repo https://github.com/dsherret/win_pseudo_console_test on toolchain 1.55.0
[INFO] running `Command { std: "/workspace/cargo-home/bin/cargo" "+1.55.0" "metadata" "--manifest-path" "Cargo.toml" "--no-deps", kill_on_drop: false }`
[INFO] started tweaking git repo https://github.com/dsherret/win_pseudo_console_test
[INFO] finished tweaking git repo https://github.com/dsherret/win_pseudo_console_test
[INFO] tweaked toml for git repo https://github.com/dsherret/win_pseudo_console_test written to /workspace/builds/worker-2/source/Cargo.toml
[INFO] crate git repo https://github.com/dsherret/win_pseudo_console_test already has a lockfile, it will not be regenerated
[INFO] running `Command { std: "/workspace/cargo-home/bin/cargo" "+1.55.0" "fetch" "--manifest-path" "Cargo.toml", kill_on_drop: false }`
[INFO] running `Command { std: "docker" "create" "-v" "/var/lib/crater-agent-workspace/builds/worker-2/target:/opt/rustwide/target:rw,Z" "-v" "/var/lib/crater-agent-workspace/builds/worker-2/source:/opt/rustwide/workdir:ro,Z" "-v" "/var/lib/crater-agent-workspace/cargo-home:/opt/rustwide/cargo-home:ro,Z" "-v" "/var/lib/crater-agent-workspace/rustup-home:/opt/rustwide/rustup-home:ro,Z" "-e" "SOURCE_DIR=/opt/rustwide/workdir" "-e" "CARGO_TARGET_DIR=/opt/rustwide/target" "-e" "CARGO_HOME=/opt/rustwide/cargo-home" "-e" "RUSTUP_HOME=/opt/rustwide/rustup-home" "-w" "/opt/rustwide/workdir" "-m" "1610612736" "--user" "0:0" "--network" "none" "ghcr.io/rust-lang/crates-build-env/linux@sha256:a89201d6b5b9fd45c15d5952ece0a0129e7e80cb26ec023fd59cf09bc26f1604" "/opt/rustwide/cargo-home/bin/cargo" "+1.55.0" "metadata" "--no-deps" "--format-version=1", kill_on_drop: false }`
[INFO] [stderr] WARNING: Your kernel does not support swap limit capabilities or the cgroup is not mounted. Memory limited without swap.
[INFO] [stdout] 60c3d30a93e9240fed759696650c2d6bb64556d587d97c07c750634e8161d894
[INFO] running `Command { std: "docker" "start" "-a" "60c3d30a93e9240fed759696650c2d6bb64556d587d97c07c750634e8161d894", kill_on_drop: false }`
[INFO] running `Command { std: "docker" "inspect" "60c3d30a93e9240fed759696650c2d6bb64556d587d97c07c750634e8161d894", kill_on_drop: false }`
[INFO] running `Command { std: "docker" "rm" "-f" "60c3d30a93e9240fed759696650c2d6bb64556d587d97c07c750634e8161d894", kill_on_drop: false }`
[INFO] [stdout] 60c3d30a93e9240fed759696650c2d6bb64556d587d97c07c750634e8161d894
[INFO] running `Command { std: "docker" "create" "-v" "/var/lib/crater-agent-workspace/builds/worker-2/target:/opt/rustwide/target:rw,Z" "-v" "/var/lib/crater-agent-workspace/builds/worker-2/source:/opt/rustwide/workdir:ro,Z" "-v" "/var/lib/crater-agent-workspace/cargo-home:/opt/rustwide/cargo-home:ro,Z" "-v" "/var/lib/crater-agent-workspace/rustup-home:/opt/rustwide/rustup-home:ro,Z" "-e" "SOURCE_DIR=/opt/rustwide/workdir" "-e" "CARGO_TARGET_DIR=/opt/rustwide/target" "-e" "CARGO_INCREMENTAL=0" "-e" "RUST_BACKTRACE=full" "-e" "RUSTFLAGS=--cap-lints=warn" "-e" "CARGO_HOME=/opt/rustwide/cargo-home" "-e" "RUSTUP_HOME=/opt/rustwide/rustup-home" "-w" "/opt/rustwide/workdir" "-m" "1610612736" "--user" "0:0" "--network" "none" "ghcr.io/rust-lang/crates-build-env/linux@sha256:a89201d6b5b9fd45c15d5952ece0a0129e7e80cb26ec023fd59cf09bc26f1604" "/opt/rustwide/cargo-home/bin/cargo" "+1.55.0" "check" "--frozen" "--all" "--all-targets" "--message-format=json", kill_on_drop: false }`
[INFO] [stderr] WARNING: Your kernel does not support swap limit capabilities or the cgroup is not mounted. Memory limited without swap.
[INFO] [stdout] 30072bb81f2a1f6cad540d5ed4d07a0a8f0c251a70eeec014d1c7a6352d379f8
[INFO] running `Command { std: "docker" "start" "-a" "30072bb81f2a1f6cad540d5ed4d07a0a8f0c251a70eeec014d1c7a6352d379f8", kill_on_drop: false }`
[INFO] [stderr]    Compiling winapi v0.3.9
[INFO] [stderr]     Checking pseudo_console_test v0.1.0 (/opt/rustwide/workdir)
[INFO] [stdout] error[E0433]: failed to resolve: could not find `shared` in `winapi`
[INFO] [stdout]  --> src/main.rs:6:13
[INFO] [stdout]   |
[INFO] [stdout] 6 | use winapi::shared::minwindef::FALSE;
[INFO] [stdout]   |             ^^^^^^ could not find `shared` in `winapi`
[INFO] [stdout] 
[INFO] [stdout] 
[INFO] [stdout] error[E0433]: failed to resolve: could not find `shared` in `winapi`
[INFO] [stdout]  --> src/main.rs:7:13
[INFO] [stdout]   |
[INFO] [stdout] 7 | use winapi::shared::minwindef::TRUE;
[INFO] [stdout]   |             ^^^^^^ could not find `shared` in `winapi`
[INFO] [stdout] 
[INFO] [stdout] 
[INFO] [stdout] error[E0433]: failed to resolve: could not find `shared` in `winapi`
[INFO] [stdout]  --> src/main.rs:8:13
[INFO] [stdout]   |
[INFO] [stdout] 8 | use winapi::shared::winerror::S_OK;
[INFO] [stdout]   |             ^^^^^^ could not find `shared` in `winapi`
[INFO] [stdout] 
[INFO] [stdout] 
[INFO] [stdout] error[E0433]: failed to resolve: could not find `um` in `winapi`
[INFO] [stdout]  --> src/main.rs:9:13
[INFO] [stdout]   |
[INFO] [stdout] 9 | use winapi::um::consoleapi::ClosePseudoConsole;
[INFO] [stdout]   |             ^^ could not find `um` in `winapi`
[INFO] [stdout] 
[INFO] [stdout] 
[INFO] [stdout] error[E0433]: failed to resolve: could not find `um` in `winapi`
[INFO] [stdout]   --> src/main.rs:10:13
[INFO] [stdout]    |
[INFO] [stdout] 10 | use winapi::um::consoleapi::CreatePseudoConsole;
[INFO] [stdout]    |             ^^ could not find `um` in `winapi`
[INFO] [stdout] 
[INFO] [stdout] 
[INFO] [stdout] error[E0433]: failed to resolve: could not find `um` in `winapi`
[INFO] [stdout]   --> src/main.rs:11:13
[INFO] [stdout]    |
[INFO] [stdout] 11 | use winapi::um::fileapi::ReadFile;
[INFO] [stdout]    |             ^^ could not find `um` in `winapi`
[INFO] [stdout] 
[INFO] [stdout] 
[INFO] [stdout] error[E0433]: failed to resolve: could not find `um` in `winapi`
[INFO] [stdout]   --> src/main.rs:12:13
[INFO] [stdout]    |
[INFO] [stdout] 12 | use winapi::um::fileapi::WriteFile;
[INFO] [stdout]    |             ^^ could not find `um` in `winapi`
[INFO] [stdout] 
[INFO] [stdout] 
[INFO] [stdout] error[E0433]: failed to resolve: could not find `um` in `winapi`
[INFO] [stdout]   --> src/main.rs:13:13
[INFO] [stdout]    |
[INFO] [stdout] 13 | use winapi::um::handleapi::CloseHandle;
[INFO] [stdout]    |             ^^ could not find `um` in `winapi`
[INFO] [stdout] 
[INFO] [stdout] 
[INFO] [stdout] error[E0433]: failed to resolve: could not find `um` in `winapi`
[INFO] [stdout]   --> src/main.rs:14:13
[INFO] [stdout]    |
[INFO] [stdout] 14 | use winapi::um::namedpipeapi::CreatePipe;
[INFO] [stdout]    |             ^^ could not find `um` in `winapi`
[INFO] [stdout] 
[INFO] [stdout] 
[INFO] [stdout] error[E0433]: failed to resolve: could not find `um` in `winapi`
[INFO] [stdout]   --> src/main.rs:15:13
[INFO] [stdout]    |
[INFO] [stdout] 15 | use winapi::um::processthreadsapi::CreateProcessW;
[INFO] [stdout]    |             ^^ could not find `um` in `winapi`
[INFO] [stdout] 
[INFO] [stdout] 
[INFO] [stdout] error[E0433]: failed to resolve: could not find `um` in `winapi`
[INFO] [stdout]   --> src/main.rs:16:13
[INFO] [stdout]    |
[INFO] [stdout] 16 | use winapi::um::processthreadsapi::DeleteProcThreadAttributeList;
[INFO] [stdout]    |             ^^ could not find `um` in `winapi`
[INFO] [stdout] 
[INFO] [stdout] 
[INFO] [stdout] error[E0433]: failed to resolve: could not find `um` in `winapi`
[INFO] [stdout]   --> src/main.rs:17:13
[INFO] [stdout]    |
[INFO] [stdout] 17 | use winapi::um::processthreadsapi::InitializeProcThreadAttributeList;
[INFO] [stdout]    |             ^^ could not find `um` in `winapi`
[INFO] [stdout] 
[INFO] [stdout] 
[INFO] [stdout] error[E0433]: failed to resolve: could not find `um` in `winapi`
[INFO] [stdout]   --> src/main.rs:18:13
[INFO] [stdout]    |
[INFO] [stdout] 18 | use winapi::um::processthreadsapi::UpdateProcThreadAttribute;
[INFO] [stdout]    |             ^^ could not find `um` in `winapi`
[INFO] [stdout] 
[INFO] [stdout] 
[INFO] [stdout] error[E0433]: failed to resolve: could not find `um` in `winapi`
[INFO] [stdout]   --> src/main.rs:19:13
[INFO] [stdout]    |
[INFO] [stdout] 19 | use winapi::um::processthreadsapi::LPPROC_THREAD_ATTRIBUTE_LIST;
[INFO] [stdout]    |             ^^ could not find `um` in `winapi`
[INFO] [stdout] 
[INFO] [stdout] 
[INFO] [stdout] error[E0433]: failed to resolve: could not find `um` in `winapi`
[INFO] [stdout]   --> src/main.rs:20:13
[INFO] [stdout]    |
[INFO] [stdout] 20 | use winapi::um::processthreadsapi::PROCESS_INFORMATION;
[INFO] [stdout]    |             ^^ could not find `um` in `winapi`
[INFO] [stdout] 
[INFO] [stdout] 
[INFO] [stdout] error[E0433]: failed to resolve: could not find `um` in `winapi`
[INFO] [stdout]   --> src/main.rs:21:13
[INFO] [stdout]    |
[INFO] [stdout] 21 | use winapi::um::winbase::CREATE_UNICODE_ENVIRONMENT;
[INFO] [stdout]    |             ^^ could not find `um` in `winapi`
[INFO] [stdout] 
[INFO] [stdout] 
[INFO] [stdout] error[E0433]: failed to resolve: could not find `um` in `winapi`
[INFO] [stdout]   --> src/main.rs:22:13
[INFO] [stdout]    |
[INFO] [stdout] 22 | use winapi::um::winbase::EXTENDED_STARTUPINFO_PRESENT;
[INFO] [stdout]    |             ^^ could not find `um` in `winapi`
[INFO] [stdout] 
[INFO] [stdout] 
[INFO] [stdout] error[E0433]: failed to resolve: could not find `um` in `winapi`
[INFO] [stdout]   --> src/main.rs:23:13
[INFO] [stdout]    |
[INFO] [stdout] 23 | use winapi::um::winbase::STARTUPINFOEXW;
[INFO] [stdout]    |             ^^ could not find `um` in `winapi`
[INFO] [stdout] 
[INFO] [stdout] 
[INFO] [stdout] error[E0433]: failed to resolve: could not find `um` in `winapi`
[INFO] [stdout]   --> src/main.rs:24:13
[INFO] [stdout]    |
[INFO] [stdout] 24 | use winapi::um::wincontypes::COORD;
[INFO] [stdout]    |             ^^ could not find `um` in `winapi`
[INFO] [stdout] 
[INFO] [stdout] 
[INFO] [stdout] error[E0433]: failed to resolve: could not find `um` in `winapi`
[INFO] [stdout]   --> src/main.rs:25:13
[INFO] [stdout]    |
[INFO] [stdout] 25 | use winapi::um::wincontypes::HPCON;
[INFO] [stdout]    |             ^^ could not find `um` in `winapi`
[INFO] [stdout] 
[INFO] [stdout] 
[INFO] [stdout] error[E0433]: failed to resolve: could not find `um` in `winapi`
[INFO] [stdout]   --> src/main.rs:26:13
[INFO] [stdout]    |
[INFO] [stdout] 26 | use winapi::um::winnt::HANDLE;
[INFO] [stdout]    |             ^^ could not find `um` in `winapi`
[INFO] [stdout] 
[INFO] [stdout] 
[INFO] [stdout] error[E0433]: failed to resolve: could not find `windows` in `os`
[INFO] [stdout]    --> src/main.rs:279:16
[INFO] [stdout]     |
[INFO] [stdout] 279 |   use std::os::windows::prelude::OsStrExt;
[INFO] [stdout]     |                ^^^^^^^ could not find `windows` in `os`
[INFO] [stdout] 
[INFO] [stdout] 
[INFO] [stdout] error[E0412]: cannot find type `HANDLE` in this scope
[INFO] [stdout]   --> src/main.rs:53:20
[INFO] [stdout]    |
[INFO] [stdout] 53 |   pub read_handle: HANDLE,
[INFO] [stdout]    |                    ^^^^^^ not found in this scope
[INFO] [stdout] 
[INFO] [stdout] 
[INFO] [stdout] error[E0412]: cannot find type `HANDLE` in this scope
[INFO] [stdout]   --> src/main.rs:54:21
[INFO] [stdout]    |
[INFO] [stdout] 54 |   pub write_handle: HANDLE,
[INFO] [stdout]    |                     ^^^^^^ not found in this scope
[INFO] [stdout] 
[INFO] [stdout] 
[INFO] [stdout] error[E0425]: cannot find function, tuple struct or tuple variant `CreatePipe` in this scope
[INFO] [stdout]   --> src/main.rs:64:9
[INFO] [stdout]    |
[INFO] [stdout] 64 |         CreatePipe(
[INFO] [stdout]    |         ^^^^^^^^^^ not found in this scope
[INFO] [stdout] 
[INFO] [stdout] 
[INFO] [stdout] error[E0425]: cannot find value `TRUE` in this scope
[INFO] [stdout]   --> src/main.rs:70:9
[INFO] [stdout]    |
[INFO] [stdout] 70 |         TRUE
[INFO] [stdout]    |         ^^^^ not found in this scope
[INFO] [stdout] 
[INFO] [stdout] 
[INFO] [stdout] error[E0425]: cannot find function, tuple struct or tuple variant `CloseHandle` in this scope
[INFO] [stdout]   --> src/main.rs:84:7
[INFO] [stdout]    |
[INFO] [stdout] 84 |       CloseHandle(self.read_handle);
[INFO] [stdout]    |       ^^^^^^^^^^^ not found in this scope
[INFO] [stdout] 
[INFO] [stdout] 
[INFO] [stdout] error[E0425]: cannot find function, tuple struct or tuple variant `CloseHandle` in this scope
[INFO] [stdout]   --> src/main.rs:85:7
[INFO] [stdout]    |
[INFO] [stdout] 85 |       CloseHandle(self.write_handle);
[INFO] [stdout]    |       ^^^^^^^^^^^ not found in this scope
[INFO] [stdout] 
[INFO] [stdout] 
[INFO] [stdout] error[E0412]: cannot find type `HANDLE` in this scope
[INFO] [stdout]   --> src/main.rs:93:19
[INFO] [stdout]    |
[INFO] [stdout] 93 |   process_handle: HANDLE,
[INFO] [stdout]    |                   ^^^^^^ not found in this scope
[INFO] [stdout] 
[INFO] [stdout] 
[INFO] [stdout] error[E0412]: cannot find type `HANDLE` in this scope
[INFO] [stdout]   --> src/main.rs:94:18
[INFO] [stdout]    |
[INFO] [stdout] 94 |   thread_handle: HANDLE,
[INFO] [stdout]    |                  ^^^^^^ not found in this scope
[INFO] [stdout] 
[INFO] [stdout] 
[INFO] [stdout] error[E0412]: cannot find type `HPCON` in this scope
[INFO] [stdout]   --> src/main.rs:95:19
[INFO] [stdout]    |
[INFO] [stdout] 95 |   console_handle: HPCON,
[INFO] [stdout]    |                   ^^^^^ not found in this scope
[INFO] [stdout] 
[INFO] [stdout] 
[INFO] [stdout] error[E0412]: cannot find type `COORD` in this scope
[INFO] [stdout]    --> src/main.rs:102:21
[INFO] [stdout]     |
[INFO] [stdout] 102 |       let mut size: COORD = std::mem::zeroed();
[INFO] [stdout]     |                     ^^^^^ not found in this scope
[INFO] [stdout] 
[INFO] [stdout] 
[INFO] [stdout] error[E0425]: cannot find function, tuple struct or tuple variant `CreatePseudoConsole` in this scope
[INFO] [stdout]    --> src/main.rs:107:20
[INFO] [stdout]     |
[INFO] [stdout] 107 |       let result = CreatePseudoConsole(
[INFO] [stdout]     |                    ^^^^^^^^^^^^^^^^^^^ not found in this scope
[INFO] [stdout] 
[INFO] [stdout] 
[INFO] [stdout] error[E0425]: cannot find value `S_OK` in this scope
[INFO] [stdout]    --> src/main.rs:114:26
[INFO] [stdout]     |
[INFO] [stdout] 114 |       assert_eq!(result, S_OK);
[INFO] [stdout]     |                          ^^^^ not found in this scope
[INFO] [stdout] 
[INFO] [stdout] 
[INFO] [stdout] error[E0412]: cannot find type `STARTUPINFOEXW` in this scope
[INFO] [stdout]    --> src/main.rs:117:29
[INFO] [stdout]     |
[INFO] [stdout] 117 |       let mut startup_info: STARTUPINFOEXW = std::mem::zeroed();
[INFO] [stdout]     |                             ^^^^^^^^^^^^^^ not found in this scope
[INFO] [stdout] 
[INFO] [stdout] 
[INFO] [stdout] error[E0412]: cannot find type `STARTUPINFOEXW` in this scope
[INFO] [stdout]    --> src/main.rs:119:29
[INFO] [stdout]     |
[INFO] [stdout] 98  | impl PseudoConsole {
[INFO] [stdout]     |     - help: you might be missing a type parameter: `<STARTUPINFOEXW>`
[INFO] [stdout] ...
[INFO] [stdout] 119 |         std::mem::size_of::<STARTUPINFOEXW>() as u32;
[INFO] [stdout]     |                             ^^^^^^^^^^^^^^ not found in this scope
[INFO] [stdout] 
[INFO] [stdout] 
[INFO] [stdout] error[E0412]: cannot find type `PROCESS_INFORMATION` in this scope
[INFO] [stdout]    --> src/main.rs:122:26
[INFO] [stdout]     |
[INFO] [stdout] 122 |       let mut proc_info: PROCESS_INFORMATION = std::mem::zeroed();
[INFO] [stdout]     |                          ^^^^^^^^^^^^^^^^^^^ not found in this scope
[INFO] [stdout] 
[INFO] [stdout] 
[INFO] [stdout] error[E0425]: cannot find function, tuple struct or tuple variant `CreateProcessW` in this scope
[INFO] [stdout]    --> src/main.rs:125:9
[INFO] [stdout]     |
[INFO] [stdout] 125 |         CreateProcessW(
[INFO] [stdout]     |         ^^^^^^^^^^^^^^ not found in this scope
[INFO] [stdout] 
[INFO] [stdout] 
[INFO] [stdout] error[E0425]: cannot find value `FALSE` in this scope
[INFO] [stdout]    --> src/main.rs:130:11
[INFO] [stdout]     |
[INFO] [stdout] 130 |           FALSE,
[INFO] [stdout]     |           ^^^^^ not found in this scope
[INFO] [stdout] 
[INFO] [stdout] 
[INFO] [stdout] error[E0425]: cannot find value `EXTENDED_STARTUPINFO_PRESENT` in this scope
[INFO] [stdout]    --> src/main.rs:131:11
[INFO] [stdout]     |
[INFO] [stdout] 131 |           EXTENDED_STARTUPINFO_PRESENT | CREATE_UNICODE_ENVIRONMENT,
[INFO] [stdout]     |           ^^^^^^^^^^^^^^^^^^^^^^^^^^^^ not found in this scope
[INFO] [stdout] 
[INFO] [stdout] 
[INFO] [stdout] error[E0425]: cannot find value `CREATE_UNICODE_ENVIRONMENT` in this scope
[INFO] [stdout]    --> src/main.rs:131:42
[INFO] [stdout]     |
[INFO] [stdout] 131 |           EXTENDED_STARTUPINFO_PRESENT | CREATE_UNICODE_ENVIRONMENT,
[INFO] [stdout]     |                                          ^^^^^^^^^^^^^^^^^^^^^^^^^^ not found in this scope
[INFO] [stdout] 
[INFO] [stdout] 
[INFO] [stdout] error[E0425]: cannot find value `TRUE` in this scope
[INFO] [stdout]    --> src/main.rs:137:9
[INFO] [stdout]     |
[INFO] [stdout] 137 |         TRUE
[INFO] [stdout]     |         ^^^^ not found in this scope
[INFO] [stdout] 
[INFO] [stdout] 
[INFO] [stdout] error[E0425]: cannot find function, tuple struct or tuple variant `CloseHandle` in this scope
[INFO] [stdout]    --> src/main.rs:141:7
[INFO] [stdout]     |
[INFO] [stdout] 141 |       CloseHandle(stdin.read_handle);
[INFO] [stdout]     |       ^^^^^^^^^^^ not found in this scope
[INFO] [stdout] 
[INFO] [stdout] 
[INFO] [stdout] error[E0425]: cannot find function, tuple struct or tuple variant `CloseHandle` in this scope
[INFO] [stdout]    --> src/main.rs:142:7
[INFO] [stdout]     |
[INFO] [stdout] 142 |       CloseHandle(stdout.write_handle);
[INFO] [stdout]     |       ^^^^^^^^^^^ not found in this scope
[INFO] [stdout] 
[INFO] [stdout] 
[INFO] [stdout] error[E0425]: cannot find function, tuple struct or tuple variant `WriteFile` in this scope
[INFO] [stdout]    --> src/main.rs:164:11
[INFO] [stdout]     |
[INFO] [stdout] 164 |           WriteFile(
[INFO] [stdout]     |           ^^^^^^^^^ not found in this scope
[INFO] [stdout] 
[INFO] [stdout] 
[INFO] [stdout] error[E0425]: cannot find value `TRUE` in this scope
[INFO] [stdout]    --> src/main.rs:171:11
[INFO] [stdout]     |
[INFO] [stdout] 171 |           TRUE
[INFO] [stdout]     |           ^^^^ not found in this scope
[INFO] [stdout] 
[INFO] [stdout] 
[INFO] [stdout] error[E0425]: cannot find function, tuple struct or tuple variant `ClosePseudoConsole` in this scope
[INFO] [stdout]    --> src/main.rs:186:7
[INFO] [stdout]     |
[INFO] [stdout] 186 |       ClosePseudoConsole(self.console_handle);
[INFO] [stdout]     |       ^^^^^^^^^^^^^^^^^^ not found in this scope
[INFO] [stdout] 
[INFO] [stdout] 
[INFO] [stdout] error[E0425]: cannot find function, tuple struct or tuple variant `CloseHandle` in this scope
[INFO] [stdout]    --> src/main.rs:187:7
[INFO] [stdout]     |
[INFO] [stdout] 187 |       CloseHandle(self.thread_handle);
[INFO] [stdout]     |       ^^^^^^^^^^^ not found in this scope
[INFO] [stdout] 
[INFO] [stdout] 
[INFO] [stdout] error[E0425]: cannot find function, tuple struct or tuple variant `CloseHandle` in this scope
[INFO] [stdout]    --> src/main.rs:188:7
[INFO] [stdout]     |
[INFO] [stdout] 188 |       CloseHandle(self.process_handle);
[INFO] [stdout]     |       ^^^^^^^^^^^ not found in this scope
[INFO] [stdout] 
[INFO] [stdout] 
[INFO] [stdout] error[E0412]: cannot find type `HANDLE` in this scope
[INFO] [stdout]    --> src/main.rs:194:16
[INFO] [stdout]     |
[INFO] [stdout] 194 |   read_handle: HANDLE,
[INFO] [stdout]     |                ^^^^^^ not found in this scope
[INFO] [stdout] 
[INFO] [stdout] 
[INFO] [stdout] error[E0425]: cannot find function, tuple struct or tuple variant `ReadFile` in this scope
[INFO] [stdout]    --> src/main.rs:202:9
[INFO] [stdout]     |
[INFO] [stdout] 202 |         ReadFile(
[INFO] [stdout]     |         ^^^^^^^^ not found in this scope
[INFO] [stdout] 
[INFO] [stdout] 
[INFO] [stdout] error[E0425]: cannot find value `TRUE` in this scope
[INFO] [stdout]    --> src/main.rs:209:9
[INFO] [stdout]     |
[INFO] [stdout] 209 |         TRUE
[INFO] [stdout]     |         ^^^^ not found in this scope
[INFO] [stdout] 
[INFO] [stdout] 
[INFO] [stdout] error[E0412]: cannot find type `HPCON` in this scope
[INFO] [stdout]    --> src/main.rs:221:30
[INFO] [stdout]     |
[INFO] [stdout] 221 |   pub fn new(console_handle: HPCON) -> Self {
[INFO] [stdout]     |                              ^^^^^ not found in this scope
[INFO] [stdout] 
[INFO] [stdout] 
[INFO] [stdout] error[E0425]: cannot find function, tuple struct or tuple variant `InitializeProcThreadAttributeList` in this scope
[INFO] [stdout]    --> src/main.rs:227:9
[INFO] [stdout]     |
[INFO] [stdout] 227 |         InitializeProcThreadAttributeList(
[INFO] [stdout]     |         ^^^^^^^^^^^^^^^^^^^^^^^^^^^^^^^^^ not found in this scope
[INFO] [stdout] 
[INFO] [stdout] 
[INFO] [stdout] error[E0425]: cannot find value `FALSE` in this scope
[INFO] [stdout]    --> src/main.rs:233:9
[INFO] [stdout]     |
[INFO] [stdout] 233 |         FALSE
[INFO] [stdout]     |         ^^^^^ not found in this scope
[INFO] [stdout] 
[INFO] [stdout] 
[INFO] [stdout] error[E0425]: cannot find function, tuple struct or tuple variant `InitializeProcThreadAttributeList` in this scope
[INFO] [stdout]    --> src/main.rs:240:9
[INFO] [stdout]     |
[INFO] [stdout] 240 |         InitializeProcThreadAttributeList(
[INFO] [stdout]     |         ^^^^^^^^^^^^^^^^^^^^^^^^^^^^^^^^^ not found in this scope
[INFO] [stdout] 
[INFO] [stdout] 
[INFO] [stdout] error[E0425]: cannot find value `TRUE` in this scope
[INFO] [stdout]    --> src/main.rs:246:9
[INFO] [stdout]     |
[INFO] [stdout] 246 |         TRUE
[INFO] [stdout]     |         ^^^^ not found in this scope
[INFO] [stdout] 
[INFO] [stdout] 
[INFO] [stdout] error[E0425]: cannot find function, tuple struct or tuple variant `UpdateProcThreadAttribute` in this scope
[INFO] [stdout]    --> src/main.rs:251:9
[INFO] [stdout]     |
[INFO] [stdout] 251 |         UpdateProcThreadAttribute(
[INFO] [stdout]     |         ^^^^^^^^^^^^^^^^^^^^^^^^^ not found in this scope
[INFO] [stdout] 
[INFO] [stdout] 
[INFO] [stdout] error[E0412]: cannot find type `HPCON` in this scope
[INFO] [stdout]    --> src/main.rs:256:31
[INFO] [stdout]     |
[INFO] [stdout] 220 | impl ProcThreadAttributeList {
[INFO] [stdout]     |     - help: you might be missing a type parameter: `<HPCON>`
[INFO] [stdout] ...
[INFO] [stdout] 256 |           std::mem::size_of::<HPCON>(),
[INFO] [stdout]     |                               ^^^^^ not found in this scope
[INFO] [stdout] 
[INFO] [stdout] 
[INFO] [stdout] error[E0425]: cannot find value `TRUE` in this scope
[INFO] [stdout]    --> src/main.rs:260:9
[INFO] [stdout]     |
[INFO] [stdout] 260 |         TRUE
[INFO] [stdout]     |         ^^^^ not found in this scope
[INFO] [stdout] 
[INFO] [stdout] 
[INFO] [stdout] error[E0412]: cannot find type `LPPROC_THREAD_ATTRIBUTE_LIST` in this scope
[INFO] [stdout]    --> src/main.rs:267:35
[INFO] [stdout]     |
[INFO] [stdout] 267 |   pub fn as_mut_ptr(&mut self) -> LPPROC_THREAD_ATTRIBUTE_LIST {
[INFO] [stdout]     |                                   ^^^^^^^^^^^^^^^^^^^^^^^^^^^^ not found in this scope
[INFO] [stdout] 
[INFO] [stdout] 
[INFO] [stdout] error[E0425]: cannot find function, tuple struct or tuple variant `DeleteProcThreadAttributeList` in this scope
[INFO] [stdout]    --> src/main.rs:274:14
[INFO] [stdout]     |
[INFO] [stdout] 274 |     unsafe { DeleteProcThreadAttributeList(self.as_mut_ptr()) };
[INFO] [stdout]     |              ^^^^^^^^^^^^^^^^^^^^^^^^^^^^^ not found in this scope
[INFO] [stdout] 
[INFO] [stdout] 
[INFO] [stdout] error[E0433]: failed to resolve: could not find `shared` in `winapi`
[INFO] [stdout]  --> src/main.rs:6:13
[INFO] [stdout]   |
[INFO] [stdout] 6 | use winapi::shared::minwindef::FALSE;
[INFO] [stdout]   |             ^^^^^^ could not find `shared` in `winapi`
[INFO] [stdout] 
[INFO] [stdout] 
[INFO] [stdout] error[E0433]: failed to resolve: could not find `shared` in `winapi`
[INFO] [stdout]  --> src/main.rs:7:13
[INFO] [stdout]   |
[INFO] [stdout] 7 | use winapi::shared::minwindef::TRUE;
[INFO] [stdout]   |             ^^^^^^ could not find `shared` in `winapi`
[INFO] [stdout] 
[INFO] [stdout] 
[INFO] [stdout] error[E0433]: failed to resolve: could not find `shared` in `winapi`
[INFO] [stdout]  --> src/main.rs:8:13
[INFO] [stdout]   |
[INFO] [stdout] 8 | use winapi::shared::winerror::S_OK;
[INFO] [stdout]   |             ^^^^^^ could not find `shared` in `winapi`
[INFO] [stdout] 
[INFO] [stdout] 
[INFO] [stdout] error[E0433]: failed to resolve: could not find `um` in `winapi`
[INFO] [stdout]  --> src/main.rs:9:13
[INFO] [stdout]   |
[INFO] [stdout] 9 | use winapi::um::consoleapi::ClosePseudoConsole;
[INFO] [stdout]   |             ^^ could not find `um` in `winapi`
[INFO] [stdout] 
[INFO] [stdout] 
[INFO] [stdout] error[E0433]: failed to resolve: could not find `um` in `winapi`
[INFO] [stdout]   --> src/main.rs:10:13
[INFO] [stdout]    |
[INFO] [stdout] 10 | use winapi::um::consoleapi::CreatePseudoConsole;
[INFO] [stdout]    |             ^^ could not find `um` in `winapi`
[INFO] [stdout] 
[INFO] [stdout] 
[INFO] [stdout] error[E0433]: failed to resolve: could not find `um` in `winapi`
[INFO] [stdout]   --> src/main.rs:11:13
[INFO] [stdout]    |
[INFO] [stdout] 11 | use winapi::um::fileapi::ReadFile;
[INFO] [stdout]    |             ^^ could not find `um` in `winapi`
[INFO] [stdout] 
[INFO] [stdout] 
[INFO] [stdout] error[E0433]: failed to resolve: could not find `um` in `winapi`
[INFO] [stdout]   --> src/main.rs:12:13
[INFO] [stdout]    |
[INFO] [stdout] 12 | use winapi::um::fileapi::WriteFile;
[INFO] [stdout]    |             ^^ could not find `um` in `winapi`
[INFO] [stdout] 
[INFO] [stdout] 
[INFO] [stdout] error[E0433]: failed to resolve: could not find `um` in `winapi`
[INFO] [stdout]   --> src/main.rs:13:13
[INFO] [stdout]    |
[INFO] [stdout] 13 | use winapi::um::handleapi::CloseHandle;
[INFO] [stdout]    |             ^^ could not find `um` in `winapi`
[INFO] [stdout] 
[INFO] [stdout] 
[INFO] [stdout] error[E0433]: failed to resolve: could not find `um` in `winapi`
[INFO] [stdout]   --> src/main.rs:14:13
[INFO] [stdout]    |
[INFO] [stdout] 14 | use winapi::um::namedpipeapi::CreatePipe;
[INFO] [stdout]    |             ^^ could not find `um` in `winapi`
[INFO] [stdout] 
[INFO] [stdout] 
[INFO] [stdout] error[E0433]: failed to resolve: could not find `um` in `winapi`
[INFO] [stdout]   --> src/main.rs:15:13
[INFO] [stdout]    |
[INFO] [stdout] 15 | use winapi::um::processthreadsapi::CreateProcessW;
[INFO] [stdout]    |             ^^ could not find `um` in `winapi`
[INFO] [stdout] 
[INFO] [stdout] 
[INFO] [stdout] error[E0433]: failed to resolve: could not find `um` in `winapi`
[INFO] [stdout]   --> src/main.rs:16:13
[INFO] [stdout]    |
[INFO] [stdout] 16 | use winapi::um::processthreadsapi::DeleteProcThreadAttributeList;
[INFO] [stdout]    |             ^^ could not find `um` in `winapi`
[INFO] [stdout] 
[INFO] [stdout] 
[INFO] [stdout] error[E0433]: failed to resolve: could not find `um` in `winapi`
[INFO] [stdout]   --> src/main.rs:17:13
[INFO] [stdout]    |
[INFO] [stdout] 17 | use winapi::um::processthreadsapi::InitializeProcThreadAttributeList;
[INFO] [stdout]    |             ^^ could not find `um` in `winapi`
[INFO] [stdout] 
[INFO] [stdout] 
[INFO] [stdout] error[E0433]: failed to resolve: could not find `um` in `winapi`
[INFO] [stdout]   --> src/main.rs:18:13
[INFO] [stdout]    |
[INFO] [stdout] 18 | use winapi::um::processthreadsapi::UpdateProcThreadAttribute;
[INFO] [stdout]    |             ^^ could not find `um` in `winapi`
[INFO] [stdout] 
[INFO] [stdout] 
[INFO] [stdout] error[E0433]: failed to resolve: could not find `um` in `winapi`
[INFO] [stdout]   --> src/main.rs:19:13
[INFO] [stdout]    |
[INFO] [stdout] 19 | use winapi::um::processthreadsapi::LPPROC_THREAD_ATTRIBUTE_LIST;
[INFO] [stdout]    |             ^^ could not find `um` in `winapi`
[INFO] [stdout] 
[INFO] [stdout] 
[INFO] [stdout] error[E0433]: failed to resolve: could not find `um` in `winapi`
[INFO] [stdout]   --> src/main.rs:20:13
[INFO] [stdout]    |
[INFO] [stdout] 20 | use winapi::um::processthreadsapi::PROCESS_INFORMATION;
[INFO] [stdout]    |             ^^ could not find `um` in `winapi`
[INFO] [stdout] 
[INFO] [stdout] 
[INFO] [stdout] error[E0433]: failed to resolve: could not find `um` in `winapi`
[INFO] [stdout]   --> src/main.rs:21:13
[INFO] [stdout]    |
[INFO] [stdout] 21 | use winapi::um::winbase::CREATE_UNICODE_ENVIRONMENT;
[INFO] [stdout]    |             ^^ could not find `um` in `winapi`
[INFO] [stdout] 
[INFO] [stdout] 
[INFO] [stdout] error[E0433]: failed to resolve: could not find `um` in `winapi`
[INFO] [stdout]   --> src/main.rs:22:13
[INFO] [stdout]    |
[INFO] [stdout] 22 | use winapi::um::winbase::EXTENDED_STARTUPINFO_PRESENT;
[INFO] [stdout]    |             ^^ could not find `um` in `winapi`
[INFO] [stdout] 
[INFO] [stdout] 
[INFO] [stdout] error[E0433]: failed to resolve: could not find `um` in `winapi`
[INFO] [stdout]   --> src/main.rs:23:13
[INFO] [stdout]    |
[INFO] [stdout] 23 | use winapi::um::winbase::STARTUPINFOEXW;
[INFO] [stdout]    |             ^^ could not find `um` in `winapi`
[INFO] [stdout] 
[INFO] [stdout] 
[INFO] [stdout] error[E0433]: failed to resolve: could not find `um` in `winapi`
[INFO] [stdout]   --> src/main.rs:24:13
[INFO] [stdout]    |
[INFO] [stdout] 24 | use winapi::um::wincontypes::COORD;
[INFO] [stdout]    |             ^^ could not find `um` in `winapi`
[INFO] [stdout] 
[INFO] [stdout] 
[INFO] [stdout] error[E0433]: failed to resolve: could not find `um` in `winapi`
[INFO] [stdout]   --> src/main.rs:25:13
[INFO] [stdout]    |
[INFO] [stdout] 25 | use winapi::um::wincontypes::HPCON;
[INFO] [stdout]    |             ^^ could not find `um` in `winapi`
[INFO] [stdout] 
[INFO] [stdout] 
[INFO] [stdout] error[E0433]: failed to resolve: could not find `um` in `winapi`
[INFO] [stdout]   --> src/main.rs:26:13
[INFO] [stdout]    |
[INFO] [stdout] 26 | use winapi::um::winnt::HANDLE;
[INFO] [stdout]    |             ^^ could not find `um` in `winapi`
[INFO] [stdout] 
[INFO] [stdout] 
[INFO] [stdout] error[E0433]: failed to resolve: could not find `windows` in `os`
[INFO] [stdout]    --> src/main.rs:279:16
[INFO] [stdout]     |
[INFO] [stdout] 279 |   use std::os::windows::prelude::OsStrExt;
[INFO] [stdout]     |                ^^^^^^^ could not find `windows` in `os`
[INFO] [stdout] 
[INFO] [stdout] 
[INFO] [stdout] error[E0412]: cannot find type `HANDLE` in this scope
[INFO] [stdout]   --> src/main.rs:53:20
[INFO] [stdout]    |
[INFO] [stdout] 53 |   pub read_handle: HANDLE,
[INFO] [stdout]    |                    ^^^^^^ not found in this scope
[INFO] [stdout] 
[INFO] [stdout] 
[INFO] [stdout] error[E0412]: cannot find type `HANDLE` in this scope
[INFO] [stdout]   --> src/main.rs:54:21
[INFO] [stdout]    |
[INFO] [stdout] 54 |   pub write_handle: HANDLE,
[INFO] [stdout]    |                     ^^^^^^ not found in this scope
[INFO] [stdout] 
[INFO] [stdout] 
[INFO] [stdout] error[E0425]: cannot find function, tuple struct or tuple variant `CreatePipe` in this scope
[INFO] [stdout]   --> src/main.rs:64:9
[INFO] [stdout]    |
[INFO] [stdout] 64 |         CreatePipe(
[INFO] [stdout]    |         ^^^^^^^^^^ not found in this scope
[INFO] [stdout] 
[INFO] [stdout] 
[INFO] [stdout] error[E0425]: cannot find value `TRUE` in this scope
[INFO] [stdout]   --> src/main.rs:70:9
[INFO] [stdout]    |
[INFO] [stdout] 70 |         TRUE
[INFO] [stdout]    |         ^^^^ not found in this scope
[INFO] [stdout] 
[INFO] [stdout] 
[INFO] [stdout] error[E0425]: cannot find function, tuple struct or tuple variant `CloseHandle` in this scope
[INFO] [stdout]   --> src/main.rs:84:7
[INFO] [stdout]    |
[INFO] [stdout] 84 |       CloseHandle(self.read_handle);
[INFO] [stdout]    |       ^^^^^^^^^^^ not found in this scope
[INFO] [stdout] 
[INFO] [stdout] 
[INFO] [stdout] error[E0425]: cannot find function, tuple struct or tuple variant `CloseHandle` in this scope
[INFO] [stdout]   --> src/main.rs:85:7
[INFO] [stdout]    |
[INFO] [stdout] 85 |       CloseHandle(self.write_handle);
[INFO] [stdout]    |       ^^^^^^^^^^^ not found in this scope
[INFO] [stdout] 
[INFO] [stdout] 
[INFO] [stdout] error[E0412]: cannot find type `HANDLE` in this scope
[INFO] [stdout]   --> src/main.rs:93:19
[INFO] [stdout]    |
[INFO] [stdout] 93 |   process_handle: HANDLE,
[INFO] [stdout]    |                   ^^^^^^ not found in this scope
[INFO] [stdout] 
[INFO] [stdout] 
[INFO] [stdout] error[E0412]: cannot find type `HANDLE` in this scope
[INFO] [stdout]   --> src/main.rs:94:18
[INFO] [stdout]    |
[INFO] [stdout] 94 |   thread_handle: HANDLE,
[INFO] [stdout]    |                  ^^^^^^ not found in this scope
[INFO] [stdout] 
[INFO] [stdout] 
[INFO] [stdout] error[E0412]: cannot find type `HPCON` in this scope
[INFO] [stdout]   --> src/main.rs:95:19
[INFO] [stdout]    |
[INFO] [stdout] 95 |   console_handle: HPCON,
[INFO] [stdout]    |                   ^^^^^ not found in this scope
[INFO] [stdout] 
[INFO] [stdout] 
[INFO] [stdout] error[E0412]: cannot find type `COORD` in this scope
[INFO] [stdout]    --> src/main.rs:102:21
[INFO] [stdout]     |
[INFO] [stdout] 102 |       let mut size: COORD = std::mem::zeroed();
[INFO] [stdout]     |                     ^^^^^ not found in this scope
[INFO] [stdout] 
[INFO] [stdout] 
[INFO] [stdout] error[E0425]: cannot find function, tuple struct or tuple variant `CreatePseudoConsole` in this scope
[INFO] [stdout]    --> src/main.rs:107:20
[INFO] [stdout]     |
[INFO] [stdout] 107 |       let result = CreatePseudoConsole(
[INFO] [stdout]     |                    ^^^^^^^^^^^^^^^^^^^ not found in this scope
[INFO] [stdout] 
[INFO] [stdout] 
[INFO] [stdout] error[E0425]: cannot find value `S_OK` in this scope
[INFO] [stdout]    --> src/main.rs:114:26
[INFO] [stdout]     |
[INFO] [stdout] 114 |       assert_eq!(result, S_OK);
[INFO] [stdout]     |                          ^^^^ not found in this scope
[INFO] [stdout] 
[INFO] [stdout] 
[INFO] [stdout] error[E0412]: cannot find type `STARTUPINFOEXW` in this scope
[INFO] [stdout]    --> src/main.rs:117:29
[INFO] [stdout]     |
[INFO] [stdout] 117 |       let mut startup_info: STARTUPINFOEXW = std::mem::zeroed();
[INFO] [stdout]     |                             ^^^^^^^^^^^^^^ not found in this scope
[INFO] [stdout] 
[INFO] [stdout] 
[INFO] [stdout] error[E0412]: cannot find type `STARTUPINFOEXW` in this scope
[INFO] [stdout]    --> src/main.rs:119:29
[INFO] [stdout]     |
[INFO] [stdout] 98  | impl PseudoConsole {
[INFO] [stdout]     |     - help: you might be missing a type parameter: `<STARTUPINFOEXW>`
[INFO] [stdout] ...
[INFO] [stdout] 119 |         std::mem::size_of::<STARTUPINFOEXW>() as u32;
[INFO] [stdout]     |                             ^^^^^^^^^^^^^^ not found in this scope
[INFO] [stdout] 
[INFO] [stdout] 
[INFO] [stdout] error[E0412]: cannot find type `PROCESS_INFORMATION` in this scope
[INFO] [stdout]    --> src/main.rs:122:26
[INFO] [stdout]     |
[INFO] [stdout] 122 |       let mut proc_info: PROCESS_INFORMATION = std::mem::zeroed();
[INFO] [stdout]     |                          ^^^^^^^^^^^^^^^^^^^ not found in this scope
[INFO] [stdout] 
[INFO] [stdout] 
[INFO] [stdout] error[E0425]: cannot find function, tuple struct or tuple variant `CreateProcessW` in this scope
[INFO] [stdout]    --> src/main.rs:125:9
[INFO] [stdout]     |
[INFO] [stdout] 125 |         CreateProcessW(
[INFO] [stdout]     |         ^^^^^^^^^^^^^^ not found in this scope
[INFO] [stdout] 
[INFO] [stdout] 
[INFO] [stdout] error[E0425]: cannot find value `FALSE` in this scope
[INFO] [stdout]    --> src/main.rs:130:11
[INFO] [stdout]     |
[INFO] [stdout] 130 |           FALSE,
[INFO] [stdout]     |           ^^^^^ not found in this scope
[INFO] [stdout] 
[INFO] [stdout] 
[INFO] [stdout] error[E0425]: cannot find value `EXTENDED_STARTUPINFO_PRESENT` in this scope
[INFO] [stdout]    --> src/main.rs:131:11
[INFO] [stdout]     |
[INFO] [stdout] 131 |           EXTENDED_STARTUPINFO_PRESENT | CREATE_UNICODE_ENVIRONMENT,
[INFO] [stdout]     |           ^^^^^^^^^^^^^^^^^^^^^^^^^^^^ not found in this scope
[INFO] [stdout] 
[INFO] [stdout] 
[INFO] [stdout] error[E0425]: cannot find value `CREATE_UNICODE_ENVIRONMENT` in this scope
[INFO] [stdout]    --> src/main.rs:131:42
[INFO] [stdout]     |
[INFO] [stdout] 131 |           EXTENDED_STARTUPINFO_PRESENT | CREATE_UNICODE_ENVIRONMENT,
[INFO] [stdout]     |                                          ^^^^^^^^^^^^^^^^^^^^^^^^^^ not found in this scope
[INFO] [stdout] 
[INFO] [stdout] 
[INFO] [stdout] error[E0425]: cannot find value `TRUE` in this scope
[INFO] [stdout]    --> src/main.rs:137:9
[INFO] [stdout]     |
[INFO] [stdout] 137 |         TRUE
[INFO] [stdout]     |         ^^^^ not found in this scope
[INFO] [stdout] 
[INFO] [stdout] 
[INFO] [stdout] error[E0425]: cannot find function, tuple struct or tuple variant `CloseHandle` in this scope
[INFO] [stdout]    --> src/main.rs:141:7
[INFO] [stdout]     |
[INFO] [stdout] 141 |       CloseHandle(stdin.read_handle);
[INFO] [stdout]     |       ^^^^^^^^^^^ not found in this scope
[INFO] [stdout] 
[INFO] [stdout] 
[INFO] [stdout] error[E0425]: cannot find function, tuple struct or tuple variant `CloseHandle` in this scope
[INFO] [stdout]    --> src/main.rs:142:7
[INFO] [stdout]     |
[INFO] [stdout] 142 |       CloseHandle(stdout.write_handle);
[INFO] [stdout]     |       ^^^^^^^^^^^ not found in this scope
[INFO] [stdout] 
[INFO] [stdout] 
[INFO] [stdout] error[E0425]: cannot find function, tuple struct or tuple variant `WriteFile` in this scope
[INFO] [stdout]    --> src/main.rs:164:11
[INFO] [stdout]     |
[INFO] [stdout] 164 |           WriteFile(
[INFO] [stdout]     |           ^^^^^^^^^ not found in this scope
[INFO] [stdout] 
[INFO] [stdout] 
[INFO] [stdout] error[E0425]: cannot find value `TRUE` in this scope
[INFO] [stdout]    --> src/main.rs:171:11
[INFO] [stdout]     |
[INFO] [stdout] 171 |           TRUE
[INFO] [stdout]     |           ^^^^ not found in this scope
[INFO] [stdout] 
[INFO] [stdout] 
[INFO] [stdout] error[E0425]: cannot find function, tuple struct or tuple variant `ClosePseudoConsole` in this scope
[INFO] [stdout]    --> src/main.rs:186:7
[INFO] [stdout]     |
[INFO] [stdout] 186 |       ClosePseudoConsole(self.console_handle);
[INFO] [stdout]     |       ^^^^^^^^^^^^^^^^^^ not found in this scope
[INFO] [stdout] 
[INFO] [stdout] 
[INFO] [stdout] error[E0425]: cannot find function, tuple struct or tuple variant `CloseHandle` in this scope
[INFO] [stdout]    --> src/main.rs:187:7
[INFO] [stdout]     |
[INFO] [stdout] 187 |       CloseHandle(self.thread_handle);
[INFO] [stdout]     |       ^^^^^^^^^^^ not found in this scope
[INFO] [stdout] 
[INFO] [stdout] 
[INFO] [stdout] error[E0425]: cannot find function, tuple struct or tuple variant `CloseHandle` in this scope
[INFO] [stdout]    --> src/main.rs:188:7
[INFO] [stdout]     |
[INFO] [stdout] 188 |       CloseHandle(self.process_handle);
[INFO] [stdout]     |       ^^^^^^^^^^^ not found in this scope
[INFO] [stdout] 
[INFO] [stdout] 
[INFO] [stdout] error[E0412]: cannot find type `HANDLE` in this scope
[INFO] [stdout]    --> src/main.rs:194:16
[INFO] [stdout]     |
[INFO] [stdout] 194 |   read_handle: HANDLE,
[INFO] [stdout]     |                ^^^^^^ not found in this scope
[INFO] [stdout] 
[INFO] [stdout] 
[INFO] [stdout] error[E0425]: cannot find function, tuple struct or tuple variant `ReadFile` in this scope
[INFO] [stdout]    --> src/main.rs:202:9
[INFO] [stdout]     |
[INFO] [stdout] 202 |         ReadFile(
[INFO] [stdout]     |         ^^^^^^^^ not found in this scope
[INFO] [stdout] 
[INFO] [stdout] 
[INFO] [stdout] error[E0425]: cannot find value `TRUE` in this scope
[INFO] [stdout]    --> src/main.rs:209:9
[INFO] [stdout]     |
[INFO] [stdout] 209 |         TRUE
[INFO] [stdout]     |         ^^^^ not found in this scope
[INFO] [stdout] 
[INFO] [stdout] 
[INFO] [stdout] error[E0412]: cannot find type `HPCON` in this scope
[INFO] [stdout]    --> src/main.rs:221:30
[INFO] [stdout]     |
[INFO] [stdout] 221 |   pub fn new(console_handle: HPCON) -> Self {
[INFO] [stdout]     |                              ^^^^^ not found in this scope
[INFO] [stdout] 
[INFO] [stdout] 
[INFO] [stdout] error[E0425]: cannot find function, tuple struct or tuple variant `InitializeProcThreadAttributeList` in this scope
[INFO] [stdout]    --> src/main.rs:227:9
[INFO] [stdout]     |
[INFO] [stdout] 227 |         InitializeProcThreadAttributeList(
[INFO] [stdout]     |         ^^^^^^^^^^^^^^^^^^^^^^^^^^^^^^^^^ not found in this scope
[INFO] [stdout] 
[INFO] [stdout] 
[INFO] [stdout] error[E0425]: cannot find value `FALSE` in this scope
[INFO] [stdout]    --> src/main.rs:233:9
[INFO] [stdout]     |
[INFO] [stdout] 233 |         FALSE
[INFO] [stdout]     |         ^^^^^ not found in this scope
[INFO] [stdout] 
[INFO] [stdout] 
[INFO] [stdout] error[E0425]: cannot find function, tuple struct or tuple variant `InitializeProcThreadAttributeList` in this scope
[INFO] [stdout]    --> src/main.rs:240:9
[INFO] [stdout]     |
[INFO] [stdout] 240 |         InitializeProcThreadAttributeList(
[INFO] [stdout]     |         ^^^^^^^^^^^^^^^^^^^^^^^^^^^^^^^^^ not found in this scope
[INFO] [stdout] 
[INFO] [stdout] 
[INFO] [stdout] error[E0425]: cannot find value `TRUE` in this scope
[INFO] [stdout]    --> src/main.rs:246:9
[INFO] [stdout]     |
[INFO] [stdout] 246 |         TRUE
[INFO] [stdout]     |         ^^^^ not found in this scope
[INFO] [stdout] 
[INFO] [stdout] 
[INFO] [stdout] error[E0425]: cannot find function, tuple struct or tuple variant `UpdateProcThreadAttribute` in this scope
[INFO] [stdout]    --> src/main.rs:251:9
[INFO] [stdout]     |
[INFO] [stdout] 251 |         UpdateProcThreadAttribute(
[INFO] [stdout]     |         ^^^^^^^^^^^^^^^^^^^^^^^^^ not found in this scope
[INFO] [stdout] 
[INFO] [stdout] 
[INFO] [stdout] error[E0412]: cannot find type `HPCON` in this scope
[INFO] [stdout]    --> src/main.rs:256:31
[INFO] [stdout]     |
[INFO] [stdout] 220 | impl ProcThreadAttributeList {
[INFO] [stdout]     |     - help: you might be missing a type parameter: `<HPCON>`
[INFO] [stdout] ...
[INFO] [stdout] 256 |           std::mem::size_of::<HPCON>(),
[INFO] [stdout]     |                               ^^^^^ not found in this scope
[INFO] [stdout] 
[INFO] [stdout] 
[INFO] [stdout] error[E0425]: cannot find value `TRUE` in this scope
[INFO] [stdout]    --> src/main.rs:260:9
[INFO] [stdout]     |
[INFO] [stdout] 260 |         TRUE
[INFO] [stdout]     |         ^^^^ not found in this scope
[INFO] [stdout] 
[INFO] [stdout] 
[INFO] [stdout] error[E0412]: cannot find type `LPPROC_THREAD_ATTRIBUTE_LIST` in this scope
[INFO] [stdout]    --> src/main.rs:267:35
[INFO] [stdout]     |
[INFO] [stdout] 267 |   pub fn as_mut_ptr(&mut self) -> LPPROC_THREAD_ATTRIBUTE_LIST {
[INFO] [stdout]     |                                   ^^^^^^^^^^^^^^^^^^^^^^^^^^^^ not found in this scope
[INFO] [stdout] 
[INFO] [stdout] 
[INFO] [stdout] error[E0425]: cannot find function, tuple struct or tuple variant `DeleteProcThreadAttributeList` in this scope
[INFO] [stdout]    --> src/main.rs:274:14
[INFO] [stdout]     |
[INFO] [stdout] 274 |     unsafe { DeleteProcThreadAttributeList(self.as_mut_ptr()) };
[INFO] [stdout]     |              ^^^^^^^^^^^^^^^^^^^^^^^^^^^^^ not found in this scope
[INFO] [stdout] 
[INFO] [stdout] 
[INFO] [stdout] error[E0599]: no method named `encode_wide` found for reference `&OsStr` in the current scope
[INFO] [stdout]    --> src/main.rs:281:6
[INFO] [stdout]     |
[INFO] [stdout] 281 |     .encode_wide()
[INFO] [stdout]     |      ^^^^^^^^^^^ method not found in `&OsStr`
[INFO] [stdout] 
[INFO] [stdout] 
[INFO] [stdout] error: aborting due to 63 previous errors
[INFO] [stdout] 
[INFO] [stdout] 
[INFO] [stdout] Some errors have detailed explanations: E0412, E0425, E0433, E0599.
[INFO] [stdout] 
[INFO] [stdout] For more information about an error, try `rustc --explain E0412`.
[INFO] [stdout] 
[INFO] [stderr] error: could not compile `pseudo_console_test` due to 64 previous errors
[INFO] [stderr] warning: build failed, waiting for other jobs to finish...
[INFO] [stdout] error[E0599]: no method named `encode_wide` found for reference `&OsStr` in the current scope
[INFO] [stdout]    --> src/main.rs:281:6
[INFO] [stdout]     |
[INFO] [stdout] 281 |     .encode_wide()
[INFO] [stdout]     |      ^^^^^^^^^^^ method not found in `&OsStr`
[INFO] [stdout] 
[INFO] [stdout] 
[INFO] [stdout] error: aborting due to 63 previous errors
[INFO] [stdout] 
[INFO] [stdout] 
[INFO] [stdout] Some errors have detailed explanations: E0412, E0425, E0433, E0599.
[INFO] [stdout] 
[INFO] [stdout] For more information about an error, try `rustc --explain E0412`.
[INFO] [stdout] 
[INFO] [stderr] error: build failed
[INFO] running `Command { std: "docker" "inspect" "30072bb81f2a1f6cad540d5ed4d07a0a8f0c251a70eeec014d1c7a6352d379f8", kill_on_drop: false }`
[INFO] running `Command { std: "docker" "rm" "-f" "30072bb81f2a1f6cad540d5ed4d07a0a8f0c251a70eeec014d1c7a6352d379f8", kill_on_drop: false }`
[INFO] [stdout] 30072bb81f2a1f6cad540d5ed4d07a0a8f0c251a70eeec014d1c7a6352d379f8
