[INFO] cloning repository https://github.com/drivasperez/raytrace
[INFO] running `Command { std: "git" "-c" "credential.helper=" "-c" "credential.helper=/workspace/cargo-home/bin/git-credential-null" "clone" "--bare" "https://github.com/drivasperez/raytrace" "/workspace/cache/git-repos/https%3A%2F%2Fgithub.com%2Fdrivasperez%2Fraytrace", kill_on_drop: false }`
[INFO] [stderr] Cloning into bare repository '/workspace/cache/git-repos/https%3A%2F%2Fgithub.com%2Fdrivasperez%2Fraytrace'...
[INFO] running `Command { std: "git" "rev-parse" "HEAD", kill_on_drop: false }`
[INFO] [stdout] c3674733a56b8f4d490d14b0423aa2b85559ad75
[INFO] checking drivasperez/raytrace against beta-2021-10-15 for beta-1.56-3
[INFO] running `Command { std: "git" "clone" "/workspace/cache/git-repos/https%3A%2F%2Fgithub.com%2Fdrivasperez%2Fraytrace" "/workspace/builds/worker-0/source", kill_on_drop: false }`
[INFO] [stderr] Cloning into '/workspace/builds/worker-0/source'...
[INFO] [stderr] done.
[INFO] validating manifest of git repo https://github.com/drivasperez/raytrace on toolchain beta-2021-10-15
[INFO] running `Command { std: "/workspace/cargo-home/bin/cargo" "+beta-2021-10-15" "metadata" "--manifest-path" "Cargo.toml" "--no-deps", kill_on_drop: false }`
[INFO] started tweaking git repo https://github.com/drivasperez/raytrace
[INFO] finished tweaking git repo https://github.com/drivasperez/raytrace
[INFO] tweaked toml for git repo https://github.com/drivasperez/raytrace written to /workspace/builds/worker-0/source/Cargo.toml
[INFO] crate git repo https://github.com/drivasperez/raytrace already has a lockfile, it will not be regenerated
[INFO] running `Command { std: "/workspace/cargo-home/bin/cargo" "+beta-2021-10-15" "fetch" "--manifest-path" "Cargo.toml", kill_on_drop: false }`
[INFO] [stderr]  Downloading crates ...
[INFO] [stderr]   Downloaded wasm-bindgen-macro-support v0.2.49
[INFO] [stderr]   Downloaded proc-macro2 v1.0.1
[INFO] [stderr]   Downloaded quote v1.0.1
[INFO] [stderr]   Downloaded js-sys v0.3.26
[INFO] [stderr]   Downloaded wasm-bindgen-backend v0.2.49
[INFO] [stderr]   Downloaded wasm-bindgen v0.2.49
[INFO] [stderr]   Downloaded wasm-bindgen-shared v0.2.49
[INFO] [stderr]   Downloaded wasm-bindgen-macro v0.2.49
[INFO] [stderr]   Downloaded syn v1.0.2
[INFO] running `Command { std: "docker" "create" "-v" "/var/lib/crater-agent-workspace/builds/worker-0/target:/opt/rustwide/target:rw,Z" "-v" "/var/lib/crater-agent-workspace/builds/worker-0/source:/opt/rustwide/workdir:ro,Z" "-v" "/var/lib/crater-agent-workspace/cargo-home:/opt/rustwide/cargo-home:ro,Z" "-v" "/var/lib/crater-agent-workspace/rustup-home:/opt/rustwide/rustup-home:ro,Z" "-e" "SOURCE_DIR=/opt/rustwide/workdir" "-e" "CARGO_TARGET_DIR=/opt/rustwide/target" "-e" "CARGO_HOME=/opt/rustwide/cargo-home" "-e" "RUSTUP_HOME=/opt/rustwide/rustup-home" "-w" "/opt/rustwide/workdir" "-m" "1610612736" "--user" "0:0" "--network" "none" "ghcr.io/rust-lang/crates-build-env/linux@sha256:a89201d6b5b9fd45c15d5952ece0a0129e7e80cb26ec023fd59cf09bc26f1604" "/opt/rustwide/cargo-home/bin/cargo" "+beta-2021-10-15" "metadata" "--no-deps" "--format-version=1", kill_on_drop: false }`
[INFO] [stdout] c1049d766cac4fff3fb7c9e1276eda140a625e693a855300a8e4017e705736a4
[INFO] [stderr] WARNING: Your kernel does not support swap limit capabilities or the cgroup is not mounted. Memory limited without swap.
[INFO] running `Command { std: "docker" "start" "-a" "c1049d766cac4fff3fb7c9e1276eda140a625e693a855300a8e4017e705736a4", kill_on_drop: false }`
[INFO] running `Command { std: "docker" "inspect" "c1049d766cac4fff3fb7c9e1276eda140a625e693a855300a8e4017e705736a4", kill_on_drop: false }`
[INFO] running `Command { std: "docker" "rm" "-f" "c1049d766cac4fff3fb7c9e1276eda140a625e693a855300a8e4017e705736a4", kill_on_drop: false }`
[INFO] [stdout] c1049d766cac4fff3fb7c9e1276eda140a625e693a855300a8e4017e705736a4
[INFO] running `Command { std: "docker" "create" "-v" "/var/lib/crater-agent-workspace/builds/worker-0/target:/opt/rustwide/target:rw,Z" "-v" "/var/lib/crater-agent-workspace/builds/worker-0/source:/opt/rustwide/workdir:ro,Z" "-v" "/var/lib/crater-agent-workspace/cargo-home:/opt/rustwide/cargo-home:ro,Z" "-v" "/var/lib/crater-agent-workspace/rustup-home:/opt/rustwide/rustup-home:ro,Z" "-e" "SOURCE_DIR=/opt/rustwide/workdir" "-e" "CARGO_TARGET_DIR=/opt/rustwide/target" "-e" "CARGO_INCREMENTAL=0" "-e" "RUST_BACKTRACE=full" "-e" "RUSTFLAGS=--cap-lints=warn" "-e" "CARGO_HOME=/opt/rustwide/cargo-home" "-e" "RUSTUP_HOME=/opt/rustwide/rustup-home" "-w" "/opt/rustwide/workdir" "-m" "1610612736" "--user" "0:0" "--network" "none" "ghcr.io/rust-lang/crates-build-env/linux@sha256:a89201d6b5b9fd45c15d5952ece0a0129e7e80cb26ec023fd59cf09bc26f1604" "/opt/rustwide/cargo-home/bin/cargo" "+beta-2021-10-15" "check" "--frozen" "--all" "--all-targets" "--message-format=json", kill_on_drop: false }`
[INFO] [stderr] WARNING: Your kernel does not support swap limit capabilities or the cgroup is not mounted. Memory limited without swap.
[INFO] [stdout] acc24341b64b4445f7c7f72b0edea91d30e1a5ec896a571cb36ad25e21118c7b
[INFO] running `Command { std: "docker" "start" "-a" "acc24341b64b4445f7c7f72b0edea91d30e1a5ec896a571cb36ad25e21118c7b", kill_on_drop: false }`
[INFO] [stderr]    Compiling wasm-bindgen-shared v0.2.49
[INFO] [stderr]    Compiling syn v1.0.2
[INFO] [stderr]    Compiling bumpalo v2.5.0
[INFO] [stderr]    Compiling wasm-bindgen v0.2.49
[INFO] [stderr]    Compiling quote v1.0.1
[INFO] [stderr]    Compiling log v0.4.8
[INFO] [stderr]    Compiling wasm-bindgen-backend v0.2.49
[INFO] [stderr]    Compiling wasm-bindgen-macro-support v0.2.49
[INFO] [stderr]    Compiling wasm-bindgen-macro v0.2.49
[INFO] [stderr]     Checking js-sys v0.3.26
[INFO] [stderr]     Checking raytrace v0.1.0 (/opt/rustwide/workdir)
[INFO] [stdout] warning: unused variable: `sphere_pos`
[INFO] [stdout]   --> src/lib.rs:85:49
[INFO] [stdout]    |
[INFO] [stdout] 85 |     pub fn new(nx: usize, ny: usize, ns: usize, sphere_pos: Vec3) -> Scene {
[INFO] [stdout]    |                                                 ^^^^^^^^^^ help: if this is intentional, prefix it with an underscore: `_sphere_pos`
[INFO] [stdout]    |
[INFO] [stdout]    = note: `#[warn(unused_variables)]` on by default
[INFO] [stdout] 
[INFO] [stdout] 
[INFO] [stdout] warning: 1 warning emitted
[INFO] [stdout] 
[INFO] [stdout] 
[INFO] [stdout] warning: unused variable: `sphere_pos`
[INFO] [stdout]   --> src/lib.rs:85:49
[INFO] [stdout]    |
[INFO] [stdout] 85 |     pub fn new(nx: usize, ny: usize, ns: usize, sphere_pos: Vec3) -> Scene {
[INFO] [stdout]    |                                                 ^^^^^^^^^^ help: if this is intentional, prefix it with an underscore: `_sphere_pos`
[INFO] [stdout]    |
[INFO] [stdout]    = note: `#[warn(unused_variables)]` on by default
[INFO] [stdout] 
[INFO] [stdout] 
[INFO] [stdout] warning: 1 warning emitted
[INFO] [stdout] 
[INFO] [stdout] 
[INFO] [stdout] error[E0432]: unresolved import `rand`
[INFO] [stdout]  --> src/bin/draw_image.rs:3:5
[INFO] [stdout]   |
[INFO] [stdout] 3 | use rand::Rng;
[INFO] [stdout]   |     ^^^^ use of undeclared crate or module `rand`
[INFO] [stdout] 
[INFO] [stdout] 
[INFO] [stdout] error[E0432]: unresolved import `image`
[INFO] [stdout]  --> src/bin/draw_image.rs:7:5
[INFO] [stdout]   |
[INFO] [stdout] 7 | use image;
[INFO] [stdout]   |     ^^^^^ no external crate `image`
[INFO] [stdout] 
[INFO] [stdout] 
[INFO] [stdout] error[E0433]: failed to resolve: use of undeclared crate or module `rand`
[INFO] [stdout]   --> src/bin/draw_image.rs:10:19
[INFO] [stdout]    |
[INFO] [stdout] 10 |     let mut rng = rand::thread_rng();
[INFO] [stdout]    |                   ^^^^ use of undeclared crate or module `rand`
[INFO] [stdout] 
[INFO] [stdout] 
[INFO] [stdout] error[E0061]: this function takes 1 argument but 0 arguments were supplied
[INFO] [stdout]    --> src/bin/draw_image.rs:16:17
[INFO] [stdout]     |
[INFO] [stdout] 16  |     let world = random_scene();
[INFO] [stdout]     |                 ^^^^^^^^^^^^-- supplied 0 arguments
[INFO] [stdout]     |                 |
[INFO] [stdout]     |                 expected 1 argument
[INFO] [stdout]     |
[INFO] [stdout] note: function defined here
[INFO] [stdout]    --> /opt/rustwide/workdir/src/lib.rs:160:8
[INFO] [stdout]     |
[INFO] [stdout] 160 | pub fn random_scene(sphere_pos: Vec3) -> Vec<Sphere> {
[INFO] [stdout]     |        ^^^^^^^^^^^^
[INFO] [stdout] 
[INFO] [stdout] 
[INFO] [stdout] error: aborting due to 4 previous errors
[INFO] [stdout] 
[INFO] [stdout] 
[INFO] [stdout] Some errors have detailed explanations: E0061, E0432, E0433.
[INFO] [stdout] 
[INFO] [stdout] For more information about an error, try `rustc --explain E0061`.
[INFO] [stdout] 
[INFO] [stderr] error: could not compile `raytrace` due to 5 previous errors
[INFO] [stderr] warning: build failed, waiting for other jobs to finish...
[INFO] [stdout] error[E0432]: unresolved import `rand`
[INFO] [stdout]  --> src/bin/draw_image.rs:3:5
[INFO] [stdout]   |
[INFO] [stdout] 3 | use rand::Rng;
[INFO] [stdout]   |     ^^^^ use of undeclared crate or module `rand`
[INFO] [stdout] 
[INFO] [stdout] 
[INFO] [stdout] error[E0432]: unresolved import `image`
[INFO] [stdout]  --> src/bin/draw_image.rs:7:5
[INFO] [stdout]   |
[INFO] [stdout] 7 | use image;
[INFO] [stdout]   |     ^^^^^ no external crate `image`
[INFO] [stdout] 
[INFO] [stdout] 
[INFO] [stdout] error[E0433]: failed to resolve: use of undeclared crate or module `rand`
[INFO] [stdout]   --> src/bin/draw_image.rs:10:19
[INFO] [stdout]    |
[INFO] [stdout] 10 |     let mut rng = rand::thread_rng();
[INFO] [stdout]    |                   ^^^^ use of undeclared crate or module `rand`
[INFO] [stdout] 
[INFO] [stdout] 
[INFO] [stdout] error[E0061]: this function takes 1 argument but 0 arguments were supplied
[INFO] [stdout]    --> src/bin/draw_image.rs:16:17
[INFO] [stdout]     |
[INFO] [stdout] 16  |     let world = random_scene();
[INFO] [stdout]     |                 ^^^^^^^^^^^^-- supplied 0 arguments
[INFO] [stdout]     |                 |
[INFO] [stdout]     |                 expected 1 argument
[INFO] [stdout]     |
[INFO] [stdout] note: function defined here
[INFO] [stdout]    --> /opt/rustwide/workdir/src/lib.rs:160:8
[INFO] [stdout]     |
[INFO] [stdout] 160 | pub fn random_scene(sphere_pos: Vec3) -> Vec<Sphere> {
[INFO] [stdout]     |        ^^^^^^^^^^^^
[INFO] [stdout] 
[INFO] [stdout] 
[INFO] [stdout] error: aborting due to 4 previous errors
[INFO] [stdout] 
[INFO] [stdout] 
[INFO] [stdout] Some errors have detailed explanations: E0061, E0432, E0433.
[INFO] [stdout] 
[INFO] [stdout] For more information about an error, try `rustc --explain E0061`.
[INFO] [stdout] 
[INFO] [stderr] error: build failed
[INFO] running `Command { std: "docker" "inspect" "acc24341b64b4445f7c7f72b0edea91d30e1a5ec896a571cb36ad25e21118c7b", kill_on_drop: false }`
[INFO] running `Command { std: "docker" "rm" "-f" "acc24341b64b4445f7c7f72b0edea91d30e1a5ec896a571cb36ad25e21118c7b", kill_on_drop: false }`
[INFO] [stdout] acc24341b64b4445f7c7f72b0edea91d30e1a5ec896a571cb36ad25e21118c7b
