[INFO] cloning repository https://github.com/drahnr/rs-ec-perf
[INFO] running `Command { std: "git" "-c" "credential.helper=" "-c" "credential.helper=/workspace/cargo-home/bin/git-credential-null" "clone" "--bare" "https://github.com/drahnr/rs-ec-perf" "/workspace/cache/git-repos/https%3A%2F%2Fgithub.com%2Fdrahnr%2Frs-ec-perf", kill_on_drop: false }`
[INFO] [stderr] Cloning into bare repository '/workspace/cache/git-repos/https%3A%2F%2Fgithub.com%2Fdrahnr%2Frs-ec-perf'...
[INFO] running `Command { std: "git" "rev-parse" "HEAD", kill_on_drop: false }`
[INFO] [stdout] 9d3cdfa392d69de6c237324cfc153300b45374e9
[INFO] checking drahnr/rs-ec-perf against 1.55.0 for beta-1.56-3
[INFO] running `Command { std: "git" "clone" "/workspace/cache/git-repos/https%3A%2F%2Fgithub.com%2Fdrahnr%2Frs-ec-perf" "/workspace/builds/worker-12/source", kill_on_drop: false }`
[INFO] [stderr] Cloning into '/workspace/builds/worker-12/source'...
[INFO] [stderr] done.
[INFO] validating manifest of git repo https://github.com/drahnr/rs-ec-perf on toolchain 1.55.0
[INFO] running `Command { std: "/workspace/cargo-home/bin/cargo" "+1.55.0" "metadata" "--manifest-path" "Cargo.toml" "--no-deps", kill_on_drop: false }`
[INFO] started tweaking git repo https://github.com/drahnr/rs-ec-perf
[INFO] finished tweaking git repo https://github.com/drahnr/rs-ec-perf
[INFO] tweaked toml for git repo https://github.com/drahnr/rs-ec-perf written to /workspace/builds/worker-12/source/Cargo.toml
[INFO] crate git repo https://github.com/drahnr/rs-ec-perf already has a lockfile, it will not be regenerated
[INFO] running `Command { std: "/workspace/cargo-home/bin/cargo" "+1.55.0" "fetch" "--manifest-path" "Cargo.toml", kill_on_drop: false }`
[INFO] [stderr]     Blocking waiting for file lock on package cache
[INFO] [stderr]     Blocking waiting for file lock on package cache
[INFO] running `Command { std: "docker" "create" "-v" "/var/lib/crater-agent-workspace/builds/worker-12/target:/opt/rustwide/target:rw,Z" "-v" "/var/lib/crater-agent-workspace/builds/worker-12/source:/opt/rustwide/workdir:ro,Z" "-v" "/var/lib/crater-agent-workspace/cargo-home:/opt/rustwide/cargo-home:ro,Z" "-v" "/var/lib/crater-agent-workspace/rustup-home:/opt/rustwide/rustup-home:ro,Z" "-e" "SOURCE_DIR=/opt/rustwide/workdir" "-e" "CARGO_TARGET_DIR=/opt/rustwide/target" "-e" "CARGO_HOME=/opt/rustwide/cargo-home" "-e" "RUSTUP_HOME=/opt/rustwide/rustup-home" "-w" "/opt/rustwide/workdir" "-m" "1610612736" "--user" "0:0" "--network" "none" "ghcr.io/rust-lang/crates-build-env/linux@sha256:a89201d6b5b9fd45c15d5952ece0a0129e7e80cb26ec023fd59cf09bc26f1604" "/opt/rustwide/cargo-home/bin/cargo" "+1.55.0" "metadata" "--no-deps" "--format-version=1", kill_on_drop: false }`
[INFO] [stdout] 8c3955156dce36e895aecc71767016189e06e7e0cbf5baa3524a769bdd6a7fac
[INFO] [stderr] WARNING: Your kernel does not support swap limit capabilities or the cgroup is not mounted. Memory limited without swap.
[INFO] running `Command { std: "docker" "start" "-a" "8c3955156dce36e895aecc71767016189e06e7e0cbf5baa3524a769bdd6a7fac", kill_on_drop: false }`
[INFO] running `Command { std: "docker" "inspect" "8c3955156dce36e895aecc71767016189e06e7e0cbf5baa3524a769bdd6a7fac", kill_on_drop: false }`
[INFO] running `Command { std: "docker" "rm" "-f" "8c3955156dce36e895aecc71767016189e06e7e0cbf5baa3524a769bdd6a7fac", kill_on_drop: false }`
[INFO] [stdout] 8c3955156dce36e895aecc71767016189e06e7e0cbf5baa3524a769bdd6a7fac
[INFO] running `Command { std: "docker" "create" "-v" "/var/lib/crater-agent-workspace/builds/worker-12/target:/opt/rustwide/target:rw,Z" "-v" "/var/lib/crater-agent-workspace/builds/worker-12/source:/opt/rustwide/workdir:ro,Z" "-v" "/var/lib/crater-agent-workspace/cargo-home:/opt/rustwide/cargo-home:ro,Z" "-v" "/var/lib/crater-agent-workspace/rustup-home:/opt/rustwide/rustup-home:ro,Z" "-e" "SOURCE_DIR=/opt/rustwide/workdir" "-e" "CARGO_TARGET_DIR=/opt/rustwide/target" "-e" "CARGO_INCREMENTAL=0" "-e" "RUST_BACKTRACE=full" "-e" "RUSTFLAGS=--cap-lints=warn" "-e" "CARGO_HOME=/opt/rustwide/cargo-home" "-e" "RUSTUP_HOME=/opt/rustwide/rustup-home" "-w" "/opt/rustwide/workdir" "-m" "1610612736" "--user" "0:0" "--network" "none" "ghcr.io/rust-lang/crates-build-env/linux@sha256:a89201d6b5b9fd45c15d5952ece0a0129e7e80cb26ec023fd59cf09bc26f1604" "/opt/rustwide/cargo-home/bin/cargo" "+1.55.0" "check" "--frozen" "--all" "--all-targets" "--message-format=json", kill_on_drop: false }`
[INFO] [stdout] f889bb468e03ce9a3d6e532d873478bc58adf33a862689f047d78aa951b1fbb1
[INFO] [stderr] WARNING: Your kernel does not support swap limit capabilities or the cgroup is not mounted. Memory limited without swap.
[INFO] running `Command { std: "docker" "start" "-a" "f889bb468e03ce9a3d6e532d873478bc58adf33a862689f047d78aa951b1fbb1", kill_on_drop: false }`
[INFO] [stderr]    Compiling fs-err v2.5.0
[INFO] [stderr]    Compiling eyre v0.6.5
[INFO] [stderr]     Checking indenter v0.3.3
[INFO] [stderr]     Checking byteorder v1.4.3
[INFO] [stderr]     Checking owo-colors v1.4.2
[INFO] [stderr]    Compiling honggfuzz v0.5.54
[INFO] [stderr]     Checking iai v0.1.1
[INFO] [stderr]    Compiling memoffset v0.6.2
[INFO] [stderr]     Checking regex v1.4.3
[INFO] [stderr]    Compiling libc v0.2.88
[INFO] [stderr]     Checking serde v1.0.125
[INFO] [stderr]     Checking tracing-subscriber v0.2.17
[INFO] [stderr]     Checking getrandom v0.2.2
[INFO] [stderr]     Checking parking_lot_core v0.8.3
[INFO] [stderr]     Checking num_cpus v1.13.0
[INFO] [stderr]     Checking atty v0.2.14
[INFO] [stderr]     Checking backtrace v0.3.56
[INFO] [stderr]     Checking plotters v0.3.0
[INFO] [stderr]    Compiling derive_more v0.99.11
[INFO] [stderr]    Compiling static_init_macro v0.5.0
[INFO] [stderr]    Compiling tracing-attributes v0.1.15
[INFO] [stderr]    Compiling derive_arbitrary v1.0.0
[INFO] [stderr]    Compiling serde_derive v1.0.125
[INFO] [stderr]     Checking regex-automata v0.1.9
[INFO] [stderr]     Checking rand_core v0.6.2
[INFO] [stderr]     Checking parking_lot v0.11.1
[INFO] [stderr]     Checking rand_chacha v0.3.0
[INFO] [stderr]     Checking rand v0.8.3
[INFO] [stderr]     Checking crossbeam-epoch v0.9.3
[INFO] [stderr]     Checking crossbeam-deque v0.8.0
[INFO] [stderr]     Checking rayon-core v1.9.0
[INFO] [stderr]    Compiling reed-solomon-novelpoly v1.0.1-alpha.0 (/opt/rustwide/workdir/reed-solomon-novelpoly)
[INFO] [stderr]     Checking static_init v0.5.2
[INFO] [stderr]     Checking arbitrary v1.0.0
[INFO] [stderr]     Checking rayon v1.5.0
[INFO] [stderr]     Checking tracing v0.1.25
[INFO] [stderr]    Compiling reed-solomon-tester v0.1.0 (/opt/rustwide/workdir/reed-solomon-tester)
[INFO] [stderr]     Checking tracing-error v0.1.2
[INFO] [stderr]     Checking color-spantrace v0.1.6
[INFO] [stderr]     Checking bstr v0.2.15
[INFO] [stderr]     Checking serde_json v1.0.64
[INFO] [stderr]     Checking serde_cbor v0.11.1
[INFO] [stderr]     Checking color-eyre v0.5.10
[INFO] [stderr]     Checking csv v1.1.6
[INFO] [stderr]     Checking tinytemplate v1.2.1
[INFO] [stderr]     Checking criterion v0.3.4
[INFO] [stderr]     Checking reed-solomon-benches v0.1.0 (/opt/rustwide/workdir/reed-solomon-benches)
[INFO] [stderr]     Checking fuzzit v0.1.0 (/opt/rustwide/workdir/reed-solomon-novelpoly-fuzzit)
[INFO] [stdout] error[E0433]: failed to resolve: use of undeclared crate or module `reed_solomon_performance`
[INFO] [stdout]   --> reed-solomon-benches/benches/criterion.rs:25:8
[INFO] [stdout]    |
[INFO] [stdout] 25 |             use reed_solomon_performance::$mp::{encode, reconstruct};
[INFO] [stdout]    |                 ^^^^^^^^^^^^^^^^^^^^^^^^ use of undeclared crate or module `reed_solomon_performance`
[INFO] [stdout] ...
[INFO] [stdout] 65 |     instanciate_upper_bound_test!("novelpoly", novelpoly);
[INFO] [stdout]    |     ------------------------------------------------------ in this macro invocation
[INFO] [stdout]    |
[INFO] [stdout]    = note: this error originates in the macro `instanciate_upper_bound_test` (in Nightly builds, run with -Z macro-backtrace for more info)
[INFO] [stdout] 
[INFO] [stdout] 
[INFO] [stdout] error[E0433]: failed to resolve: use of undeclared crate or module `reed_solomon_performance`
[INFO] [stdout]    --> reed-solomon-benches/benches/criterion.rs:145:16
[INFO] [stdout]     |
[INFO] [stdout] 145 | ...                   let _ = reed_solomon_performance::novelpoly::encode::<WrappedShard>(
[INFO] [stdout]     |                               ^^^^^^^^^^^^^^^^^^^^^^^^ use of undeclared crate or module `reed_solomon_performance`
[INFO] [stdout] 
[INFO] [stdout] 
[INFO] [stdout] error[E0433]: failed to resolve: use of undeclared crate or module `reed_solomon_performance`
[INFO] [stdout]    --> reed-solomon-benches/benches/criterion.rs:183:20
[INFO] [stdout]     |
[INFO] [stdout] 183 |                     let encoded = reed_solomon_performance::novelpoly::encode::<WrappedShard>(
[INFO] [stdout]     |                                   ^^^^^^^^^^^^^^^^^^^^^^^^ use of undeclared crate or module `reed_solomon_performance`
[INFO] [stdout] 
[INFO] [stdout] 
[INFO] [stdout] error[E0433]: failed to resolve: use of undeclared crate or module `reed_solomon_performance`
[INFO] [stdout]    --> reed-solomon-benches/benches/criterion.rs:193:15
[INFO] [stdout]     |
[INFO] [stdout] 193 |                         let _ = reed_solomon_performance::novelpoly::reconstruct::<WrappedShard>(
[INFO] [stdout]     |                                 ^^^^^^^^^^^^^^^^^^^^^^^^ use of undeclared crate or module `reed_solomon_performance`
[INFO] [stdout] 
[INFO] [stdout] 
[INFO] [stdout] error[E0425]: cannot find function `roundtrip` in this scope
[INFO] [stdout]   --> reed-solomon-benches/benches/criterion.rs:30:5
[INFO] [stdout]    |
[INFO] [stdout] 30 |                 roundtrip(
[INFO] [stdout]    |                 ^^^^^^^^^ not found in this scope
[INFO] [stdout] ...
[INFO] [stdout] 65 |     instanciate_upper_bound_test!("novelpoly", novelpoly);
[INFO] [stdout]    |     ------------------------------------------------------ in this macro invocation
[INFO] [stdout]    |
[INFO] [stdout]    = note: consider importing one of these items:
[INFO] [stdout]            crate::roundtrip
[INFO] [stdout]            reed_solomon_tester::roundtrip
[INFO] [stdout]    = note: this error originates in the macro `instanciate_upper_bound_test` (in Nightly builds, run with -Z macro-backtrace for more info)
[INFO] [stdout] 
[INFO] [stdout] 
[INFO] [stdout] error[E0425]: cannot find value `encode` in this scope
[INFO] [stdout]   --> reed-solomon-benches/benches/criterion.rs:31:6
[INFO] [stdout]    |
[INFO] [stdout] 31 |                     encode::<WrappedShard>,
[INFO] [stdout]    |                     ^^^^^^ not found in this scope
[INFO] [stdout] ...
[INFO] [stdout] 65 |     instanciate_upper_bound_test!("novelpoly", novelpoly);
[INFO] [stdout]    |     ------------------------------------------------------ in this macro invocation
[INFO] [stdout]    |
[INFO] [stdout]    = note: consider importing this function:
[INFO] [stdout]            reed_solomon_novelpoly::encode
[INFO] [stdout]    = note: this error originates in the macro `instanciate_upper_bound_test` (in Nightly builds, run with -Z macro-backtrace for more info)
[INFO] [stdout] 
[INFO] [stdout] 
[INFO] [stdout] error[E0425]: cannot find value `reconstruct` in this scope
[INFO] [stdout]   --> reed-solomon-benches/benches/criterion.rs:32:6
[INFO] [stdout]    |
[INFO] [stdout] 32 |                     reconstruct::<WrappedShard>,
[INFO] [stdout]    |                     ^^^^^^^^^^^ not found in this scope
[INFO] [stdout] ...
[INFO] [stdout] 65 |     instanciate_upper_bound_test!("novelpoly", novelpoly);
[INFO] [stdout]    |     ------------------------------------------------------ in this macro invocation
[INFO] [stdout]    |
[INFO] [stdout]    = note: consider importing this function:
[INFO] [stdout]            reed_solomon_novelpoly::reconstruct
[INFO] [stdout]    = note: this error originates in the macro `instanciate_upper_bound_test` (in Nightly builds, run with -Z macro-backtrace for more info)
[INFO] [stdout] 
[INFO] [stdout] 
[INFO] [stdout] error[E0425]: cannot find function `encode` in this scope
[INFO] [stdout]   --> reed-solomon-benches/benches/criterion.rs:41:15
[INFO] [stdout]    |
[INFO] [stdout] 41 |                         let _ = encode::<WrappedShard>(black_box(&BYTES[..PAYLOAD_SIZE_CUTOFF]), VALIDATOR_COUNT);
[INFO] [stdout]    |                                 ^^^^^^ not found in this scope
[INFO] [stdout] ...
[INFO] [stdout] 65 |     instanciate_upper_bound_test!("novelpoly", novelpoly);
[INFO] [stdout]    |     ------------------------------------------------------ in this macro invocation
[INFO] [stdout]    |
[INFO] [stdout]    = note: consider importing this function:
[INFO] [stdout]            reed_solomon_novelpoly::encode
[INFO] [stdout]    = note: this error originates in the macro `instanciate_upper_bound_test` (in Nightly builds, run with -Z macro-backtrace for more info)
[INFO] [stdout] 
[INFO] [stdout] 
[INFO] [stdout] error[E0425]: cannot find function `encode` in this scope
[INFO] [stdout]   --> reed-solomon-benches/benches/criterion.rs:48:20
[INFO] [stdout]    |
[INFO] [stdout] 48 |                     let encoded = encode::<WrappedShard>(&BYTES[..PAYLOAD_SIZE_CUTOFF], VALIDATOR_COUNT).unwrap();
[INFO] [stdout]    |                                   ^^^^^^ not found in this scope
[INFO] [stdout] ...
[INFO] [stdout] 65 |     instanciate_upper_bound_test!("novelpoly", novelpoly);
[INFO] [stdout]    |     ------------------------------------------------------ in this macro invocation
[INFO] [stdout]    |
[INFO] [stdout]    = note: consider importing this function:
[INFO] [stdout]            reed_solomon_novelpoly::encode
[INFO] [stdout]    = note: this error originates in the macro `instanciate_upper_bound_test` (in Nightly builds, run with -Z macro-backtrace for more info)
[INFO] [stdout] 
[INFO] [stdout] 
[INFO] [stdout] error[E0425]: cannot find function `reconstruct` in this scope
[INFO] [stdout]   --> reed-solomon-benches/benches/criterion.rs:56:15
[INFO] [stdout]    |
[INFO] [stdout] 56 |                         let _ = reconstruct::<WrappedShard>(black_box(shards2), VALIDATOR_COUNT);
[INFO] [stdout]    |                                 ^^^^^^^^^^^ not found in this scope
[INFO] [stdout] ...
[INFO] [stdout] 65 |     instanciate_upper_bound_test!("novelpoly", novelpoly);
[INFO] [stdout]    |     ------------------------------------------------------ in this macro invocation
[INFO] [stdout]    |
[INFO] [stdout]    = note: consider importing this function:
[INFO] [stdout]            reed_solomon_novelpoly::reconstruct
[INFO] [stdout]    = note: this error originates in the macro `instanciate_upper_bound_test` (in Nightly builds, run with -Z macro-backtrace for more info)
[INFO] [stdout] 
[INFO] [stdout] 
[INFO] [stdout] error: aborting due to 10 previous errors
[INFO] [stdout] 
[INFO] [stdout] 
[INFO] [stdout] Some errors have detailed explanations: E0425, E0433.
[INFO] [stdout] 
[INFO] [stdout] For more information about an error, try `rustc --explain E0425`.
[INFO] [stdout] 
[INFO] [stderr] error: could not compile `reed-solomon-benches` due to 11 previous errors
[INFO] [stderr] warning: build failed, waiting for other jobs to finish...
[INFO] [stderr] error: build failed
[INFO] running `Command { std: "docker" "inspect" "f889bb468e03ce9a3d6e532d873478bc58adf33a862689f047d78aa951b1fbb1", kill_on_drop: false }`
[INFO] running `Command { std: "docker" "rm" "-f" "f889bb468e03ce9a3d6e532d873478bc58adf33a862689f047d78aa951b1fbb1", kill_on_drop: false }`
[INFO] [stdout] f889bb468e03ce9a3d6e532d873478bc58adf33a862689f047d78aa951b1fbb1
