[INFO] cloning repository https://github.com/dragonrider7225/java_class_manipulation
[INFO] running `Command { std: "git" "-c" "credential.helper=" "-c" "credential.helper=/workspace/cargo-home/bin/git-credential-null" "clone" "--bare" "https://github.com/dragonrider7225/java_class_manipulation" "/workspace/cache/git-repos/https%3A%2F%2Fgithub.com%2Fdragonrider7225%2Fjava_class_manipulation", kill_on_drop: false }`
[INFO] [stderr] Cloning into bare repository '/workspace/cache/git-repos/https%3A%2F%2Fgithub.com%2Fdragonrider7225%2Fjava_class_manipulation'...
[INFO] running `Command { std: "git" "rev-parse" "HEAD", kill_on_drop: false }`
[INFO] [stdout] 32be1e103355a495717cb53368f1d93bf237a6b6
[INFO] checking dragonrider7225/java_class_manipulation against 1.55.0 for beta-1.56-3
[INFO] running `Command { std: "git" "clone" "/workspace/cache/git-repos/https%3A%2F%2Fgithub.com%2Fdragonrider7225%2Fjava_class_manipulation" "/workspace/builds/worker-6/source", kill_on_drop: false }`
[INFO] [stderr] Cloning into '/workspace/builds/worker-6/source'...
[INFO] [stderr] done.
[INFO] validating manifest of git repo https://github.com/dragonrider7225/java_class_manipulation on toolchain 1.55.0
[INFO] running `Command { std: "/workspace/cargo-home/bin/cargo" "+1.55.0" "metadata" "--manifest-path" "Cargo.toml" "--no-deps", kill_on_drop: false }`
[INFO] removed /workspace/builds/worker-6/source/rust-toolchain.toml
[INFO] started tweaking git repo https://github.com/dragonrider7225/java_class_manipulation
[INFO] finished tweaking git repo https://github.com/dragonrider7225/java_class_manipulation
[INFO] tweaked toml for git repo https://github.com/dragonrider7225/java_class_manipulation written to /workspace/builds/worker-6/source/Cargo.toml
[INFO] crate git repo https://github.com/dragonrider7225/java_class_manipulation already has a lockfile, it will not be regenerated
[INFO] running `Command { std: "/workspace/cargo-home/bin/cargo" "+1.55.0" "fetch" "--manifest-path" "Cargo.toml", kill_on_drop: false }`
[INFO] running `Command { std: "docker" "create" "-v" "/var/lib/crater-agent-workspace/builds/worker-6/target:/opt/rustwide/target:rw,Z" "-v" "/var/lib/crater-agent-workspace/builds/worker-6/source:/opt/rustwide/workdir:ro,Z" "-v" "/var/lib/crater-agent-workspace/cargo-home:/opt/rustwide/cargo-home:ro,Z" "-v" "/var/lib/crater-agent-workspace/rustup-home:/opt/rustwide/rustup-home:ro,Z" "-e" "SOURCE_DIR=/opt/rustwide/workdir" "-e" "CARGO_TARGET_DIR=/opt/rustwide/target" "-e" "CARGO_HOME=/opt/rustwide/cargo-home" "-e" "RUSTUP_HOME=/opt/rustwide/rustup-home" "-w" "/opt/rustwide/workdir" "-m" "1610612736" "--user" "0:0" "--network" "none" "ghcr.io/rust-lang/crates-build-env/linux@sha256:a89201d6b5b9fd45c15d5952ece0a0129e7e80cb26ec023fd59cf09bc26f1604" "/opt/rustwide/cargo-home/bin/cargo" "+1.55.0" "metadata" "--no-deps" "--format-version=1", kill_on_drop: false }`
[INFO] [stdout] a5b84e9e0e806bdbc7fecbf8b90998f43b56cc76b4e4412dd3652cdcd1d06447
[INFO] [stderr] WARNING: Your kernel does not support swap limit capabilities or the cgroup is not mounted. Memory limited without swap.
[INFO] running `Command { std: "docker" "start" "-a" "a5b84e9e0e806bdbc7fecbf8b90998f43b56cc76b4e4412dd3652cdcd1d06447", kill_on_drop: false }`
[INFO] running `Command { std: "docker" "inspect" "a5b84e9e0e806bdbc7fecbf8b90998f43b56cc76b4e4412dd3652cdcd1d06447", kill_on_drop: false }`
[INFO] running `Command { std: "docker" "rm" "-f" "a5b84e9e0e806bdbc7fecbf8b90998f43b56cc76b4e4412dd3652cdcd1d06447", kill_on_drop: false }`
[INFO] [stdout] a5b84e9e0e806bdbc7fecbf8b90998f43b56cc76b4e4412dd3652cdcd1d06447
[INFO] running `Command { std: "docker" "create" "-v" "/var/lib/crater-agent-workspace/builds/worker-6/target:/opt/rustwide/target:rw,Z" "-v" "/var/lib/crater-agent-workspace/builds/worker-6/source:/opt/rustwide/workdir:ro,Z" "-v" "/var/lib/crater-agent-workspace/cargo-home:/opt/rustwide/cargo-home:ro,Z" "-v" "/var/lib/crater-agent-workspace/rustup-home:/opt/rustwide/rustup-home:ro,Z" "-e" "SOURCE_DIR=/opt/rustwide/workdir" "-e" "CARGO_TARGET_DIR=/opt/rustwide/target" "-e" "CARGO_INCREMENTAL=0" "-e" "RUST_BACKTRACE=full" "-e" "RUSTFLAGS=--cap-lints=warn" "-e" "CARGO_HOME=/opt/rustwide/cargo-home" "-e" "RUSTUP_HOME=/opt/rustwide/rustup-home" "-w" "/opt/rustwide/workdir" "-m" "1610612736" "--user" "0:0" "--network" "none" "ghcr.io/rust-lang/crates-build-env/linux@sha256:a89201d6b5b9fd45c15d5952ece0a0129e7e80cb26ec023fd59cf09bc26f1604" "/opt/rustwide/cargo-home/bin/cargo" "+1.55.0" "check" "--frozen" "--all" "--all-targets" "--message-format=json", kill_on_drop: false }`
[INFO] [stdout] 87160c6fc77c947bc4295c933eff77329f0cc59101d47a79294e97c67f0ea02b
[INFO] [stderr] WARNING: Your kernel does not support swap limit capabilities or the cgroup is not mounted. Memory limited without swap.
[INFO] running `Command { std: "docker" "start" "-a" "87160c6fc77c947bc4295c933eff77329f0cc59101d47a79294e97c67f0ea02b", kill_on_drop: false }`
[INFO] [stderr]    Compiling syn v1.0.75
[INFO] [stderr]    Compiling serde v1.0.129
[INFO] [stderr]     Checking extended_io v0.3.0 (https://github.com/dragonrider7225/extended_io.git#488b960c)
[INFO] [stderr]    Compiling toml v0.5.8
[INFO] [stderr]    Compiling thiserror-impl v1.0.26
[INFO] [stderr]    Compiling derivative v2.2.0
[INFO] [stderr]    Compiling thiserror v1.0.26
[INFO] [stderr]    Compiling proc-macro-crate v1.0.0
[INFO] [stderr]    Compiling num_enum_derive v0.5.4
[INFO] [stderr]     Checking num_enum v0.5.4
[INFO] [stderr]     Checking java_class_manipulation v0.1.0 (/opt/rustwide/workdir)
[INFO] [stdout] error[E0554]: `#![feature]` may not be used on the stable release channel
[INFO] [stdout]  --> src/lib.rs:3:1
[INFO] [stdout]   |
[INFO] [stdout] 3 | #![feature(associated_type_defaults)]
[INFO] [stdout]   | ^^^^^^^^^^^^^^^^^^^^^^^^^^^^^^^^^^^^^
[INFO] [stdout] 
[INFO] [stdout] 
[INFO] [stdout] error[E0554]: `#![feature]` may not be used on the stable release channel
[INFO] [stdout]  --> src/lib.rs:4:1
[INFO] [stdout]   |
[INFO] [stdout] 4 | #![feature(box_patterns, box_syntax)]
[INFO] [stdout]   | ^^^^^^^^^^^^^^^^^^^^^^^^^^^^^^^^^^^^^
[INFO] [stdout] 
[INFO] [stdout] 
[INFO] [stdout] error[E0433]: failed to resolve: use of undeclared type `JavaPrimitive`
[INFO] [stdout]    --> src/lib.rs:844:47
[INFO] [stdout]     |
[INFO] [stdout] 844 |         let expected = Ok(JavaType::Primitive(JavaPrimitive::Byte));
[INFO] [stdout]     |                                               ^^^^^^^^^^^^^ use of undeclared type `JavaPrimitive`
[INFO] [stdout] 
[INFO] [stdout] 
[INFO] [stdout] error[E0433]: failed to resolve: use of undeclared type `JavaPrimitive`
[INFO] [stdout]    --> src/lib.rs:852:47
[INFO] [stdout]     |
[INFO] [stdout] 852 |         let expected = Ok(JavaType::Primitive(JavaPrimitive::Char));
[INFO] [stdout]     |                                               ^^^^^^^^^^^^^ use of undeclared type `JavaPrimitive`
[INFO] [stdout] 
[INFO] [stdout] 
[INFO] [stdout] error[E0433]: failed to resolve: use of undeclared type `JavaPrimitive`
[INFO] [stdout]    --> src/lib.rs:860:47
[INFO] [stdout]     |
[INFO] [stdout] 860 |         let expected = Ok(JavaType::Primitive(JavaPrimitive::Double));
[INFO] [stdout]     |                                               ^^^^^^^^^^^^^ use of undeclared type `JavaPrimitive`
[INFO] [stdout] 
[INFO] [stdout] 
[INFO] [stdout] error[E0433]: failed to resolve: use of undeclared type `JavaPrimitive`
[INFO] [stdout]    --> src/lib.rs:868:47
[INFO] [stdout]     |
[INFO] [stdout] 868 |         let expected = Ok(JavaType::Primitive(JavaPrimitive::Float));
[INFO] [stdout]     |                                               ^^^^^^^^^^^^^ use of undeclared type `JavaPrimitive`
[INFO] [stdout] 
[INFO] [stdout] 
[INFO] [stdout] error[E0433]: failed to resolve: use of undeclared type `JavaPrimitive`
[INFO] [stdout]    --> src/lib.rs:876:47
[INFO] [stdout]     |
[INFO] [stdout] 876 |         let expected = Ok(JavaType::Primitive(JavaPrimitive::Int));
[INFO] [stdout]     |                                               ^^^^^^^^^^^^^ use of undeclared type `JavaPrimitive`
[INFO] [stdout] 
[INFO] [stdout] 
[INFO] [stdout] error[E0433]: failed to resolve: use of undeclared type `JavaPrimitive`
[INFO] [stdout]    --> src/lib.rs:884:47
[INFO] [stdout]     |
[INFO] [stdout] 884 |         let expected = Ok(JavaType::Primitive(JavaPrimitive::Long));
[INFO] [stdout]     |                                               ^^^^^^^^^^^^^ use of undeclared type `JavaPrimitive`
[INFO] [stdout] 
[INFO] [stdout] 
[INFO] [stdout] error[E0433]: failed to resolve: use of undeclared type `PackageName`
[INFO] [stdout]    --> src/lib.rs:893:13
[INFO] [stdout]     |
[INFO] [stdout] 893 |             PackageName::DEFAULT_PACKAGE,
[INFO] [stdout]     |             ^^^^^^^^^^^ use of undeclared type `PackageName`
[INFO] [stdout] 
[INFO] [stdout] 
[INFO] [stdout] error[E0433]: failed to resolve: use of undeclared type `JavaPrimitive`
[INFO] [stdout]    --> src/lib.rs:918:47
[INFO] [stdout]     |
[INFO] [stdout] 918 |         let expected = Ok(JavaType::Primitive(JavaPrimitive::Short));
[INFO] [stdout]     |                                               ^^^^^^^^^^^^^ use of undeclared type `JavaPrimitive`
[INFO] [stdout] 
[INFO] [stdout] 
[INFO] [stdout] error[E0433]: failed to resolve: use of undeclared type `JavaPrimitive`
[INFO] [stdout]    --> src/lib.rs:926:47
[INFO] [stdout]     |
[INFO] [stdout] 926 |         let expected = Ok(JavaType::Primitive(JavaPrimitive::Bool));
[INFO] [stdout]     |                                               ^^^^^^^^^^^^^ use of undeclared type `JavaPrimitive`
[INFO] [stdout] 
[INFO] [stdout] 
[INFO] [stdout] error[E0433]: failed to resolve: use of undeclared type `JavaPrimitive`
[INFO] [stdout]    --> src/lib.rs:934:63
[INFO] [stdout]     |
[INFO] [stdout] 934 |         let expected = JavaType::mk_array(JavaType::Primitive(JavaPrimitive::Int))
[INFO] [stdout]     |                                                               ^^^^^^^^^^^^^ use of undeclared type `JavaPrimitive`
[INFO] [stdout] 
[INFO] [stdout] 
[INFO] [stdout] error[E0433]: failed to resolve: use of undeclared type `JavaPrimitive`
[INFO] [stdout]    --> src/lib.rs:943:65
[INFO] [stdout]     |
[INFO] [stdout] 943 |         let bool_array = JavaType::mk_array(JavaType::Primitive(JavaPrimitive::Bool)).unwrap();
[INFO] [stdout]     |                                                                 ^^^^^^^^^^^^^ use of undeclared type `JavaPrimitive`
[INFO] [stdout] 
[INFO] [stdout] 
[INFO] [stdout] error[E0433]: failed to resolve: use of undeclared type `JavaPrimitive`
[INFO] [stdout]    --> src/lib.rs:952:72
[INFO] [stdout]     |
[INFO] [stdout] 952 |         let expected = JavaType::mk_method(vec![], JavaType::Primitive(JavaPrimitive::Void))
[INFO] [stdout]     |                                                                        ^^^^^^^^^^^^^ use of undeclared type `JavaPrimitive`
[INFO] [stdout] 
[INFO] [stdout] 
[INFO] [stdout] error[E0433]: failed to resolve: use of undeclared type `JavaPrimitive`
[INFO] [stdout]    --> src/lib.rs:961:50
[INFO] [stdout]     |
[INFO] [stdout] 961 |         let arg_types = vec![JavaType::Primitive(JavaPrimitive::Int)];
[INFO] [stdout]     |                                                  ^^^^^^^^^^^^^ use of undeclared type `JavaPrimitive`
[INFO] [stdout] 
[INFO] [stdout] 
[INFO] [stdout] error[E0433]: failed to resolve: use of undeclared type `JavaPrimitive`
[INFO] [stdout]    --> src/lib.rs:962:75
[INFO] [stdout]     |
[INFO] [stdout] 962 |         let expected = JavaType::mk_method(arg_types, JavaType::Primitive(JavaPrimitive::Void))
[INFO] [stdout]     |                                                                           ^^^^^^^^^^^^^ use of undeclared type `JavaPrimitive`
[INFO] [stdout] 
[INFO] [stdout] 
[INFO] [stdout] error[E0433]: failed to resolve: use of undeclared type `JavaPrimitive`
[INFO] [stdout]    --> src/lib.rs:973:68
[INFO] [stdout]     |
[INFO] [stdout] 973 |             JavaType::Class(QualifiedClassName::Array(Either::Left(JavaPrimitive::Int))),
[INFO] [stdout]     |                                                                    ^^^^^^^^^^^^^ use of undeclared type `JavaPrimitive`
[INFO] [stdout] 
[INFO] [stdout] 
[INFO] [stdout] error[E0433]: failed to resolve: use of undeclared type `JavaPrimitive`
[INFO] [stdout]    --> src/lib.rs:974:33
[INFO] [stdout]     |
[INFO] [stdout] 974 |             JavaType::Primitive(JavaPrimitive::Int),
[INFO] [stdout]     |                                 ^^^^^^^^^^^^^ use of undeclared type `JavaPrimitive`
[INFO] [stdout] 
[INFO] [stdout] 
[INFO] [stdout] error[E0433]: failed to resolve: use of undeclared type `JavaOpCode`
[INFO] [stdout]    --> src/lib.rs:990:20
[INFO] [stdout]     |
[INFO] [stdout] 990 |         let src = [JavaOpCode::AALOAD];
[INFO] [stdout]     |                    ^^^^^^^^^^ use of undeclared type `JavaOpCode`
[INFO] [stdout] 
[INFO] [stdout] 
[INFO] [stdout] error[E0433]: failed to resolve: use of undeclared type `JavaOpCode`
[INFO] [stdout]    --> src/lib.rs:991:24
[INFO] [stdout]     |
[INFO] [stdout] 991 |         let expected = JavaOpCode::Aaload;
[INFO] [stdout]     |                        ^^^^^^^^^^ use of undeclared type `JavaOpCode`
[INFO] [stdout] 
[INFO] [stdout] 
[INFO] [stdout] error[E0425]: cannot find function, tuple struct or tuple variant `PackageName` in this scope
[INFO] [stdout]    --> src/lib.rs:905:13
[INFO] [stdout]     |
[INFO] [stdout] 905 |             PackageName(vec![
[INFO] [stdout]     |             ^^^^^^^^^^^ not found in this scope
[INFO] [stdout]     |
[INFO] [stdout] help: consider importing this tuple struct
[INFO] [stdout]     |
[INFO] [stdout] 834 |     use crate::fragment::PackageName;
[INFO] [stdout]     |
[INFO] [stdout] 
[INFO] [stdout] 
[INFO] [stdout] error[E0425]: cannot find function, tuple struct or tuple variant `PackageName` in this scope
[INFO] [stdout]    --> src/lib.rs:977:13
[INFO] [stdout]     |
[INFO] [stdout] 977 |             PackageName(vec![
[INFO] [stdout]     |             ^^^^^^^^^^^ not found in this scope
[INFO] [stdout]     |
[INFO] [stdout] help: consider importing this tuple struct
[INFO] [stdout]     |
[INFO] [stdout] 834 |     use crate::fragment::PackageName;
[INFO] [stdout]     |
[INFO] [stdout] 
[INFO] [stdout] 
[INFO] [stdout] error[E0433]: failed to resolve: use of undeclared type `JavaOpCode`
[INFO] [stdout]    --> src/lib.rs:993:13
[INFO] [stdout]     |
[INFO] [stdout] 993 |             JavaOpCode::nom_parse(&Default::default(), &src[..]).map_err(NomFlatError::from)?;
[INFO] [stdout]     |             ^^^^^^^^^^ not found in this scope
[INFO] [stdout]     |
[INFO] [stdout] help: consider importing this enum
[INFO] [stdout]     |
[INFO] [stdout] 834 |     use crate::fragment::JavaOpCode;
[INFO] [stdout]     |
[INFO] [stdout] 
[INFO] [stdout] 
[INFO] [stdout] error[E0554]: `#![feature]` may not be used on the stable release channel
[INFO] [stdout]  --> src/lib.rs:3:1
[INFO] [stdout]   |
[INFO] [stdout] 3 | #![feature(associated_type_defaults)]
[INFO] [stdout]   | ^^^^^^^^^^^^^^^^^^^^^^^^^^^^^^^^^^^^^
[INFO] [stdout] 
[INFO] [stdout] 
[INFO] [stdout] error[E0554]: `#![feature]` may not be used on the stable release channel
[INFO] [stdout]  --> src/lib.rs:4:1
[INFO] [stdout]   |
[INFO] [stdout] 4 | #![feature(box_patterns, box_syntax)]
[INFO] [stdout]   | ^^^^^^^^^^^^^^^^^^^^^^^^^^^^^^^^^^^^^
[INFO] [stdout] 
[INFO] [stdout] 
[INFO] [stdout] error: aborting due to 2 previous errors
[INFO] [stdout] 
[INFO] [stdout] 
[INFO] [stdout] For more information about this error, try `rustc --explain E0554`.
[INFO] [stdout] 
[INFO] [stderr] error: could not compile `java_class_manipulation` due to 3 previous errors
[INFO] [stderr] warning: build failed, waiting for other jobs to finish...
[INFO] [stdout] error: aborting due to 23 previous errors
[INFO] [stdout] 
[INFO] [stdout] 
[INFO] [stdout] Some errors have detailed explanations: E0425, E0433, E0554.
[INFO] [stdout] 
[INFO] [stdout] For more information about an error, try `rustc --explain E0425`.
[INFO] [stdout] 
[INFO] [stderr] error: build failed
[INFO] running `Command { std: "docker" "inspect" "87160c6fc77c947bc4295c933eff77329f0cc59101d47a79294e97c67f0ea02b", kill_on_drop: false }`
[INFO] running `Command { std: "docker" "rm" "-f" "87160c6fc77c947bc4295c933eff77329f0cc59101d47a79294e97c67f0ea02b", kill_on_drop: false }`
[INFO] [stdout] 87160c6fc77c947bc4295c933eff77329f0cc59101d47a79294e97c67f0ea02b
