[INFO] cloning repository https://github.com/dracarys18/Portfolio
[INFO] running `Command { std: "git" "-c" "credential.helper=" "-c" "credential.helper=/workspace/cargo-home/bin/git-credential-null" "clone" "--bare" "https://github.com/dracarys18/Portfolio" "/workspace/cache/git-repos/https%3A%2F%2Fgithub.com%2Fdracarys18%2FPortfolio", kill_on_drop: false }`
[INFO] [stderr] Cloning into bare repository '/workspace/cache/git-repos/https%3A%2F%2Fgithub.com%2Fdracarys18%2FPortfolio'...
[INFO] running `Command { std: "git" "rev-parse" "HEAD", kill_on_drop: false }`
[INFO] [stdout] 2ab068f17a7cf22c9a2c6ae0d1c2fbc0f570de6d
[INFO] checking dracarys18/Portfolio against beta-2021-10-15 for beta-1.56-3
[INFO] running `Command { std: "git" "clone" "/workspace/cache/git-repos/https%3A%2F%2Fgithub.com%2Fdracarys18%2FPortfolio" "/workspace/builds/worker-2/source", kill_on_drop: false }`
[INFO] [stderr] Cloning into '/workspace/builds/worker-2/source'...
[INFO] [stderr] done.
[INFO] validating manifest of git repo https://github.com/dracarys18/Portfolio on toolchain beta-2021-10-15
[INFO] running `Command { std: "/workspace/cargo-home/bin/cargo" "+beta-2021-10-15" "metadata" "--manifest-path" "Cargo.toml" "--no-deps", kill_on_drop: false }`
[INFO] removed /workspace/builds/worker-2/source/rust-toolchain
[INFO] started tweaking git repo https://github.com/dracarys18/Portfolio
[INFO] finished tweaking git repo https://github.com/dracarys18/Portfolio
[INFO] tweaked toml for git repo https://github.com/dracarys18/Portfolio written to /workspace/builds/worker-2/source/Cargo.toml
[INFO] crate git repo https://github.com/dracarys18/Portfolio already has a lockfile, it will not be regenerated
[INFO] running `Command { std: "/workspace/cargo-home/bin/cargo" "+beta-2021-10-15" "fetch" "--manifest-path" "Cargo.toml", kill_on_drop: false }`
[INFO] [stderr]  Downloading crates ...
[INFO] [stderr]   Downloaded typed-arena v1.7.0
[INFO] [stderr]   Downloaded entities v1.0.1
[INFO] [stderr]   Downloaded rustc_version_runtime v0.2.0
[INFO] [stderr]   Downloaded comrak v0.11.0
[INFO] [stderr]   Downloaded handlebars v1.1.0
[INFO] running `Command { std: "docker" "create" "-v" "/var/lib/crater-agent-workspace/builds/worker-2/target:/opt/rustwide/target:rw,Z" "-v" "/var/lib/crater-agent-workspace/builds/worker-2/source:/opt/rustwide/workdir:ro,Z" "-v" "/var/lib/crater-agent-workspace/cargo-home:/opt/rustwide/cargo-home:ro,Z" "-v" "/var/lib/crater-agent-workspace/rustup-home:/opt/rustwide/rustup-home:ro,Z" "-e" "SOURCE_DIR=/opt/rustwide/workdir" "-e" "CARGO_TARGET_DIR=/opt/rustwide/target" "-e" "CARGO_HOME=/opt/rustwide/cargo-home" "-e" "RUSTUP_HOME=/opt/rustwide/rustup-home" "-w" "/opt/rustwide/workdir" "-m" "1610612736" "--user" "0:0" "--network" "none" "ghcr.io/rust-lang/crates-build-env/linux@sha256:a89201d6b5b9fd45c15d5952ece0a0129e7e80cb26ec023fd59cf09bc26f1604" "/opt/rustwide/cargo-home/bin/cargo" "+beta-2021-10-15" "metadata" "--no-deps" "--format-version=1", kill_on_drop: false }`
[INFO] [stderr] WARNING: Your kernel does not support swap limit capabilities or the cgroup is not mounted. Memory limited without swap.
[INFO] [stdout] 87c7a6f396741d06ebec456d47601dbcb92c77165d519d457c7106162d0f2f3f
[INFO] running `Command { std: "docker" "start" "-a" "87c7a6f396741d06ebec456d47601dbcb92c77165d519d457c7106162d0f2f3f", kill_on_drop: false }`
[INFO] running `Command { std: "docker" "inspect" "87c7a6f396741d06ebec456d47601dbcb92c77165d519d457c7106162d0f2f3f", kill_on_drop: false }`
[INFO] running `Command { std: "docker" "rm" "-f" "87c7a6f396741d06ebec456d47601dbcb92c77165d519d457c7106162d0f2f3f", kill_on_drop: false }`
[INFO] [stdout] 87c7a6f396741d06ebec456d47601dbcb92c77165d519d457c7106162d0f2f3f
[INFO] running `Command { std: "docker" "create" "-v" "/var/lib/crater-agent-workspace/builds/worker-2/target:/opt/rustwide/target:rw,Z" "-v" "/var/lib/crater-agent-workspace/builds/worker-2/source:/opt/rustwide/workdir:ro,Z" "-v" "/var/lib/crater-agent-workspace/cargo-home:/opt/rustwide/cargo-home:ro,Z" "-v" "/var/lib/crater-agent-workspace/rustup-home:/opt/rustwide/rustup-home:ro,Z" "-e" "SOURCE_DIR=/opt/rustwide/workdir" "-e" "CARGO_TARGET_DIR=/opt/rustwide/target" "-e" "CARGO_INCREMENTAL=0" "-e" "RUST_BACKTRACE=full" "-e" "RUSTFLAGS=--cap-lints=warn" "-e" "CARGO_HOME=/opt/rustwide/cargo-home" "-e" "RUSTUP_HOME=/opt/rustwide/rustup-home" "-w" "/opt/rustwide/workdir" "-m" "1610612736" "--user" "0:0" "--network" "none" "ghcr.io/rust-lang/crates-build-env/linux@sha256:a89201d6b5b9fd45c15d5952ece0a0129e7e80cb26ec023fd59cf09bc26f1604" "/opt/rustwide/cargo-home/bin/cargo" "+beta-2021-10-15" "check" "--frozen" "--all" "--all-targets" "--message-format=json", kill_on_drop: false }`
[INFO] [stderr] WARNING: Your kernel does not support swap limit capabilities or the cgroup is not mounted. Memory limited without swap.
[INFO] [stdout] 02b6c9465149d9db85f9d026fea1d706516b966b415e7dc99d1cbe8c2a1f05cc
[INFO] running `Command { std: "docker" "start" "-a" "02b6c9465149d9db85f9d026fea1d706516b966b415e7dc99d1cbe8c2a1f05cc", kill_on_drop: false }`
[INFO] [stderr]    Compiling syn v1.0.74
[INFO] [stderr]    Compiling cpuid-bool v0.2.0
[INFO] [stderr]    Compiling hashbrown v0.11.2
[INFO] [stderr]     Checking shell-words v1.0.0
[INFO] [stderr]    Compiling pear_codegen v0.1.4
[INFO] [stderr]    Compiling rocket_codegen v0.4.10
[INFO] [stderr]    Compiling rocket v0.4.10
[INFO] [stderr]    Compiling base64 v0.9.3
[INFO] [stderr]     Checking time v0.1.43
[INFO] [stderr]     Checking net2 v0.2.37
[INFO] [stderr]     Checking iovec v0.1.4
[INFO] [stderr]     Checking inotify-sys v0.1.5
[INFO] [stderr]     Checking filetime v0.2.15
[INFO] [stderr]    Compiling getrandom v0.2.3
[INFO] [stderr]    Compiling log v0.3.9
[INFO] [stderr]    Compiling num_cpus v1.13.0
[INFO] [stderr]     Checking twoway v0.2.2
[INFO] [stderr]    Compiling idna v0.1.5
[INFO] [stderr]    Compiling cipher v0.2.5
[INFO] [stderr]    Compiling universal-hash v0.4.1
[INFO] [stderr]    Compiling crypto-mac v0.10.1
[INFO] [stderr]    Compiling aead v0.3.2
[INFO] [stderr]     Checking inotify v0.7.1
[INFO] [stderr]    Compiling mime v0.2.6
[INFO] [stderr]    Compiling rand_core v0.6.3
[INFO] [stderr]    Compiling devise_core v0.2.0
[INFO] [stderr]     Checking aes-soft v0.6.4
[INFO] [stderr]     Checking ctr v0.6.0
[INFO] [stderr]     Checking mio v0.6.23
[INFO] [stderr]     Checking chrono v0.4.19
[INFO] [stderr] error: failed to run custom build command for `pear_codegen v0.1.4`
[INFO] [stderr] 
[INFO] [stderr] Caused by:
[INFO] [stderr]   process didn't exit successfully: `/opt/rustwide/target/debug/build/pear_codegen-cf4d850bc41a8a26/build-script-build` (exit status: 101)
[INFO] [stderr]   --- stderr
[INFO] [stderr]   [1;31mError:[0m [1mPear requires a 'dev' or 'nightly' version of rustc.[0m
[INFO] [stderr]   Installed version: [33m1.56.0 (2021-10-14)[0m
[INFO] [stderr]   Minimum required:  [33m1.31.0-nightly (2018-10-05)[0m
[INFO] [stderr]   thread 'main' panicked at 'Aborting compilation due to incompatible compiler.', /opt/rustwide/cargo-home/registry/src/github.com-1ecc6299db9ec823/pear_codegen-0.1.4/build.rs:24:13
[INFO] [stderr]   stack backtrace:
[INFO] [stderr]      0:     0x560ea576d3dc - std::backtrace_rs::backtrace::libunwind::trace::h51faa62df48810e4
[INFO] [stderr]                                  at /rustc/58268ff091703ace98c3c2a8c5f2fb2c3aecace2/library/std/src/../../backtrace/src/backtrace/libunwind.rs:90:5
[INFO] [stderr]      1:     0x560ea576d3dc - std::backtrace_rs::backtrace::trace_unsynchronized::h91de4d8e16d607e4
[INFO] [stderr]                                  at /rustc/58268ff091703ace98c3c2a8c5f2fb2c3aecace2/library/std/src/../../backtrace/src/backtrace/mod.rs:66:5
[INFO] [stderr]      2:     0x560ea576d3dc - std::sys_common::backtrace::_print_fmt::h71b0935f97e4322c
[INFO] [stderr]                                  at /rustc/58268ff091703ace98c3c2a8c5f2fb2c3aecace2/library/std/src/sys_common/backtrace.rs:67:5
[INFO] [stderr]      3:     0x560ea576d3dc - <std::sys_common::backtrace::_print::DisplayBacktrace as core::fmt::Display>::fmt::h9a78218788c14e18
[INFO] [stderr]                                  at /rustc/58268ff091703ace98c3c2a8c5f2fb2c3aecace2/library/std/src/sys_common/backtrace.rs:46:22
[INFO] [stderr]      4:     0x560ea578afec - core::fmt::write::h3381b3176fe2b3d3
[INFO] [stderr]                                  at /rustc/58268ff091703ace98c3c2a8c5f2fb2c3aecace2/library/core/src/fmt/mod.rs:1150:17
[INFO] [stderr]      5:     0x560ea576a875 - std::io::Write::write_fmt::h1d5220480c7a2437
[INFO] [stderr]                                  at /rustc/58268ff091703ace98c3c2a8c5f2fb2c3aecace2/library/std/src/io/mod.rs:1667:15
[INFO] [stderr]      6:     0x560ea576ead0 - std::sys_common::backtrace::_print::h4b77abc4d907ed0e
[INFO] [stderr]                                  at /rustc/58268ff091703ace98c3c2a8c5f2fb2c3aecace2/library/std/src/sys_common/backtrace.rs:49:5
[INFO] [stderr]      7:     0x560ea576ead0 - std::sys_common::backtrace::print::hb170c60b542377ad
[INFO] [stderr]                                  at /rustc/58268ff091703ace98c3c2a8c5f2fb2c3aecace2/library/std/src/sys_common/backtrace.rs:36:9
[INFO] [stderr]      8:     0x560ea576ead0 - std::panicking::default_hook::{{closure}}::h12bbda9af8901ee3
[INFO] [stderr]                                  at /rustc/58268ff091703ace98c3c2a8c5f2fb2c3aecace2/library/std/src/panicking.rs:210:50
[INFO] [stderr]      9:     0x560ea576e687 - std::panicking::default_hook::h8c6c66d3f3ba6768
[INFO] [stderr]                                  at /rustc/58268ff091703ace98c3c2a8c5f2fb2c3aecace2/library/std/src/panicking.rs:227:9
[INFO] [stderr]     10:     0x560ea576f184 - std::panicking::rust_panic_with_hook::h36f2fa0bb09f4069
[INFO] [stderr]                                  at /rustc/58268ff091703ace98c3c2a8c5f2fb2c3aecace2/library/std/src/panicking.rs:624:17
[INFO] [stderr]     11:     0x560ea57370fe - std::panicking::begin_panic::{{closure}}::h4bf746e0a456a7b7
[INFO] [stderr]                                  at /rustc/58268ff091703ace98c3c2a8c5f2fb2c3aecace2/library/std/src/panicking.rs:544:9
[INFO] [stderr]     12:     0x560ea5736d58 - std::sys_common::backtrace::__rust_end_short_backtrace::h8450dd6d89089d74
[INFO] [stderr]                                  at /rustc/58268ff091703ace98c3c2a8c5f2fb2c3aecace2/library/std/src/sys_common/backtrace.rs:141:18
[INFO] [stderr]     13:     0x560ea573703f - std::panicking::begin_panic::h3e14622abdf05e99
[INFO] [stderr]                                  at /rustc/58268ff091703ace98c3c2a8c5f2fb2c3aecace2/library/std/src/panicking.rs:543:12
[INFO] [stderr]     14:     0x560ea573827f - build_script_build::main::hccfab107918a59f3
[INFO] [stderr]                                  at /opt/rustwide/cargo-home/registry/src/github.com-1ecc6299db9ec823/pear_codegen-0.1.4/build.rs:24:13
[INFO] [stderr]     15:     0x560ea5736adb - core::ops::function::FnOnce::call_once::hb0427bb20f86097d
[INFO] [stderr]                                  at /rustc/58268ff091703ace98c3c2a8c5f2fb2c3aecace2/library/core/src/ops/function.rs:227:5
[INFO] [stderr]     16:     0x560ea5736d9e - std::sys_common::backtrace::__rust_begin_short_backtrace::h78b53f6118625382
[INFO] [stderr]                                  at /rustc/58268ff091703ace98c3c2a8c5f2fb2c3aecace2/library/std/src/sys_common/backtrace.rs:125:18
[INFO] [stderr]     17:     0x560ea5736981 - std::rt::lang_start::{{closure}}::hb3212b88aadefae8
[INFO] [stderr]                                  at /rustc/58268ff091703ace98c3c2a8c5f2fb2c3aecace2/library/std/src/rt.rs:63:18
[INFO] [stderr]     18:     0x560ea576f68a - core::ops::function::impls::<impl core::ops::function::FnOnce<A> for &F>::call_once::hc590b210ed55e22f
[INFO] [stderr]                                  at /rustc/58268ff091703ace98c3c2a8c5f2fb2c3aecace2/library/core/src/ops/function.rs:259:13
[INFO] [stderr]     19:     0x560ea576f68a - std::panicking::try::do_call::h5f0600b7a33ea1af
[INFO] [stderr]                                  at /rustc/58268ff091703ace98c3c2a8c5f2fb2c3aecace2/library/std/src/panicking.rs:403:40
[INFO] [stderr]     20:     0x560ea576f68a - std::panicking::try::he15826df0f376a33
[INFO] [stderr]                                  at /rustc/58268ff091703ace98c3c2a8c5f2fb2c3aecace2/library/std/src/panicking.rs:367:19
[INFO] [stderr]     21:     0x560ea576f68a - std::panic::catch_unwind::hd8af3a578b6b4c86
[INFO] [stderr]                                  at /rustc/58268ff091703ace98c3c2a8c5f2fb2c3aecace2/library/std/src/panic.rs:129:14
[INFO] [stderr]     22:     0x560ea576f68a - std::rt::lang_start_internal::{{closure}}::h301d1329324ae1f0
[INFO] [stderr]                                  at /rustc/58268ff091703ace98c3c2a8c5f2fb2c3aecace2/library/std/src/rt.rs:45:48
[INFO] [stderr]     23:     0x560ea576f68a - std::panicking::try::do_call::h941e8fdb0bd03655
[INFO] [stderr]                                  at /rustc/58268ff091703ace98c3c2a8c5f2fb2c3aecace2/library/std/src/panicking.rs:403:40
[INFO] [stderr]     24:     0x560ea576f68a - std::panicking::try::ha20a77bf65530f63
[INFO] [stderr]                                  at /rustc/58268ff091703ace98c3c2a8c5f2fb2c3aecace2/library/std/src/panicking.rs:367:19
[INFO] [stderr]     25:     0x560ea576f68a - std::panic::catch_unwind::h33afc061cc69ef90
[INFO] [stderr]                                  at /rustc/58268ff091703ace98c3c2a8c5f2fb2c3aecace2/library/std/src/panic.rs:129:14
[INFO] [stderr]     26:     0x560ea576f68a - std::rt::lang_start_internal::hc05c244593147106
[INFO] [stderr]                                  at /rustc/58268ff091703ace98c3c2a8c5f2fb2c3aecace2/library/std/src/rt.rs:45:20
[INFO] [stderr]     27:     0x560ea5736950 - std::rt::lang_start::h5544f90380434b0d
[INFO] [stderr]                                  at /rustc/58268ff091703ace98c3c2a8c5f2fb2c3aecace2/library/std/src/rt.rs:62:5
[INFO] [stderr]     28:     0x560ea57388bc - main
[INFO] [stderr]     29:     0x7fc72aa7d0b3 - __libc_start_main
[INFO] [stderr]     30:     0x560ea573592e - _start
[INFO] [stderr]     31:                0x0 - <unknown>
[INFO] [stderr] warning: build failed, waiting for other jobs to finish...
[INFO] [stdout] error[E0554]: `#![feature]` may not be used on the beta release channel
[INFO] [stdout]  --> /opt/rustwide/cargo-home/registry/src/github.com-1ecc6299db9ec823/devise_core-0.2.0/src/lib.rs:1:1
[INFO] [stdout]   |
[INFO] [stdout] 1 | #![feature(proc_macro_diagnostic, proc_macro_span)]
[INFO] [stdout]   | ^^^^^^^^^^^^^^^^^^^^^^^^^^^^^^^^^^^^^^^^^^^^^^^^^^^
[INFO] [stdout] 
[INFO] [stdout] 
[INFO] [stdout] error[E0554]: `#![feature]` may not be used on the beta release channel
[INFO] [stdout]  --> /opt/rustwide/cargo-home/registry/src/github.com-1ecc6299db9ec823/devise_core-0.2.0/src/lib.rs:2:1
[INFO] [stdout]   |
[INFO] [stdout] 2 | #![feature(crate_visibility_modifier)]
[INFO] [stdout]   | ^^^^^^^^^^^^^^^^^^^^^^^^^^^^^^^^^^^^^^
[INFO] [stdout] 
[INFO] [stdout] 
[INFO] [stdout] error[E0554]: `#![feature]` may not be used on the beta release channel
[INFO] [stdout]  --> /opt/rustwide/cargo-home/registry/src/github.com-1ecc6299db9ec823/devise_core-0.2.0/src/lib.rs:3:1
[INFO] [stdout]   |
[INFO] [stdout] 3 | #![feature(concat_idents)]
[INFO] [stdout]   | ^^^^^^^^^^^^^^^^^^^^^^^^^^
[INFO] [stdout] 
[INFO] [stdout] 
[INFO] [stdout] error: aborting due to 3 previous errors
[INFO] [stdout] 
[INFO] [stdout] 
[INFO] [stdout] For more information about this error, try `rustc --explain E0554`.
[INFO] [stdout] 
[INFO] [stderr] error: build failed
[INFO] running `Command { std: "docker" "inspect" "02b6c9465149d9db85f9d026fea1d706516b966b415e7dc99d1cbe8c2a1f05cc", kill_on_drop: false }`
[INFO] running `Command { std: "docker" "rm" "-f" "02b6c9465149d9db85f9d026fea1d706516b966b415e7dc99d1cbe8c2a1f05cc", kill_on_drop: false }`
[INFO] [stdout] 02b6c9465149d9db85f9d026fea1d706516b966b415e7dc99d1cbe8c2a1f05cc
