[INFO] cloning repository https://github.com/doup/sdf_2d
[INFO] running `Command { std: "git" "-c" "credential.helper=" "-c" "credential.helper=/workspace/cargo-home/bin/git-credential-null" "clone" "--bare" "https://github.com/doup/sdf_2d" "/workspace/cache/git-repos/https%3A%2F%2Fgithub.com%2Fdoup%2Fsdf_2d", kill_on_drop: false }`
[INFO] [stderr] Cloning into bare repository '/workspace/cache/git-repos/https%3A%2F%2Fgithub.com%2Fdoup%2Fsdf_2d'...
[INFO] running `Command { std: "git" "rev-parse" "HEAD", kill_on_drop: false }`
[INFO] [stdout] 6f8f7b8a43381a3395aaad8709b09278f04f2036
[INFO] checking doup/sdf_2d against 1.55.0 for beta-1.56-3
[INFO] running `Command { std: "git" "clone" "/workspace/cache/git-repos/https%3A%2F%2Fgithub.com%2Fdoup%2Fsdf_2d" "/workspace/builds/worker-9/source", kill_on_drop: false }`
[INFO] [stderr] Cloning into '/workspace/builds/worker-9/source'...
[INFO] [stderr] done.
[INFO] validating manifest of git repo https://github.com/doup/sdf_2d on toolchain 1.55.0
[INFO] running `Command { std: "/workspace/cargo-home/bin/cargo" "+1.55.0" "metadata" "--manifest-path" "Cargo.toml" "--no-deps", kill_on_drop: false }`
[INFO] started tweaking git repo https://github.com/doup/sdf_2d
[INFO] finished tweaking git repo https://github.com/doup/sdf_2d
[INFO] tweaked toml for git repo https://github.com/doup/sdf_2d written to /workspace/builds/worker-9/source/Cargo.toml
[INFO] crate git repo https://github.com/doup/sdf_2d already has a lockfile, it will not be regenerated
[INFO] running `Command { std: "/workspace/cargo-home/bin/cargo" "+1.55.0" "fetch" "--manifest-path" "Cargo.toml", kill_on_drop: false }`
[INFO] running `Command { std: "docker" "create" "-v" "/var/lib/crater-agent-workspace/builds/worker-9/target:/opt/rustwide/target:rw,Z" "-v" "/var/lib/crater-agent-workspace/builds/worker-9/source:/opt/rustwide/workdir:ro,Z" "-v" "/var/lib/crater-agent-workspace/cargo-home:/opt/rustwide/cargo-home:ro,Z" "-v" "/var/lib/crater-agent-workspace/rustup-home:/opt/rustwide/rustup-home:ro,Z" "-e" "SOURCE_DIR=/opt/rustwide/workdir" "-e" "CARGO_TARGET_DIR=/opt/rustwide/target" "-e" "CARGO_HOME=/opt/rustwide/cargo-home" "-e" "RUSTUP_HOME=/opt/rustwide/rustup-home" "-w" "/opt/rustwide/workdir" "-m" "1610612736" "--user" "0:0" "--network" "none" "ghcr.io/rust-lang/crates-build-env/linux@sha256:a89201d6b5b9fd45c15d5952ece0a0129e7e80cb26ec023fd59cf09bc26f1604" "/opt/rustwide/cargo-home/bin/cargo" "+1.55.0" "metadata" "--no-deps" "--format-version=1", kill_on_drop: false }`
[INFO] [stdout] cf769ae5aa73140911548bc69adf5c669e1ff946b517e50ce3e4a569b4a408ef
[INFO] [stderr] WARNING: Your kernel does not support swap limit capabilities or the cgroup is not mounted. Memory limited without swap.
[INFO] running `Command { std: "docker" "start" "-a" "cf769ae5aa73140911548bc69adf5c669e1ff946b517e50ce3e4a569b4a408ef", kill_on_drop: false }`
[INFO] running `Command { std: "docker" "inspect" "cf769ae5aa73140911548bc69adf5c669e1ff946b517e50ce3e4a569b4a408ef", kill_on_drop: false }`
[INFO] running `Command { std: "docker" "rm" "-f" "cf769ae5aa73140911548bc69adf5c669e1ff946b517e50ce3e4a569b4a408ef", kill_on_drop: false }`
[INFO] [stdout] cf769ae5aa73140911548bc69adf5c669e1ff946b517e50ce3e4a569b4a408ef
[INFO] running `Command { std: "docker" "create" "-v" "/var/lib/crater-agent-workspace/builds/worker-9/target:/opt/rustwide/target:rw,Z" "-v" "/var/lib/crater-agent-workspace/builds/worker-9/source:/opt/rustwide/workdir:ro,Z" "-v" "/var/lib/crater-agent-workspace/cargo-home:/opt/rustwide/cargo-home:ro,Z" "-v" "/var/lib/crater-agent-workspace/rustup-home:/opt/rustwide/rustup-home:ro,Z" "-e" "SOURCE_DIR=/opt/rustwide/workdir" "-e" "CARGO_TARGET_DIR=/opt/rustwide/target" "-e" "CARGO_INCREMENTAL=0" "-e" "RUST_BACKTRACE=full" "-e" "RUSTFLAGS=--cap-lints=warn" "-e" "CARGO_HOME=/opt/rustwide/cargo-home" "-e" "RUSTUP_HOME=/opt/rustwide/rustup-home" "-w" "/opt/rustwide/workdir" "-m" "1610612736" "--user" "0:0" "--network" "none" "ghcr.io/rust-lang/crates-build-env/linux@sha256:a89201d6b5b9fd45c15d5952ece0a0129e7e80cb26ec023fd59cf09bc26f1604" "/opt/rustwide/cargo-home/bin/cargo" "+1.55.0" "check" "--frozen" "--all" "--all-targets" "--message-format=json", kill_on_drop: false }`
[INFO] [stdout] 2d5c6c1f7b4215c138e966436eb859778bc14091ba07836aa5d9dba377eb43cc
[INFO] [stderr] WARNING: Your kernel does not support swap limit capabilities or the cgroup is not mounted. Memory limited without swap.
[INFO] running `Command { std: "docker" "start" "-a" "2d5c6c1f7b4215c138e966436eb859778bc14091ba07836aa5d9dba377eb43cc", kill_on_drop: false }`
[INFO] [stderr]    Compiling libc v0.2.84
[INFO] [stderr]     Checking once_cell v1.5.2
[INFO] [stderr]     Checking atomic_refcell v0.1.7
[INFO] [stderr]     Checking emath v0.10.0
[INFO] [stderr]     Checking pollster v0.2.2
[INFO] [stderr]    Compiling nom v6.1.0
[INFO] [stderr]    Compiling ahash v0.7.2
[INFO] [stderr]     Checking safe_arch v0.5.2
[INFO] [stderr]    Compiling wayland-scanner v0.28.5
[INFO] [stderr]     Checking spirv_headers v1.5.0
[INFO] [stderr]    Compiling serde_derive v1.0.123
[INFO] [stderr]    Compiling thiserror-impl v1.0.23
[INFO] [stderr]    Compiling tracing-attributes v0.1.11
[INFO] [stderr]     Checking async-executor v1.4.0
[INFO] [stderr]     Checking thread_local v1.1.2
[INFO] [stderr]     Checking wide v0.5.5
[INFO] [stderr]     Checking regex v1.4.3
[INFO] [stderr]    Compiling wayland-client v0.28.5
[INFO] [stderr]    Compiling wayland-protocols v0.28.5
[INFO] [stderr]     Checking ultraviolet v0.7.5
[INFO] [stderr]    Compiling jobserver v0.1.21
[INFO] [stderr]    Compiling getrandom v0.2.2
[INFO] [stderr]     Checking raw-window-handle v0.3.3
[INFO] [stderr]     Checking nix v0.20.0
[INFO] [stderr]     Checking num_cpus v1.13.0
[INFO] [stderr]     Checking getrandom v0.1.16
[INFO] [stderr]     Checking net2 v0.2.37
[INFO] [stderr]     Checking khronos-egl v3.0.2
[INFO] [stderr]     Checking iovec v0.1.4
[INFO] [stderr]     Checking nix v0.18.0
[INFO] [stderr]     Checking memmap2 v0.1.0
[INFO] [stderr]     Checking x11-dl v2.18.5
[INFO] [stderr]     Checking atty v0.2.14
[INFO] [stderr]     Checking xcursor v0.3.3
[INFO] [stderr]     Checking thiserror v1.0.23
[INFO] [stderr]     Checking ahash v0.6.3
[INFO] [stderr]    Compiling cc v1.0.66
[INFO] [stderr]     Checking tracing v0.1.22
[INFO] [stderr]     Checking bevy_tasks v0.4.0
[INFO] [stderr]     Checking rayon-core v1.9.0
[INFO] [stderr]     Checking rand_core v0.5.1
[INFO] [stderr]     Checking mio v0.6.23
[INFO] [stderr]     Checking env_logger v0.8.2
[INFO] [stderr]     Checking naga v0.3.2
[INFO] [stderr]     Checking epaint v0.10.0
[INFO] [stderr]     Checking gpu-alloc v0.3.0
[INFO] [stderr]     Checking gpu-descriptor v0.1.1
[INFO] [stderr]     Checking rand_chacha v0.2.2
[INFO] [stderr]     Checking rayon v1.5.0
[INFO] [stderr]     Checking rand v0.7.3
[INFO] [stderr]     Checking egui v0.10.0
[INFO] [stderr]     Checking mio-extras v2.0.6
[INFO] [stderr]    Compiling spirv_cross v0.23.1
[INFO] [stderr] error: could not compile `nix`
[INFO] [stderr] 
[INFO] [stderr] Caused by:
[INFO] [stderr]   process didn't exit successfully: `rustc --crate-name nix --edition=2018 /opt/rustwide/cargo-home/registry/src/github.com-1ecc6299db9ec823/nix-0.20.0/src/lib.rs --error-format=json --json=diagnostic-rendered-ansi --crate-type lib --emit=dep-info,metadata -C embed-bitcode=no -C debuginfo=2 -C metadata=01e0754e172eaad5 -C extra-filename=-01e0754e172eaad5 --out-dir /opt/rustwide/target/debug/deps -L dependency=/opt/rustwide/target/debug/deps --extern bitflags=/opt/rustwide/target/debug/deps/libbitflags-22dcd12d8ed9385b.rmeta --extern cfg_if=/opt/rustwide/target/debug/deps/libcfg_if-1ea64960760a6d98.rmeta --extern libc=/opt/rustwide/target/debug/deps/liblibc-0045d2c196156c23.rmeta --cap-lints allow --cap-lints=warn` (signal: 9, SIGKILL: kill)
[INFO] [stderr] warning: build failed, waiting for other jobs to finish...
[INFO] [stderr] The following warnings were emitted during compilation:
[INFO] [stderr] 
[INFO] [stderr] warning: src/wrapper.cpp:2: warning: ignoring #pragma warning  [-Wunknown-pragmas]
[INFO] [stderr] warning:     2 | #pragma warning(disable : 4996 4101)
[INFO] [stderr] warning:       | 
[INFO] [stderr] warning: c++: fatal error: Killed signal terminated program cc1plus
[INFO] [stderr] warning: compilation terminated.
[INFO] [stderr] warning: c++: fatal error: Killed signal terminated program cc1plus
[INFO] [stderr] warning: compilation terminated.
[INFO] [stderr] warning: c++: fatal error: Killed signal terminated program cc1plus
[INFO] [stderr] warning: compilation terminated.
[INFO] [stderr] 
[INFO] [stderr] error: build failed
[INFO] running `Command { std: "docker" "inspect" "2d5c6c1f7b4215c138e966436eb859778bc14091ba07836aa5d9dba377eb43cc", kill_on_drop: false }`
[INFO] running `Command { std: "docker" "rm" "-f" "2d5c6c1f7b4215c138e966436eb859778bc14091ba07836aa5d9dba377eb43cc", kill_on_drop: false }`
[INFO] [stdout] 2d5c6c1f7b4215c138e966436eb859778bc14091ba07836aa5d9dba377eb43cc
