[INFO] cloning repository https://github.com/dosmoc/duckgame
[INFO] running `Command { std: "git" "-c" "credential.helper=" "-c" "credential.helper=/workspace/cargo-home/bin/git-credential-null" "clone" "--bare" "https://github.com/dosmoc/duckgame" "/workspace/cache/git-repos/https%3A%2F%2Fgithub.com%2Fdosmoc%2Fduckgame", kill_on_drop: false }`
[INFO] [stderr] Cloning into bare repository '/workspace/cache/git-repos/https%3A%2F%2Fgithub.com%2Fdosmoc%2Fduckgame'...
[INFO] running `Command { std: "git" "rev-parse" "HEAD", kill_on_drop: false }`
[INFO] [stdout] db1c946f628aeb655cba4d43ac569bd0e498d963
[INFO] checking dosmoc/duckgame against beta-2021-10-15 for beta-1.56-3
[INFO] running `Command { std: "git" "clone" "/workspace/cache/git-repos/https%3A%2F%2Fgithub.com%2Fdosmoc%2Fduckgame" "/workspace/builds/worker-2/source", kill_on_drop: false }`
[INFO] [stderr] Cloning into '/workspace/builds/worker-2/source'...
[INFO] [stderr] done.
[INFO] validating manifest of git repo https://github.com/dosmoc/duckgame on toolchain beta-2021-10-15
[INFO] running `Command { std: "/workspace/cargo-home/bin/cargo" "+beta-2021-10-15" "metadata" "--manifest-path" "Cargo.toml" "--no-deps", kill_on_drop: false }`
[INFO] started tweaking git repo https://github.com/dosmoc/duckgame
[INFO] finished tweaking git repo https://github.com/dosmoc/duckgame
[INFO] tweaked toml for git repo https://github.com/dosmoc/duckgame written to /workspace/builds/worker-2/source/Cargo.toml
[INFO] crate git repo https://github.com/dosmoc/duckgame already has a lockfile, it will not be regenerated
[INFO] running `Command { std: "/workspace/cargo-home/bin/cargo" "+beta-2021-10-15" "fetch" "--manifest-path" "Cargo.toml", kill_on_drop: false }`
[INFO] [stderr]     Updating crates.io index
[INFO] [stderr]  Downloading crates ...
[INFO] [stderr]   Downloaded dlib v0.3.0
[INFO] [stderr]   Downloaded pistoncore-window v0.27.0
[INFO] [stderr]   Downloaded wayland-window v0.5.0
[INFO] [stderr]   Downloaded wayland-client v0.8.7
[INFO] [stderr]   Downloaded wayland-scanner v0.8.7
[INFO] [stderr]   Downloaded target_build_utils v0.1.1
[INFO] [stderr]   Downloaded wayland-kbd v0.8.0
[INFO] [stderr]   Downloaded gl v0.6.1
[INFO] [stderr]   Downloaded piston-texture v0.5.0
[INFO] [stderr]   Downloaded gleam v0.2.22
[INFO] [stderr]   Downloaded jpeg-decoder v0.1.6
[INFO] [stderr]   Downloaded objc v0.2.1
[INFO] [stderr]   Downloaded cocoa v0.5.2
[INFO] [stderr]   Downloaded serde_json v0.8.2
[INFO] [stderr]   Downloaded rayon v0.4.2
[INFO] [stderr]   Downloaded piston2d-graphics v0.21.1
[INFO] [stderr]   Downloaded pistoncore-input v0.18.0
[INFO] [stderr]   Downloaded shader_version v0.2.1
[INFO] [stderr]   Downloaded glutin v0.8.1
[INFO] [stderr]   Downloaded pistoncore-event_loop v0.32.0
[INFO] [stderr]   Downloaded pistoncore-glutin_window v0.37.0
[INFO] [stderr]   Downloaded khronos_api v0.0.8
[INFO] [stderr]   Downloaded x11-dl v2.8.0
[INFO] [stderr]   Downloaded piston v0.32.0
[INFO] [stderr]   Downloaded piston2d-opengl_graphics v0.43.1
[INFO] [stderr]   Downloaded core-graphics v0.4.2
[INFO] [stderr]   Downloaded libloading v0.2.4
[INFO] [stderr]   Downloaded xml-rs v0.3.4
[INFO] [stderr]   Downloaded wayland-sys v0.8.7
[INFO] [stderr]   Downloaded read_color v0.1.0
[INFO] [stderr]   Downloaded serde v0.8.10
[INFO] [stderr]   Downloaded winit v0.6.4
[INFO] [stderr]   Downloaded odds v0.2.20
[INFO] [stderr]   Downloaded arrayvec v0.3.19
[INFO] running `Command { std: "docker" "create" "-v" "/var/lib/crater-agent-workspace/builds/worker-2/target:/opt/rustwide/target:rw,Z" "-v" "/var/lib/crater-agent-workspace/builds/worker-2/source:/opt/rustwide/workdir:ro,Z" "-v" "/var/lib/crater-agent-workspace/cargo-home:/opt/rustwide/cargo-home:ro,Z" "-v" "/var/lib/crater-agent-workspace/rustup-home:/opt/rustwide/rustup-home:ro,Z" "-e" "SOURCE_DIR=/opt/rustwide/workdir" "-e" "CARGO_TARGET_DIR=/opt/rustwide/target" "-e" "CARGO_HOME=/opt/rustwide/cargo-home" "-e" "RUSTUP_HOME=/opt/rustwide/rustup-home" "-w" "/opt/rustwide/workdir" "-m" "1610612736" "--user" "0:0" "--network" "none" "ghcr.io/rust-lang/crates-build-env/linux@sha256:a89201d6b5b9fd45c15d5952ece0a0129e7e80cb26ec023fd59cf09bc26f1604" "/opt/rustwide/cargo-home/bin/cargo" "+beta-2021-10-15" "metadata" "--no-deps" "--format-version=1", kill_on_drop: false }`
[INFO] [stdout] f7776d829005b95558f7259400c1844643630628a7ffc1792b058c1fb4842b5a
[INFO] [stderr] WARNING: Your kernel does not support swap limit capabilities or the cgroup is not mounted. Memory limited without swap.
[INFO] running `Command { std: "docker" "start" "-a" "f7776d829005b95558f7259400c1844643630628a7ffc1792b058c1fb4842b5a", kill_on_drop: false }`
[INFO] running `Command { std: "docker" "inspect" "f7776d829005b95558f7259400c1844643630628a7ffc1792b058c1fb4842b5a", kill_on_drop: false }`
[INFO] running `Command { std: "docker" "rm" "-f" "f7776d829005b95558f7259400c1844643630628a7ffc1792b058c1fb4842b5a", kill_on_drop: false }`
[INFO] [stdout] f7776d829005b95558f7259400c1844643630628a7ffc1792b058c1fb4842b5a
[INFO] running `Command { std: "docker" "create" "-v" "/var/lib/crater-agent-workspace/builds/worker-2/target:/opt/rustwide/target:rw,Z" "-v" "/var/lib/crater-agent-workspace/builds/worker-2/source:/opt/rustwide/workdir:ro,Z" "-v" "/var/lib/crater-agent-workspace/cargo-home:/opt/rustwide/cargo-home:ro,Z" "-v" "/var/lib/crater-agent-workspace/rustup-home:/opt/rustwide/rustup-home:ro,Z" "-e" "SOURCE_DIR=/opt/rustwide/workdir" "-e" "CARGO_TARGET_DIR=/opt/rustwide/target" "-e" "CARGO_INCREMENTAL=0" "-e" "RUST_BACKTRACE=full" "-e" "RUSTFLAGS=--cap-lints=warn" "-e" "CARGO_HOME=/opt/rustwide/cargo-home" "-e" "RUSTUP_HOME=/opt/rustwide/rustup-home" "-w" "/opt/rustwide/workdir" "-m" "1610612736" "--user" "0:0" "--network" "none" "ghcr.io/rust-lang/crates-build-env/linux@sha256:a89201d6b5b9fd45c15d5952ece0a0129e7e80cb26ec023fd59cf09bc26f1604" "/opt/rustwide/cargo-home/bin/cargo" "+beta-2021-10-15" "check" "--frozen" "--all" "--all-targets" "--message-format=json", kill_on_drop: false }`
[INFO] [stdout] ea7fb80e7b9c926d5458b525a6e5640a3557073182f3d35b4027799110636a14
[INFO] [stderr] WARNING: Your kernel does not support swap limit capabilities or the cgroup is not mounted. Memory limited without swap.
[INFO] running `Command { std: "docker" "start" "-a" "ea7fb80e7b9c926d5458b525a6e5640a3557073182f3d35b4027799110636a14", kill_on_drop: false }`
[INFO] [stderr]     Checking libc v0.2.16
[INFO] [stderr]    Compiling serde v0.8.10
[INFO] [stderr]    Compiling itoa v0.1.1
[INFO] [stderr]    Compiling num-traits v0.1.36
[INFO] [stderr]    Compiling dtoa v0.2.2
[INFO] [stderr]     Checking rustc-serialize v0.3.19
[INFO] [stderr]     Checking odds v0.2.20
[INFO] [stderr]    Compiling xml-rs v0.3.4
[INFO] [stderr]    Compiling x11-dl v2.8.0
[INFO] [stderr]    Compiling tempfile v2.1.4
[INFO] [stderr]     Checking piston2d-graphics v0.21.1
[INFO] [stderr]     Checking num-complex v0.4.0
[INFO] [stderr]     Checking num-iter v0.1.42
[INFO] [stderr]     Checking num-rational v0.4.0
[INFO] [stderr]     Checking png v0.7.0
[INFO] [stdout] error[E0642]: patterns aren't allowed in functions without bodies
[INFO] [stdout]    --> /opt/rustwide/cargo-home/registry/src/github.com-1ecc6299db9ec823/rustc-serialize-0.3.19/src/serialize.rs:147:45
[INFO] [stdout]     |
[INFO] [stdout] 147 | ...                   &f_name: &str,
[INFO] [stdout]     |                       ^^^^^^^ pattern not allowed in function without body
[INFO] [stdout] 
[INFO] [stdout] 
[INFO] [stderr]     Checking nodrop v0.1.8
[INFO] [stderr]    Compiling gl_generator v0.5.2
[INFO] [stderr]    Compiling wayland-scanner v0.8.7
[INFO] [stderr]     Checking rand v0.3.14
[INFO] [stderr]     Checking fs2 v0.2.5
[INFO] [stderr]     Checking shared_library v0.1.5
[INFO] [stderr]     Checking num_cpus v0.2.13
[INFO] [stderr]     Checking arrayvec v0.3.19
[INFO] [stderr]     Checking memmap v0.4.0
[INFO] [stderr]     Checking osmesa-sys v0.1.2
[INFO] [stderr]     Checking num v0.4.0
[INFO] [stderr]     Checking rusttype v0.2.1
[INFO] [stderr]     Checking enum_primitive v0.1.0
[INFO] [stderr]    Compiling wayland-client v0.8.7
[INFO] [stdout] error: aborting due to previous error
[INFO] [stdout] 
[INFO] [stdout] 
[INFO] [stdout] For more information about this error, try `rustc --explain E0642`.
[INFO] [stdout] 
[INFO] [stderr]     Checking deque v0.3.1
[INFO] [stderr] error: could not compile `rustc-serialize` due to 2 previous errors
[INFO] [stderr] warning: build failed, waiting for other jobs to finish...
[INFO] [stdout] error[E0311]: the parameter type `K` may not live long enough
[INFO] [stdout]   --> /opt/rustwide/cargo-home/registry/src/github.com-1ecc6299db9ec823/rusttype-0.2.1/src/support/bst/map.rs:81:19
[INFO] [stdout]    |
[INFO] [stdout] 81 |             match node.force() {
[INFO] [stdout]    |                   ^^^^
[INFO] [stdout]    |
[INFO] [stdout] note: the parameter type `K` must be valid for the anonymous lifetime defined on the function body at 78:37...
[INFO] [stdout]   --> /opt/rustwide/cargo-home/registry/src/github.com-1ecc6299db9ec823/rusttype-0.2.1/src/support/bst/map.rs:78:37
[INFO] [stdout]    |
[INFO] [stdout] 78 |                 node: node::NodeRef<marker::Immut, K, V, marker::LeafOrInternal>)
[INFO] [stdout]    |                                     ^^^^^^^^^^^^^
[INFO] [stdout] 
[INFO] [stdout] 
[INFO] [stdout] error[E0311]: the parameter type `V` may not live long enough
[INFO] [stdout]   --> /opt/rustwide/cargo-home/registry/src/github.com-1ecc6299db9ec823/rusttype-0.2.1/src/support/bst/map.rs:81:19
[INFO] [stdout]    |
[INFO] [stdout] 81 |             match node.force() {
[INFO] [stdout]    |                   ^^^^
[INFO] [stdout]    |
[INFO] [stdout] note: the parameter type `V` must be valid for the anonymous lifetime defined on the function body at 78:37...
[INFO] [stdout]   --> /opt/rustwide/cargo-home/registry/src/github.com-1ecc6299db9ec823/rusttype-0.2.1/src/support/bst/map.rs:78:37
[INFO] [stdout]    |
[INFO] [stdout] 78 |                 node: node::NodeRef<marker::Immut, K, V, marker::LeafOrInternal>)
[INFO] [stdout]    |                                     ^^^^^^^^^^^^^
[INFO] [stdout] 
[INFO] [stdout] 
[INFO] [stdout] error: aborting due to 2 previous errors
[INFO] [stdout] 
[INFO] [stdout] 
[INFO] [stderr] error: build failed
[INFO] running `Command { std: "docker" "inspect" "ea7fb80e7b9c926d5458b525a6e5640a3557073182f3d35b4027799110636a14", kill_on_drop: false }`
[INFO] running `Command { std: "docker" "rm" "-f" "ea7fb80e7b9c926d5458b525a6e5640a3557073182f3d35b4027799110636a14", kill_on_drop: false }`
[INFO] [stdout] ea7fb80e7b9c926d5458b525a6e5640a3557073182f3d35b4027799110636a14
