[INFO] cloning repository https://github.com/domogled/pruga
[INFO] running `Command { std: "git" "-c" "credential.helper=" "-c" "credential.helper=/workspace/cargo-home/bin/git-credential-null" "clone" "--bare" "https://github.com/domogled/pruga" "/workspace/cache/git-repos/https%3A%2F%2Fgithub.com%2Fdomogled%2Fpruga", kill_on_drop: false }`
[INFO] [stderr] Cloning into bare repository '/workspace/cache/git-repos/https%3A%2F%2Fgithub.com%2Fdomogled%2Fpruga'...
[INFO] running `Command { std: "git" "rev-parse" "HEAD", kill_on_drop: false }`
[INFO] [stdout] c2e4905a0e87323dd2ff571450d77c5e552a42d4
[INFO] checking domogled/pruga against beta-2021-10-15 for beta-1.56-3
[INFO] running `Command { std: "git" "clone" "/workspace/cache/git-repos/https%3A%2F%2Fgithub.com%2Fdomogled%2Fpruga" "/workspace/builds/worker-12/source", kill_on_drop: false }`
[INFO] [stderr] Cloning into '/workspace/builds/worker-12/source'...
[INFO] [stderr] done.
[INFO] validating manifest of git repo https://github.com/domogled/pruga on toolchain beta-2021-10-15
[INFO] running `Command { std: "/workspace/cargo-home/bin/cargo" "+beta-2021-10-15" "metadata" "--manifest-path" "Cargo.toml" "--no-deps", kill_on_drop: false }`
[INFO] started tweaking git repo https://github.com/domogled/pruga
[INFO] finished tweaking git repo https://github.com/domogled/pruga
[INFO] tweaked toml for git repo https://github.com/domogled/pruga written to /workspace/builds/worker-12/source/Cargo.toml
[INFO] crate git repo https://github.com/domogled/pruga already has a lockfile, it will not be regenerated
[INFO] running `Command { std: "/workspace/cargo-home/bin/cargo" "+beta-2021-10-15" "fetch" "--manifest-path" "Cargo.toml", kill_on_drop: false }`
[INFO] [stderr]  Downloading crates ...
[INFO] [stderr]   Downloaded docopt v0.6.86
[INFO] [stderr]   Downloaded quote v0.3.10
[INFO] [stderr]   Downloaded strsim v0.5.2
[INFO] [stderr]   Downloaded syn v0.10.5
[INFO] [stderr]   Downloaded futf v0.1.2
[INFO] [stderr]   Downloaded mac v0.0.2
[INFO] [stderr]   Downloaded tendril v0.2.3
[INFO] [stderr]   Downloaded html5ever-atoms v0.1.2
[INFO] [stderr]   Downloaded string_cache v0.3.0
[INFO] [stderr]   Downloaded docopt_macros v0.6.87
[INFO] [stderr]   Downloaded html5ever v0.10.3
[INFO] running `Command { std: "docker" "create" "-v" "/var/lib/crater-agent-workspace/builds/worker-12/target:/opt/rustwide/target:rw,Z" "-v" "/var/lib/crater-agent-workspace/builds/worker-12/source:/opt/rustwide/workdir:ro,Z" "-v" "/var/lib/crater-agent-workspace/cargo-home:/opt/rustwide/cargo-home:ro,Z" "-v" "/var/lib/crater-agent-workspace/rustup-home:/opt/rustwide/rustup-home:ro,Z" "-e" "SOURCE_DIR=/opt/rustwide/workdir" "-e" "CARGO_TARGET_DIR=/opt/rustwide/target" "-e" "CARGO_HOME=/opt/rustwide/cargo-home" "-e" "RUSTUP_HOME=/opt/rustwide/rustup-home" "-w" "/opt/rustwide/workdir" "-m" "1610612736" "--user" "0:0" "--network" "none" "ghcr.io/rust-lang/crates-build-env/linux@sha256:a89201d6b5b9fd45c15d5952ece0a0129e7e80cb26ec023fd59cf09bc26f1604" "/opt/rustwide/cargo-home/bin/cargo" "+beta-2021-10-15" "metadata" "--no-deps" "--format-version=1", kill_on_drop: false }`
[INFO] [stdout] 6538b984846ad64381f9bc58fd2f546a4f463d9bdbcd5d4de95da8076c860163
[INFO] [stderr] WARNING: Your kernel does not support swap limit capabilities or the cgroup is not mounted. Memory limited without swap.
[INFO] running `Command { std: "docker" "start" "-a" "6538b984846ad64381f9bc58fd2f546a4f463d9bdbcd5d4de95da8076c860163", kill_on_drop: false }`
[INFO] running `Command { std: "docker" "inspect" "6538b984846ad64381f9bc58fd2f546a4f463d9bdbcd5d4de95da8076c860163", kill_on_drop: false }`
[INFO] running `Command { std: "docker" "rm" "-f" "6538b984846ad64381f9bc58fd2f546a4f463d9bdbcd5d4de95da8076c860163", kill_on_drop: false }`
[INFO] [stdout] 6538b984846ad64381f9bc58fd2f546a4f463d9bdbcd5d4de95da8076c860163
[INFO] running `Command { std: "docker" "create" "-v" "/var/lib/crater-agent-workspace/builds/worker-12/target:/opt/rustwide/target:rw,Z" "-v" "/var/lib/crater-agent-workspace/builds/worker-12/source:/opt/rustwide/workdir:ro,Z" "-v" "/var/lib/crater-agent-workspace/cargo-home:/opt/rustwide/cargo-home:ro,Z" "-v" "/var/lib/crater-agent-workspace/rustup-home:/opt/rustwide/rustup-home:ro,Z" "-e" "SOURCE_DIR=/opt/rustwide/workdir" "-e" "CARGO_TARGET_DIR=/opt/rustwide/target" "-e" "CARGO_INCREMENTAL=0" "-e" "RUST_BACKTRACE=full" "-e" "RUSTFLAGS=--cap-lints=warn" "-e" "CARGO_HOME=/opt/rustwide/cargo-home" "-e" "RUSTUP_HOME=/opt/rustwide/rustup-home" "-w" "/opt/rustwide/workdir" "-m" "1610612736" "--user" "0:0" "--network" "none" "ghcr.io/rust-lang/crates-build-env/linux@sha256:a89201d6b5b9fd45c15d5952ece0a0129e7e80cb26ec023fd59cf09bc26f1604" "/opt/rustwide/cargo-home/bin/cargo" "+beta-2021-10-15" "check" "--frozen" "--all" "--all-targets" "--message-format=json", kill_on_drop: false }`
[INFO] [stdout] 184469ffae044fc4c80adfb1dec7f82e7acaaedf9602c2285e6d4c6918675106
[INFO] [stderr] WARNING: Your kernel does not support swap limit capabilities or the cgroup is not mounted. Memory limited without swap.
[INFO] running `Command { std: "docker" "start" "-a" "184469ffae044fc4c80adfb1dec7f82e7acaaedf9602c2285e6d4c6918675106", kill_on_drop: false }`
[INFO] [stderr]    Compiling libc v0.2.18
[INFO] [stderr]    Compiling quote v0.3.10
[INFO] [stderr]    Compiling unicode-xid v0.0.3
[INFO] [stderr]     Checking phf_shared v0.7.20
[INFO] [stderr]    Compiling regex-syntax v0.3.9
[INFO] [stderr]     Checking serde v0.8.21
[INFO] [stderr]     Checking mac v0.0.2
[INFO] [stderr]    Compiling utf8-ranges v0.1.3
[INFO] [stderr]    Compiling strsim v0.5.2
[INFO] [stderr]     Checking utf-8 v0.6.0
[INFO] [stderr]     Checking toml v0.2.1
[INFO] [stderr]     Checking futf v0.1.2
[INFO] [stderr]     Checking phf v0.7.20
[INFO] [stderr]    Compiling syn v0.10.5
[INFO] [stderr]     Checking thread-id v2.0.0
[INFO] [stderr]     Checking memchr v0.1.11
[INFO] [stderr]     Checking tendril v0.2.3
[INFO] [stderr]    Compiling rand v0.3.15
[INFO] [stderr]     Checking aho-corasick v0.5.3
[INFO] [stderr]     Checking thread_local v0.2.7
[INFO] [stderr]     Checking regex v0.1.80
[INFO] [stderr]    Compiling phf_generator v0.7.20
[INFO] [stderr]    Compiling string_cache_codegen v0.3.1
[INFO] [stderr]    Compiling phf_codegen v0.7.20
[INFO] [stderr]    Compiling string_cache v0.3.0
[INFO] [stderr]    Compiling html5ever-atoms v0.1.2
[INFO] [stderr]     Checking env_logger v0.3.5
[INFO] [stderr]     Checking docopt v0.6.86
[INFO] [stderr]    Compiling html5ever v0.10.3
[INFO] [stderr]    Compiling docopt_macros v0.6.87
[INFO] [stdout] error[E0557]: feature has been removed
[INFO] [stdout]  --> /opt/rustwide/cargo-home/registry/src/github.com-1ecc6299db9ec823/docopt_macros-0.6.87/src/macro.rs:4:12
[INFO] [stdout]   |
[INFO] [stdout] 4 | #![feature(plugin_registrar, quote, rustc_private)]
[INFO] [stdout]   |            ^^^^^^^^^^^^^^^^ feature has been removed
[INFO] [stdout]   |
[INFO] [stdout]   = note: a __rustc_plugin_registrar symbol must now be defined instead
[INFO] [stdout] 
[INFO] [stdout] 
[INFO] [stdout] error[E0557]: feature has been removed
[INFO] [stdout]  --> /opt/rustwide/cargo-home/registry/src/github.com-1ecc6299db9ec823/docopt_macros-0.6.87/src/macro.rs:4:30
[INFO] [stdout]   |
[INFO] [stdout] 4 | #![feature(plugin_registrar, quote, rustc_private)]
[INFO] [stdout]   |                              ^^^^^ feature has been removed
[INFO] [stdout] 
[INFO] [stdout] 
[INFO] [stdout] error[E0463]: can't find crate for `syntax`
[INFO] [stdout]  --> /opt/rustwide/cargo-home/registry/src/github.com-1ecc6299db9ec823/docopt_macros-0.6.87/src/macro.rs:9:1
[INFO] [stdout]   |
[INFO] [stdout] 9 | extern crate syntax;
[INFO] [stdout]   | ^^^^^^^^^^^^^^^^^^^^ can't find crate
[INFO] [stdout] 
[INFO] [stdout] 
[INFO] [stdout] error: aborting due to 3 previous errors
[INFO] [stdout] 
[INFO] [stdout] 
[INFO] [stdout] Some errors have detailed explanations: E0463, E0557.
[INFO] [stdout] 
[INFO] [stdout] For more information about an error, try `rustc --explain E0463`.
[INFO] [stdout] 
[INFO] [stderr] error: could not compile `docopt_macros` due to 4 previous errors
[INFO] [stderr] warning: build failed, waiting for other jobs to finish...
[INFO] [stderr] error: build failed
[INFO] running `Command { std: "docker" "inspect" "184469ffae044fc4c80adfb1dec7f82e7acaaedf9602c2285e6d4c6918675106", kill_on_drop: false }`
[INFO] running `Command { std: "docker" "rm" "-f" "184469ffae044fc4c80adfb1dec7f82e7acaaedf9602c2285e6d4c6918675106", kill_on_drop: false }`
[INFO] [stdout] 184469ffae044fc4c80adfb1dec7f82e7acaaedf9602c2285e6d4c6918675106
