[INFO] cloning repository https://github.com/dominuskernel/test-nikel
[INFO] running `Command { std: "git" "-c" "credential.helper=" "-c" "credential.helper=/workspace/cargo-home/bin/git-credential-null" "clone" "--bare" "https://github.com/dominuskernel/test-nikel" "/workspace/cache/git-repos/https%3A%2F%2Fgithub.com%2Fdominuskernel%2Ftest-nikel", kill_on_drop: false }`
[INFO] [stderr] Cloning into bare repository '/workspace/cache/git-repos/https%3A%2F%2Fgithub.com%2Fdominuskernel%2Ftest-nikel'...
[INFO] running `Command { std: "git" "rev-parse" "HEAD", kill_on_drop: false }`
[INFO] [stdout] 959cb00e93908eaf5bd2c17cee222d0af54c57ef
[INFO] checking dominuskernel/test-nikel against beta-2021-10-15 for beta-1.56-3
[INFO] running `Command { std: "git" "clone" "/workspace/cache/git-repos/https%3A%2F%2Fgithub.com%2Fdominuskernel%2Ftest-nikel" "/workspace/builds/worker-14/source", kill_on_drop: false }`
[INFO] [stderr] Cloning into '/workspace/builds/worker-14/source'...
[INFO] [stderr] done.
[INFO] validating manifest of git repo https://github.com/dominuskernel/test-nikel on toolchain beta-2021-10-15
[INFO] running `Command { std: "/workspace/cargo-home/bin/cargo" "+beta-2021-10-15" "metadata" "--manifest-path" "Cargo.toml" "--no-deps", kill_on_drop: false }`
[INFO] started tweaking git repo https://github.com/dominuskernel/test-nikel
[INFO] finished tweaking git repo https://github.com/dominuskernel/test-nikel
[INFO] tweaked toml for git repo https://github.com/dominuskernel/test-nikel written to /workspace/builds/worker-14/source/Cargo.toml
[INFO] crate git repo https://github.com/dominuskernel/test-nikel already has a lockfile, it will not be regenerated
[INFO] running `Command { std: "/workspace/cargo-home/bin/cargo" "+beta-2021-10-15" "fetch" "--manifest-path" "Cargo.toml", kill_on_drop: false }`
[INFO] [stderr] warning: unused manifest key: package.author
[INFO] [stderr]     Blocking waiting for file lock on package cache
[INFO] [stderr] warning: TOML file found which contains invalid syntax and will soon not parse
[INFO] [stderr] at `/workspace/cargo-home/registry/src/github.com-1ecc6299db9ec823/url-0.5.7/Cargo.toml`.
[INFO] [stderr] 
[INFO] [stderr] The TOML spec requires newlines after table definitions (e.g., `[a] b = 1` is
[INFO] [stderr] invalid), but this file has a table header which does not have a newline after
[INFO] [stderr] it. A newline needs to be added and this warning will soon become a hard error
[INFO] [stderr] in the future.
[INFO] running `Command { std: "docker" "create" "-v" "/var/lib/crater-agent-workspace/builds/worker-14/target:/opt/rustwide/target:rw,Z" "-v" "/var/lib/crater-agent-workspace/builds/worker-14/source:/opt/rustwide/workdir:ro,Z" "-v" "/var/lib/crater-agent-workspace/cargo-home:/opt/rustwide/cargo-home:ro,Z" "-v" "/var/lib/crater-agent-workspace/rustup-home:/opt/rustwide/rustup-home:ro,Z" "-e" "SOURCE_DIR=/opt/rustwide/workdir" "-e" "CARGO_TARGET_DIR=/opt/rustwide/target" "-e" "CARGO_HOME=/opt/rustwide/cargo-home" "-e" "RUSTUP_HOME=/opt/rustwide/rustup-home" "-w" "/opt/rustwide/workdir" "-m" "1610612736" "--user" "0:0" "--network" "none" "ghcr.io/rust-lang/crates-build-env/linux@sha256:a89201d6b5b9fd45c15d5952ece0a0129e7e80cb26ec023fd59cf09bc26f1604" "/opt/rustwide/cargo-home/bin/cargo" "+beta-2021-10-15" "metadata" "--no-deps" "--format-version=1", kill_on_drop: false }`
[INFO] [stdout] 283b71e9b425a3e353bf8b73a8f56b0a26bf683a94d5da0756274fee25287df4
[INFO] [stderr] WARNING: Your kernel does not support swap limit capabilities or the cgroup is not mounted. Memory limited without swap.
[INFO] running `Command { std: "docker" "start" "-a" "283b71e9b425a3e353bf8b73a8f56b0a26bf683a94d5da0756274fee25287df4", kill_on_drop: false }`
[INFO] running `Command { std: "docker" "inspect" "283b71e9b425a3e353bf8b73a8f56b0a26bf683a94d5da0756274fee25287df4", kill_on_drop: false }`
[INFO] running `Command { std: "docker" "rm" "-f" "283b71e9b425a3e353bf8b73a8f56b0a26bf683a94d5da0756274fee25287df4", kill_on_drop: false }`
[INFO] [stdout] 283b71e9b425a3e353bf8b73a8f56b0a26bf683a94d5da0756274fee25287df4
[INFO] running `Command { std: "docker" "create" "-v" "/var/lib/crater-agent-workspace/builds/worker-14/target:/opt/rustwide/target:rw,Z" "-v" "/var/lib/crater-agent-workspace/builds/worker-14/source:/opt/rustwide/workdir:ro,Z" "-v" "/var/lib/crater-agent-workspace/cargo-home:/opt/rustwide/cargo-home:ro,Z" "-v" "/var/lib/crater-agent-workspace/rustup-home:/opt/rustwide/rustup-home:ro,Z" "-e" "SOURCE_DIR=/opt/rustwide/workdir" "-e" "CARGO_TARGET_DIR=/opt/rustwide/target" "-e" "CARGO_INCREMENTAL=0" "-e" "RUST_BACKTRACE=full" "-e" "RUSTFLAGS=--cap-lints=warn" "-e" "CARGO_HOME=/opt/rustwide/cargo-home" "-e" "RUSTUP_HOME=/opt/rustwide/rustup-home" "-w" "/opt/rustwide/workdir" "-m" "1610612736" "--user" "0:0" "--network" "none" "ghcr.io/rust-lang/crates-build-env/linux@sha256:a89201d6b5b9fd45c15d5952ece0a0129e7e80cb26ec023fd59cf09bc26f1604" "/opt/rustwide/cargo-home/bin/cargo" "+beta-2021-10-15" "check" "--frozen" "--all" "--all-targets" "--message-format=json", kill_on_drop: false }`
[INFO] [stdout] 44eb0bc52a05b7d816a082011873d4bdf97174d331a4d856488211ac94e5ef49
[INFO] [stderr] WARNING: Your kernel does not support swap limit capabilities or the cgroup is not mounted. Memory limited without swap.
[INFO] running `Command { std: "docker" "start" "-a" "44eb0bc52a05b7d816a082011873d4bdf97174d331a4d856488211ac94e5ef49", kill_on_drop: false }`
[INFO] [stderr] warning: unused manifest key: package.author
[INFO] [stderr] warning: TOML file found which contains invalid syntax and will soon not parse
[INFO] [stderr] at `/opt/rustwide/cargo-home/registry/src/github.com-1ecc6299db9ec823/url-0.5.7/Cargo.toml`.
[INFO] [stderr] 
[INFO] [stderr] The TOML spec requires newlines after table definitions (e.g., `[a] b = 1` is
[INFO] [stderr] invalid), but this file has a table header which does not have a newline after
[INFO] [stderr] it. A newline needs to be added and this warning will soon become a hard error
[INFO] [stderr] in the future.
[INFO] [stderr]     Checking libc v0.2.8
[INFO] [stderr]    Compiling gcc v0.3.25
[INFO] [stderr]     Checking rustc-serialize v0.3.18
[INFO] [stderr]     Checking matches v0.1.2
[INFO] [stderr]     Checking num v0.1.31
[INFO] [stderr]     Checking traitobject v0.0.3
[INFO] [stderr]     Checking httparse v1.1.1
[INFO] [stderr]     Checking unicode-normalization v0.1.2
[INFO] [stderr]     Checking regex-syntax v0.2.5
[INFO] [stderr]     Checking language-tags v0.0.7
[INFO] [stderr]     Checking scan_fmt v0.1.1
[INFO] [stderr]     Checking separator v0.3.1
[INFO] [stderr]     Checking bufstream v0.1.1
[INFO] [stderr]    Compiling openssl-sys v0.7.8
[INFO] [stderr]    Compiling unicase v1.3.0
[INFO] [stderr]     Checking unsafe-any v0.4.1
[INFO] [stderr]     Checking unicode-bidi v0.2.3
[INFO] [stdout] error[E0642]: patterns aren't allowed in functions without bodies
[INFO] [stdout]    --> /opt/rustwide/cargo-home/registry/src/github.com-1ecc6299db9ec823/rustc-serialize-0.3.18/src/serialize.rs:145:45
[INFO] [stdout]     |
[INFO] [stdout] 145 | ...                   &f_name: &str,
[INFO] [stdout]     |                       ^^^^^^^ pattern not allowed in function without body
[INFO] [stdout] 
[INFO] [stdout] 
[INFO] [stderr]     Checking rand v0.3.14
[INFO] [stderr]     Checking time v0.1.34
[INFO] [stderr]     Checking log v0.3.5
[INFO] [stderr]     Checking memchr v0.1.10
[INFO] [stderr]     Checking num_cpus v0.2.11
[INFO] [stderr]     Checking typemap v0.3.3
[INFO] [stderr]     Checking aho-corasick v0.5.1
[INFO] [stderr]    Compiling openssl-sys-extras v0.7.8
[INFO] [stderr]    Compiling rust-crypto v0.2.34
[INFO] [stderr]    Compiling openssl v0.7.8
[INFO] [stderr]     Checking serde v0.6.15
[INFO] [stderr]     Checking plugin v0.2.6
[INFO] [stderr]     Checking hpack v0.2.0
[INFO] [stderr]     Checking mime v0.2.0
[INFO] [stderr]     Checking regex v0.1.55
[INFO] [stderr]     Checking chrono v0.2.20
[INFO] [stderr]     Checking solicit v0.4.4
[INFO] [stderr] error: failed to run custom build command for `openssl v0.7.8`
[INFO] [stderr] 
[INFO] [stderr] Caused by:
[INFO] [stderr]   process didn't exit successfully: `/opt/rustwide/target/debug/build/openssl-c733263e9a250df4/build-script-build` (exit status: 101)
[INFO] [stderr]   --- stdout
[INFO] [stderr]   TARGET = Some("x86_64-unknown-linux-gnu")
[INFO] [stderr]   OPT_LEVEL = Some("0")
[INFO] [stderr]   PROFILE = Some("debug")
[INFO] [stderr]   TARGET = Some("x86_64-unknown-linux-gnu")
[INFO] [stderr]   debug=true opt-level=0
[INFO] [stderr]   HOST = Some("x86_64-unknown-linux-gnu")
[INFO] [stderr]   TARGET = Some("x86_64-unknown-linux-gnu")
[INFO] [stderr]   TARGET = Some("x86_64-unknown-linux-gnu")
[INFO] [stderr]   HOST = Some("x86_64-unknown-linux-gnu")
[INFO] [stderr]   CC_x86_64-unknown-linux-gnu = None
[INFO] [stderr]   CC_x86_64_unknown_linux_gnu = None
[INFO] [stderr]   HOST_CC = None
[INFO] [stderr]   CC = None
[INFO] [stderr]   HOST = Some("x86_64-unknown-linux-gnu")
[INFO] [stderr]   TARGET = Some("x86_64-unknown-linux-gnu")
[INFO] [stderr]   HOST = Some("x86_64-unknown-linux-gnu")
[INFO] [stderr]   CFLAGS_x86_64-unknown-linux-gnu = None
[INFO] [stderr]   CFLAGS_x86_64_unknown_linux_gnu = None
[INFO] [stderr]   HOST_CFLAGS = None
[INFO] [stderr]   CFLAGS = None
[INFO] [stderr]   running: "cc" "-O0" "-ffunction-sections" "-fdata-sections" "-g" "-m64" "-fPIC" "-o" "/opt/rustwide/target/debug/build/openssl-4ad269d8571c225c/out/src/c_helpers.o" "-c" "src/c_helpers.c"
[INFO] [stderr]   ExitStatus(ExitStatus(256))
[INFO] [stderr] 
[INFO] [stderr] 
[INFO] [stderr]   command did not execute successfully, got: exit status: 1
[INFO] [stderr] 
[INFO] [stderr] 
[INFO] [stderr] 
[INFO] [stderr]   --- stderr
[INFO] [stderr]   src/c_helpers.c: In function 'rust_SSL_clone':
[INFO] [stderr]   src/c_helpers.c:4:5: warning: implicit declaration of function 'CRYPTO_add' [-Wimplicit-function-declaration]
[INFO] [stderr]       4 |     CRYPTO_add(&ssl->references, 1, CRYPTO_LOCK_SSL);
[INFO] [stderr]         |     ^~~~~~~~~~
[INFO] [stderr]   src/c_helpers.c:4:20: error: dereferencing pointer to incomplete type 'SSL' {aka 'struct ssl_st'}
[INFO] [stderr]       4 |     CRYPTO_add(&ssl->references, 1, CRYPTO_LOCK_SSL);
[INFO] [stderr]         |                    ^~
[INFO] [stderr]   src/c_helpers.c:4:37: error: 'CRYPTO_LOCK_SSL' undeclared (first use in this function); did you mean 'CRYPTO_LOCK'?
[INFO] [stderr]       4 |     CRYPTO_add(&ssl->references, 1, CRYPTO_LOCK_SSL);
[INFO] [stderr]         |                                     ^~~~~~~~~~~~~~~
[INFO] [stderr]         |                                     CRYPTO_LOCK
[INFO] [stderr]   src/c_helpers.c:4:37: note: each undeclared identifier is reported only once for each function it appears in
[INFO] [stderr]   src/c_helpers.c: In function 'rust_SSL_CTX_clone':
[INFO] [stderr]   src/c_helpers.c:8:20: error: dereferencing pointer to incomplete type 'SSL_CTX' {aka 'struct ssl_ctx_st'}
[INFO] [stderr]       8 |     CRYPTO_add(&ctx->references,1,CRYPTO_LOCK_SSL_CTX);
[INFO] [stderr]         |                    ^~
[INFO] [stderr]   src/c_helpers.c:8:35: error: 'CRYPTO_LOCK_SSL_CTX' undeclared (first use in this function); did you mean 'CRYPTO_EX_INDEX_SSL_CTX'?
[INFO] [stderr]       8 |     CRYPTO_add(&ctx->references,1,CRYPTO_LOCK_SSL_CTX);
[INFO] [stderr]         |                                   ^~~~~~~~~~~~~~~~~~~
[INFO] [stderr]         |                                   CRYPTO_EX_INDEX_SSL_CTX
[INFO] [stderr]   src/c_helpers.c: In function 'rust_EVP_PKEY_clone':
[INFO] [stderr]   src/c_helpers.c:12:21: error: dereferencing pointer to incomplete type 'EVP_PKEY' {aka 'struct evp_pkey_st'}
[INFO] [stderr]      12 |     CRYPTO_add(&pkey->references,1,CRYPTO_LOCK_EVP_PKEY);
[INFO] [stderr]         |                     ^~
[INFO] [stderr]   src/c_helpers.c:12:36: error: 'CRYPTO_LOCK_EVP_PKEY' undeclared (first use in this function)
[INFO] [stderr]      12 |     CRYPTO_add(&pkey->references,1,CRYPTO_LOCK_EVP_PKEY);
[INFO] [stderr]         |                                    ^~~~~~~~~~~~~~~~~~~~
[INFO] [stderr]   src/c_helpers.c: In function 'rust_X509_clone':
[INFO] [stderr]   src/c_helpers.c:16:21: error: dereferencing pointer to incomplete type 'X509' {aka 'struct x509_st'}
[INFO] [stderr]      16 |     CRYPTO_add(&x509->references,1,CRYPTO_LOCK_X509);
[INFO] [stderr]         |                     ^~
[INFO] [stderr]   src/c_helpers.c:16:36: error: 'CRYPTO_LOCK_X509' undeclared (first use in this function); did you mean 'CRYPTO_LOCK'?
[INFO] [stderr]      16 |     CRYPTO_add(&x509->references,1,CRYPTO_LOCK_X509);
[INFO] [stderr]         |                                    ^~~~~~~~~~~~~~~~
[INFO] [stderr]         |                                    CRYPTO_LOCK
[INFO] [stderr]   thread 'main' panicked at 'explicit panic', /opt/rustwide/cargo-home/registry/src/github.com-1ecc6299db9ec823/gcc-0.3.25/src/lib.rs:818:5
[INFO] [stderr]   stack backtrace:
[INFO] [stderr]      0:     0x562c42b6059c - std::backtrace_rs::backtrace::libunwind::trace::h51faa62df48810e4
[INFO] [stderr]                                  at /rustc/58268ff091703ace98c3c2a8c5f2fb2c3aecace2/library/std/src/../../backtrace/src/backtrace/libunwind.rs:90:5
[INFO] [stderr]      1:     0x562c42b6059c - std::backtrace_rs::backtrace::trace_unsynchronized::h91de4d8e16d607e4
[INFO] [stderr]                                  at /rustc/58268ff091703ace98c3c2a8c5f2fb2c3aecace2/library/std/src/../../backtrace/src/backtrace/mod.rs:66:5
[INFO] [stderr]      2:     0x562c42b6059c - std::sys_common::backtrace::_print_fmt::h71b0935f97e4322c
[INFO] [stderr]                                  at /rustc/58268ff091703ace98c3c2a8c5f2fb2c3aecace2/library/std/src/sys_common/backtrace.rs:67:5
[INFO] [stderr]      3:     0x562c42b6059c - <std::sys_common::backtrace::_print::DisplayBacktrace as core::fmt::Display>::fmt::h9a78218788c14e18
[INFO] [stderr]                                  at /rustc/58268ff091703ace98c3c2a8c5f2fb2c3aecace2/library/std/src/sys_common/backtrace.rs:46:22
[INFO] [stderr]      4:     0x562c42b7facc - core::fmt::write::h3381b3176fe2b3d3
[INFO] [stderr]                                  at /rustc/58268ff091703ace98c3c2a8c5f2fb2c3aecace2/library/core/src/fmt/mod.rs:1150:17
[INFO] [stderr]      5:     0x562c42b5d0d5 - std::io::Write::write_fmt::h1d5220480c7a2437
[INFO] [stderr]                                  at /rustc/58268ff091703ace98c3c2a8c5f2fb2c3aecace2/library/std/src/io/mod.rs:1667:15
[INFO] [stderr]      6:     0x562c42b61dd0 - std::sys_common::backtrace::_print::h4b77abc4d907ed0e
[INFO] [stderr]                                  at /rustc/58268ff091703ace98c3c2a8c5f2fb2c3aecace2/library/std/src/sys_common/backtrace.rs:49:5
[INFO] [stderr]      7:     0x562c42b61dd0 - std::sys_common::backtrace::print::hb170c60b542377ad
[INFO] [stderr]                                  at /rustc/58268ff091703ace98c3c2a8c5f2fb2c3aecace2/library/std/src/sys_common/backtrace.rs:36:9
[INFO] [stderr]      8:     0x562c42b61dd0 - std::panicking::default_hook::{{closure}}::h12bbda9af8901ee3
[INFO] [stderr]                                  at /rustc/58268ff091703ace98c3c2a8c5f2fb2c3aecace2/library/std/src/panicking.rs:210:50
[INFO] [stderr]      9:     0x562c42b61987 - std::panicking::default_hook::h8c6c66d3f3ba6768
[INFO] [stderr]                                  at /rustc/58268ff091703ace98c3c2a8c5f2fb2c3aecace2/library/std/src/panicking.rs:227:9
[INFO] [stderr]     10:     0x562c42b62484 - std::panicking::rust_panic_with_hook::h36f2fa0bb09f4069
[INFO] [stderr]                                  at /rustc/58268ff091703ace98c3c2a8c5f2fb2c3aecace2/library/std/src/panicking.rs:624:17
[INFO] [stderr]     11:     0x562c42b2f742 - std::panicking::begin_panic::{{closure}}::h09e32851db142c22
[INFO] [stderr]                                  at /rustc/58268ff091703ace98c3c2a8c5f2fb2c3aecace2/library/std/src/panicking.rs:544:9
[INFO] [stderr]     12:     0x562c42b30c69 - std::sys_common::backtrace::__rust_end_short_backtrace::he8cf3e67031248d8
[INFO] [stderr]                                  at /rustc/58268ff091703ace98c3c2a8c5f2fb2c3aecace2/library/std/src/sys_common/backtrace.rs:141:18
[INFO] [stderr]     13:     0x562c42b2f683 - std::panicking::begin_panic::h9c355124701f066b
[INFO] [stderr]                                  at /rustc/58268ff091703ace98c3c2a8c5f2fb2c3aecace2/library/std/src/panicking.rs:543:12
[INFO] [stderr]     14:     0x562c42b29e9d - gcc::fail::h833a33dbf5d6283a
[INFO] [stderr]                                  at /opt/rustwide/cargo-home/registry/src/github.com-1ecc6299db9ec823/gcc-0.3.25/src/lib.rs:818:5
[INFO] [stderr]     15:     0x562c42b29dc6 - gcc::run::hf932274d4e0ed6a6
[INFO] [stderr]                                  at /opt/rustwide/cargo-home/registry/src/github.com-1ecc6299db9ec823/gcc-0.3.25/src/lib.rs:812:9
[INFO] [stderr]     16:     0x562c42b22ded - gcc::Config::compile_object::hee99c6b4b5ecdaa0
[INFO] [stderr]                                  at /opt/rustwide/cargo-home/registry/src/github.com-1ecc6299db9ec823/gcc-0.3.25/src/lib.rs:375:9
[INFO] [stderr]     17:     0x562c42b21ddd - gcc::Config::compile::he999821f9b4e152c
[INFO] [stderr]                                  at /opt/rustwide/cargo-home/registry/src/github.com-1ecc6299db9ec823/gcc-0.3.25/src/lib.rs:330:13
[INFO] [stderr]     18:     0x562c42b20e66 - build_script_build::main::ha2f2d43d45927716
[INFO] [stderr]                                  at /opt/rustwide/cargo-home/registry/src/github.com-1ecc6299db9ec823/openssl-0.7.8/build.rs:15:5
[INFO] [stderr]     19:     0x562c42b2127b - core::ops::function::FnOnce::call_once::ha9bfee8400608342
[INFO] [stderr]                                  at /rustc/58268ff091703ace98c3c2a8c5f2fb2c3aecace2/library/core/src/ops/function.rs:227:5
[INFO] [stderr]     20:     0x562c42b2103e - std::sys_common::backtrace::__rust_begin_short_backtrace::hf51c2969abb69893
[INFO] [stderr]                                  at /rustc/58268ff091703ace98c3c2a8c5f2fb2c3aecace2/library/std/src/sys_common/backtrace.rs:125:18
[INFO] [stderr]     21:     0x562c42b21231 - std::rt::lang_start::{{closure}}::h34b45d5dc603dab7
[INFO] [stderr]                                  at /rustc/58268ff091703ace98c3c2a8c5f2fb2c3aecace2/library/std/src/rt.rs:63:18
[INFO] [stderr]     22:     0x562c42b6298a - core::ops::function::impls::<impl core::ops::function::FnOnce<A> for &F>::call_once::hc590b210ed55e22f
[INFO] [stderr]                                  at /rustc/58268ff091703ace98c3c2a8c5f2fb2c3aecace2/library/core/src/ops/function.rs:259:13
[INFO] [stderr]     23:     0x562c42b6298a - std::panicking::try::do_call::h5f0600b7a33ea1af
[INFO] [stderr]                                  at /rustc/58268ff091703ace98c3c2a8c5f2fb2c3aecace2/library/std/src/panicking.rs:403:40
[INFO] [stderr]     24:     0x562c42b6298a - std::panicking::try::he15826df0f376a33
[INFO] [stderr]                                  at /rustc/58268ff091703ace98c3c2a8c5f2fb2c3aecace2/library/std/src/panicking.rs:367:19
[INFO] [stderr]     25:     0x562c42b6298a - std::panic::catch_unwind::hd8af3a578b6b4c86
[INFO] [stderr]                                  at /rustc/58268ff091703ace98c3c2a8c5f2fb2c3aecace2/library/std/src/panic.rs:129:14
[INFO] [stderr]     26:     0x562c42b6298a - std::rt::lang_start_internal::{{closure}}::h301d1329324ae1f0
[INFO] [stderr]                                  at /rustc/58268ff091703ace98c3c2a8c5f2fb2c3aecace2/library/std/src/rt.rs:45:48
[INFO] [stderr]     27:     0x562c42b6298a - std::panicking::try::do_call::h941e8fdb0bd03655
[INFO] [stderr]                                  at /rustc/58268ff091703ace98c3c2a8c5f2fb2c3aecace2/library/std/src/panicking.rs:403:40
[INFO] [stderr]     28:     0x562c42b6298a - std::panicking::try::ha20a77bf65530f63
[INFO] [stderr]                                  at /rustc/58268ff091703ace98c3c2a8c5f2fb2c3aecace2/library/std/src/panicking.rs:367:19
[INFO] [stderr]     29:     0x562c42b6298a - std::panic::catch_unwind::h33afc061cc69ef90
[INFO] [stderr]                                  at /rustc/58268ff091703ace98c3c2a8c5f2fb2c3aecace2/library/std/src/panic.rs:129:14
[INFO] [stderr]     30:     0x562c42b6298a - std::rt::lang_start_internal::hc05c244593147106
[INFO] [stderr]                                  at /rustc/58268ff091703ace98c3c2a8c5f2fb2c3aecace2/library/std/src/rt.rs:45:20
[INFO] [stderr]     31:     0x562c42b21200 - std::rt::lang_start::h51fb59e7652a259f
[INFO] [stderr]                                  at /rustc/58268ff091703ace98c3c2a8c5f2fb2c3aecace2/library/std/src/rt.rs:62:5
[INFO] [stderr]     32:     0x562c42b20eac - main
[INFO] [stderr]     33:     0x7f74915600b3 - __libc_start_main
[INFO] [stderr]     34:     0x562c42b209ee - _start
[INFO] [stderr]     35:                0x0 - <unknown>
[INFO] [stderr] warning: build failed, waiting for other jobs to finish...
[INFO] [stdout] error: to use a constant of type `format::ParseError` in a pattern, `format::ParseError` must be annotated with `#[derive(PartialEq, Eq)]`
[INFO] [stdout]    --> /opt/rustwide/cargo-home/registry/src/github.com-1ecc6299db9ec823/chrono-0.2.20/src/format/parsed.rs:476:22
[INFO] [stdout]     |
[INFO] [stdout] 476 |                 (Err(OUT_OF_RANGE), _) | (_, Err(OUT_OF_RANGE)) => return Err(OUT_OF_RANGE),
[INFO] [stdout]     |                      ^^^^^^^^^^^^
[INFO] [stdout] 
[INFO] [stdout] 
[INFO] [stdout] error: to use a constant of type `format::ParseError` in a pattern, `format::ParseError` must be annotated with `#[derive(PartialEq, Eq)]`
[INFO] [stdout]    --> /opt/rustwide/cargo-home/registry/src/github.com-1ecc6299db9ec823/chrono-0.2.20/src/format/parsed.rs:476:50
[INFO] [stdout]     |
[INFO] [stdout] 476 |                 (Err(OUT_OF_RANGE), _) | (_, Err(OUT_OF_RANGE)) => return Err(OUT_OF_RANGE),
[INFO] [stdout]     |                                                  ^^^^^^^^^^^^
[INFO] [stdout] 
[INFO] [stdout] 
[INFO] [stdout] error: to use a constant of type `format::ParseError` in a pattern, `format::ParseError` must be annotated with `#[derive(PartialEq, Eq)]`
[INFO] [stdout]    --> /opt/rustwide/cargo-home/registry/src/github.com-1ecc6299db9ec823/chrono-0.2.20/src/format/parsed.rs:477:22
[INFO] [stdout]     |
[INFO] [stdout] 477 |                 (Err(IMPOSSIBLE), _) | (_, Err(IMPOSSIBLE)) => return Err(IMPOSSIBLE),
[INFO] [stdout]     |                      ^^^^^^^^^^
[INFO] [stdout] 
[INFO] [stdout] 
[INFO] [stdout] error: to use a constant of type `format::ParseError` in a pattern, `format::ParseError` must be annotated with `#[derive(PartialEq, Eq)]`
[INFO] [stdout]    --> /opt/rustwide/cargo-home/registry/src/github.com-1ecc6299db9ec823/chrono-0.2.20/src/format/parsed.rs:477:48
[INFO] [stdout]     |
[INFO] [stdout] 477 |                 (Err(IMPOSSIBLE), _) | (_, Err(IMPOSSIBLE)) => return Err(IMPOSSIBLE),
[INFO] [stdout]     |                                                ^^^^^^^^^^
[INFO] [stdout] 
[INFO] [stdout] 
[INFO] [stdout] error: aborting due to previous error
[INFO] [stdout] 
[INFO] [stdout] 
[INFO] [stdout] For more information about this error, try `rustc --explain E0642`.
[INFO] [stdout] 
[INFO] [stdout] error: aborting due to 4 previous errors
[INFO] [stdout] 
[INFO] [stdout] 
[INFO] [stderr] error: build failed
[INFO] running `Command { std: "docker" "inspect" "44eb0bc52a05b7d816a082011873d4bdf97174d331a4d856488211ac94e5ef49", kill_on_drop: false }`
[INFO] running `Command { std: "docker" "rm" "-f" "44eb0bc52a05b7d816a082011873d4bdf97174d331a4d856488211ac94e5ef49", kill_on_drop: false }`
[INFO] [stdout] 44eb0bc52a05b7d816a082011873d4bdf97174d331a4d856488211ac94e5ef49
