[INFO] cloning repository https://github.com/dmaahs2017/planner-rs
[INFO] running `Command { std: "git" "-c" "credential.helper=" "-c" "credential.helper=/workspace/cargo-home/bin/git-credential-null" "clone" "--bare" "https://github.com/dmaahs2017/planner-rs" "/workspace/cache/git-repos/https%3A%2F%2Fgithub.com%2Fdmaahs2017%2Fplanner-rs", kill_on_drop: false }`
[INFO] [stderr] Cloning into bare repository '/workspace/cache/git-repos/https%3A%2F%2Fgithub.com%2Fdmaahs2017%2Fplanner-rs'...
[INFO] running `Command { std: "git" "rev-parse" "HEAD", kill_on_drop: false }`
[INFO] [stdout] b3a4d236001ab815ff8390663868337f89817bc2
[INFO] checking dmaahs2017/planner-rs against beta-2021-10-15 for beta-1.56-3
[INFO] running `Command { std: "git" "clone" "/workspace/cache/git-repos/https%3A%2F%2Fgithub.com%2Fdmaahs2017%2Fplanner-rs" "/workspace/builds/worker-44/source", kill_on_drop: false }`
[INFO] [stderr] Cloning into '/workspace/builds/worker-44/source'...
[INFO] [stderr] done.
[INFO] validating manifest of git repo https://github.com/dmaahs2017/planner-rs on toolchain beta-2021-10-15
[INFO] running `Command { std: "/workspace/cargo-home/bin/cargo" "+beta-2021-10-15" "metadata" "--manifest-path" "Cargo.toml" "--no-deps", kill_on_drop: false }`
[INFO] started tweaking git repo https://github.com/dmaahs2017/planner-rs
[INFO] finished tweaking git repo https://github.com/dmaahs2017/planner-rs
[INFO] tweaked toml for git repo https://github.com/dmaahs2017/planner-rs written to /workspace/builds/worker-44/source/Cargo.toml
[INFO] crate git repo https://github.com/dmaahs2017/planner-rs already has a lockfile, it will not be regenerated
[INFO] running `Command { std: "/workspace/cargo-home/bin/cargo" "+beta-2021-10-15" "fetch" "--manifest-path" "Cargo.toml", kill_on_drop: false }`
[INFO] [stderr]     Blocking waiting for file lock on package cache
[INFO] [stderr]     Blocking waiting for file lock on package cache
[INFO] running `Command { std: "docker" "create" "-v" "/var/lib/crater-agent-workspace/builds/worker-44/target:/opt/rustwide/target:rw,Z" "-v" "/var/lib/crater-agent-workspace/builds/worker-44/source:/opt/rustwide/workdir:ro,Z" "-v" "/var/lib/crater-agent-workspace/cargo-home:/opt/rustwide/cargo-home:ro,Z" "-v" "/var/lib/crater-agent-workspace/rustup-home:/opt/rustwide/rustup-home:ro,Z" "-e" "SOURCE_DIR=/opt/rustwide/workdir" "-e" "CARGO_TARGET_DIR=/opt/rustwide/target" "-e" "CARGO_HOME=/opt/rustwide/cargo-home" "-e" "RUSTUP_HOME=/opt/rustwide/rustup-home" "-w" "/opt/rustwide/workdir" "-m" "1610612736" "--user" "0:0" "--network" "none" "ghcr.io/rust-lang/crates-build-env/linux@sha256:a89201d6b5b9fd45c15d5952ece0a0129e7e80cb26ec023fd59cf09bc26f1604" "/opt/rustwide/cargo-home/bin/cargo" "+beta-2021-10-15" "metadata" "--no-deps" "--format-version=1", kill_on_drop: false }`
[INFO] [stdout] ce3e94dfc876df9db8cd1fae9a3df3c7dbd2556fb1da245e9c0678f6686d4e3e
[INFO] running `Command { std: "docker" "start" "-a" "ce3e94dfc876df9db8cd1fae9a3df3c7dbd2556fb1da245e9c0678f6686d4e3e", kill_on_drop: false }`
[INFO] running `Command { std: "docker" "inspect" "ce3e94dfc876df9db8cd1fae9a3df3c7dbd2556fb1da245e9c0678f6686d4e3e", kill_on_drop: false }`
[INFO] running `Command { std: "docker" "rm" "-f" "ce3e94dfc876df9db8cd1fae9a3df3c7dbd2556fb1da245e9c0678f6686d4e3e", kill_on_drop: false }`
[INFO] [stdout] ce3e94dfc876df9db8cd1fae9a3df3c7dbd2556fb1da245e9c0678f6686d4e3e
[INFO] running `Command { std: "docker" "create" "-v" "/var/lib/crater-agent-workspace/builds/worker-44/target:/opt/rustwide/target:rw,Z" "-v" "/var/lib/crater-agent-workspace/builds/worker-44/source:/opt/rustwide/workdir:ro,Z" "-v" "/var/lib/crater-agent-workspace/cargo-home:/opt/rustwide/cargo-home:ro,Z" "-v" "/var/lib/crater-agent-workspace/rustup-home:/opt/rustwide/rustup-home:ro,Z" "-e" "SOURCE_DIR=/opt/rustwide/workdir" "-e" "CARGO_TARGET_DIR=/opt/rustwide/target" "-e" "CARGO_INCREMENTAL=0" "-e" "RUST_BACKTRACE=full" "-e" "RUSTFLAGS=--cap-lints=warn" "-e" "CARGO_HOME=/opt/rustwide/cargo-home" "-e" "RUSTUP_HOME=/opt/rustwide/rustup-home" "-w" "/opt/rustwide/workdir" "-m" "1610612736" "--user" "0:0" "--network" "none" "ghcr.io/rust-lang/crates-build-env/linux@sha256:a89201d6b5b9fd45c15d5952ece0a0129e7e80cb26ec023fd59cf09bc26f1604" "/opt/rustwide/cargo-home/bin/cargo" "+beta-2021-10-15" "check" "--frozen" "--all" "--all-targets" "--message-format=json", kill_on_drop: false }`
[INFO] [stdout] d75fa54c507436aebb620e0ef4911562d2df45ebf003027c2e3ff31f69bf0215
[INFO] running `Command { std: "docker" "start" "-a" "d75fa54c507436aebb620e0ef4911562d2df45ebf003027c2e3ff31f69bf0215", kill_on_drop: false }`
[INFO] [stderr]     Blocking waiting for file lock on package cache
[INFO] [stderr]    Compiling libc v0.2.97
[INFO] [stderr]    Compiling proc-macro2 v1.0.27
[INFO] [stderr]    Compiling syn v1.0.73
[INFO] [stderr]    Compiling log v0.4.14
[INFO] [stderr]    Compiling serde_derive v1.0.126
[INFO] [stderr]    Compiling memchr v2.4.0
[INFO] [stderr]    Compiling unicode-segmentation v1.7.1
[INFO] [stderr]    Compiling signal-hook v0.3.9
[INFO] [stderr]    Compiling serde v1.0.126
[INFO] [stderr]     Checking unicode-width v0.1.8
[INFO] [stderr]     Checking hashbrown v0.9.1
[INFO] [stderr]     Checking strsim v0.10.0
[INFO] [stderr]     Checking termcolor v1.1.2
[INFO] [stderr]     Checking os_str_bytes v3.1.0
[INFO] [stderr]     Checking strum v0.21.0
[INFO] [stderr]     Checking predicates-core v1.0.2
[INFO] [stderr]     Checking xdg v2.2.0
[INFO] [stderr]     Checking treeline v0.1.0
[INFO] [stderr]     Checking normalize-line-endings v0.3.0
[INFO] [stderr]     Checking regex-automata v0.1.10
[INFO] [stderr]     Checking difference v2.0.0
[INFO] [stderr]     Checking remove_dir_all v0.5.3
[INFO] [stderr]    Compiling num-traits v0.2.14
[INFO] [stderr]     Checking instant v0.1.9
[INFO] [stderr]    Compiling num-integer v0.1.44
[INFO] [stderr]    Compiling indexmap v1.6.2
[INFO] [stderr]     Checking signal-hook-registry v1.4.0
[INFO] [stderr]     Checking time v0.1.44
[INFO] [stderr]     Checking getrandom v0.2.3
[INFO] [stderr]     Checking atty v0.2.14
[INFO] [stderr]     Checking wait-timeout v0.2.0
[INFO] [stderr]     Checking parking_lot_core v0.8.3
[INFO] [stderr]     Checking app_dirs2 v2.3.2
[INFO] [stderr]    Compiling heck v0.3.3
[INFO] [stderr]     Checking predicates-tree v1.0.2
[INFO] [stderr]     Checking textwrap v0.14.0
[INFO] [stderr]     Checking float-cmp v0.8.0
[INFO] [stderr]    Compiling quote v1.0.9
[INFO] [stderr]     Checking mio v0.7.13
[INFO] [stderr]     Checking aho-corasick v0.7.18
[INFO] [stderr]     Checking bstr v0.2.16
[INFO] [stderr]     Checking rand_core v0.6.3
[INFO] [stderr]     Checking parking_lot v0.11.1
[INFO] [stderr]    Compiling proc-macro-error-attr v1.0.4
[INFO] [stderr]     Checking rand_chacha v0.3.1
[INFO] [stderr]     Checking signal-hook-mio v0.2.1
[INFO] [stderr]     Checking regex v1.5.4
[INFO] [stderr]     Checking crossterm v0.20.0
[INFO] [stderr]     Checking rand v0.8.4
[INFO] [stderr]     Checking predicates v1.0.8
[INFO] [stderr]     Checking tempfile v3.2.0
[INFO] [stderr]     Checking assert_cmd v1.0.5
[INFO] [stderr]    Compiling proc-macro-error v1.0.4
[INFO] [stderr]    Compiling strum_macros v0.21.1
[INFO] [stderr]    Compiling clap_derive v3.0.0-beta.2 (https://github.com/clap-rs/clap#89d1519f)
[INFO] [stderr]     Checking comfy-table v3.0.0
[INFO] [stderr]     Checking clap v3.0.0-beta.2 (https://github.com/clap-rs/clap#89d1519f)
[INFO] [stderr]     Checking chrono v0.4.19
[INFO] [stderr]     Checking ron v0.6.4
[INFO] [stderr]     Checking calendarize v1.1.0
[INFO] [stderr]     Checking planner v0.1.0 (/opt/rustwide/workdir)
[INFO] [stdout] error[E0554]: `#![feature]` may not be used on the beta release channel
[INFO] [stdout]  --> src/lib.rs:1:1
[INFO] [stdout]   |
[INFO] [stdout] 1 | #![feature(io_read_to_string)]
[INFO] [stdout]   | ^^^^^^^^^^^^^^^^^^^^^^^^^^^^^^
[INFO] [stdout] 
[INFO] [stdout] 
[INFO] [stdout] error[E0554]: `#![feature]` may not be used on the beta release channel
[INFO] [stdout]  --> src/lib.rs:2:1
[INFO] [stdout]   |
[INFO] [stdout] 2 | #![feature(slice_group_by)]
[INFO] [stdout]   | ^^^^^^^^^^^^^^^^^^^^^^^^^^^
[INFO] [stdout] 
[INFO] [stdout] 
[INFO] [stdout] error[E0554]: `#![feature]` may not be used on the beta release channel
[INFO] [stdout]  --> src/lib.rs:1:1
[INFO] [stdout]   |
[INFO] [stdout] 1 | #![feature(io_read_to_string)]
[INFO] [stdout]   | ^^^^^^^^^^^^^^^^^^^^^^^^^^^^^^
[INFO] [stdout] 
[INFO] [stdout] 
[INFO] [stdout] error[E0554]: `#![feature]` may not be used on the beta release channel
[INFO] [stdout]  --> src/lib.rs:2:1
[INFO] [stdout]   |
[INFO] [stdout] 2 | #![feature(slice_group_by)]
[INFO] [stdout]   | ^^^^^^^^^^^^^^^^^^^^^^^^^^^
[INFO] [stdout] 
[INFO] [stdout] 
[INFO] [stdout] error: aborting due to 2 previous errors
[INFO] [stdout] 
[INFO] [stdout] 
[INFO] [stdout] error: aborting due to 2 previous errors
[INFO] [stdout] 
[INFO] [stdout] 
[INFO] [stdout] For more information about this error, try `rustc --explain E0554`.
[INFO] [stdout] 
[INFO] [stdout] For more information about this error, try `rustc --explain E0554`.
[INFO] [stdout] 
[INFO] [stderr] error: could not compile `planner` due to 3 previous errors
[INFO] [stderr] warning: build failed, waiting for other jobs to finish...
[INFO] [stderr] error: build failed
[INFO] running `Command { std: "docker" "inspect" "d75fa54c507436aebb620e0ef4911562d2df45ebf003027c2e3ff31f69bf0215", kill_on_drop: false }`
[INFO] running `Command { std: "docker" "rm" "-f" "d75fa54c507436aebb620e0ef4911562d2df45ebf003027c2e3ff31f69bf0215", kill_on_drop: false }`
[INFO] [stdout] d75fa54c507436aebb620e0ef4911562d2df45ebf003027c2e3ff31f69bf0215
