[INFO] cloning repository https://github.com/djKooks/meyor
[INFO] running `Command { std: "git" "-c" "credential.helper=" "-c" "credential.helper=/workspace/cargo-home/bin/git-credential-null" "clone" "--bare" "https://github.com/djKooks/meyor" "/workspace/cache/git-repos/https%3A%2F%2Fgithub.com%2FdjKooks%2Fmeyor", kill_on_drop: false }`
[INFO] [stderr] Cloning into bare repository '/workspace/cache/git-repos/https%3A%2F%2Fgithub.com%2FdjKooks%2Fmeyor'...
[INFO] running `Command { std: "git" "rev-parse" "HEAD", kill_on_drop: false }`
[INFO] [stdout] 29768b5c701fac91d1cd4627538eb64378118e8a
[INFO] checking djKooks/meyor against beta-2021-10-15 for beta-1.56-3
[INFO] running `Command { std: "git" "clone" "/workspace/cache/git-repos/https%3A%2F%2Fgithub.com%2FdjKooks%2Fmeyor" "/workspace/builds/worker-28/source", kill_on_drop: false }`
[INFO] [stderr] Cloning into '/workspace/builds/worker-28/source'...
[INFO] [stderr] done.
[INFO] validating manifest of git repo https://github.com/djKooks/meyor on toolchain beta-2021-10-15
[INFO] running `Command { std: "/workspace/cargo-home/bin/cargo" "+beta-2021-10-15" "metadata" "--manifest-path" "Cargo.toml" "--no-deps", kill_on_drop: false }`
[INFO] started tweaking git repo https://github.com/djKooks/meyor
[INFO] finished tweaking git repo https://github.com/djKooks/meyor
[INFO] tweaked toml for git repo https://github.com/djKooks/meyor written to /workspace/builds/worker-28/source/Cargo.toml
[INFO] crate git repo https://github.com/djKooks/meyor already has a lockfile, it will not be regenerated
[INFO] running `Command { std: "/workspace/cargo-home/bin/cargo" "+beta-2021-10-15" "fetch" "--manifest-path" "Cargo.toml", kill_on_drop: false }`
[INFO] [stderr]     Blocking waiting for file lock on package cache
[INFO] [stderr]     Blocking waiting for file lock on package cache
[INFO] running `Command { std: "docker" "create" "-v" "/var/lib/crater-agent-workspace/builds/worker-28/target:/opt/rustwide/target:rw,Z" "-v" "/var/lib/crater-agent-workspace/builds/worker-28/source:/opt/rustwide/workdir:ro,Z" "-v" "/var/lib/crater-agent-workspace/cargo-home:/opt/rustwide/cargo-home:ro,Z" "-v" "/var/lib/crater-agent-workspace/rustup-home:/opt/rustwide/rustup-home:ro,Z" "-e" "SOURCE_DIR=/opt/rustwide/workdir" "-e" "CARGO_TARGET_DIR=/opt/rustwide/target" "-e" "CARGO_HOME=/opt/rustwide/cargo-home" "-e" "RUSTUP_HOME=/opt/rustwide/rustup-home" "-w" "/opt/rustwide/workdir" "-m" "1610612736" "--user" "0:0" "--network" "none" "ghcr.io/rust-lang/crates-build-env/linux@sha256:a89201d6b5b9fd45c15d5952ece0a0129e7e80cb26ec023fd59cf09bc26f1604" "/opt/rustwide/cargo-home/bin/cargo" "+beta-2021-10-15" "metadata" "--no-deps" "--format-version=1", kill_on_drop: false }`
[INFO] [stdout] 93e78e231900e5831ef56fa90fe415977a7807846041630ed4ad3652bd2a972a
[INFO] running `Command { std: "docker" "start" "-a" "93e78e231900e5831ef56fa90fe415977a7807846041630ed4ad3652bd2a972a", kill_on_drop: false }`
[INFO] running `Command { std: "docker" "inspect" "93e78e231900e5831ef56fa90fe415977a7807846041630ed4ad3652bd2a972a", kill_on_drop: false }`
[INFO] running `Command { std: "docker" "rm" "-f" "93e78e231900e5831ef56fa90fe415977a7807846041630ed4ad3652bd2a972a", kill_on_drop: false }`
[INFO] [stdout] 93e78e231900e5831ef56fa90fe415977a7807846041630ed4ad3652bd2a972a
[INFO] running `Command { std: "docker" "create" "-v" "/var/lib/crater-agent-workspace/builds/worker-28/target:/opt/rustwide/target:rw,Z" "-v" "/var/lib/crater-agent-workspace/builds/worker-28/source:/opt/rustwide/workdir:ro,Z" "-v" "/var/lib/crater-agent-workspace/cargo-home:/opt/rustwide/cargo-home:ro,Z" "-v" "/var/lib/crater-agent-workspace/rustup-home:/opt/rustwide/rustup-home:ro,Z" "-e" "SOURCE_DIR=/opt/rustwide/workdir" "-e" "CARGO_TARGET_DIR=/opt/rustwide/target" "-e" "CARGO_INCREMENTAL=0" "-e" "RUST_BACKTRACE=full" "-e" "RUSTFLAGS=--cap-lints=warn" "-e" "CARGO_HOME=/opt/rustwide/cargo-home" "-e" "RUSTUP_HOME=/opt/rustwide/rustup-home" "-w" "/opt/rustwide/workdir" "-m" "1610612736" "--user" "0:0" "--network" "none" "ghcr.io/rust-lang/crates-build-env/linux@sha256:a89201d6b5b9fd45c15d5952ece0a0129e7e80cb26ec023fd59cf09bc26f1604" "/opt/rustwide/cargo-home/bin/cargo" "+beta-2021-10-15" "check" "--frozen" "--all" "--all-targets" "--message-format=json", kill_on_drop: false }`
[INFO] [stdout] 937b37d6c1af9f8ac97499259da19d2999a6e7b93357eef55d83950f26ac3c89
[INFO] running `Command { std: "docker" "start" "-a" "937b37d6c1af9f8ac97499259da19d2999a6e7b93357eef55d83950f26ac3c89", kill_on_drop: false }`
[INFO] [stderr]     Blocking waiting for file lock on package cache
[INFO] [stderr]    Compiling libc v0.2.101
[INFO] [stderr]    Compiling cc v1.0.66
[INFO] [stderr]    Compiling serde_derive v1.0.123
[INFO] [stderr]    Compiling serde v1.0.123
[INFO] [stderr]     Checking once_cell v1.5.2
[INFO] [stderr]    Compiling memchr v2.3.4
[INFO] [stderr]     Checking pin-project-lite v0.2.4
[INFO] [stderr]     Checking bytes v1.0.1
[INFO] [stderr]     Checking futures-core v0.3.12
[INFO] [stderr]     Checking futures-sink v0.3.12
[INFO] [stderr]     Checking futures-io v0.3.12
[INFO] [stderr]     Checking foreign-types-shared v0.1.1
[INFO] [stderr]     Checking bitflags v1.3.2
[INFO] [stderr]    Compiling openssl v0.10.36
[INFO] [stderr]    Compiling httparse v1.5.1
[INFO] [stderr]    Compiling native-tls v0.2.8
[INFO] [stderr]     Checking hashbrown v0.11.2
[INFO] [stderr]    Compiling serde_json v1.0.61
[INFO] [stderr]     Checking try-lock v0.2.3
[INFO] [stderr]     Checking openssl-probe v0.1.2
[INFO] [stderr]     Checking httpdate v1.0.1
[INFO] [stderr]     Checking tower-service v0.3.1
[INFO] [stderr]     Checking base64 v0.13.0
[INFO] [stderr]     Checking ipnet v2.3.1
[INFO] [stderr]     Checking dtoa v0.4.8
[INFO] [stderr]    Compiling proc-macro2 v1.0.26
[INFO] [stderr]    Compiling proc-macro-hack v0.5.19
[INFO] [stderr]    Compiling tokio v1.1.1
[INFO] [stderr]    Compiling proc-macro-nested v0.1.7
[INFO] [stderr]    Compiling indexmap v1.7.0
[INFO] [stderr]     Checking tracing-core v0.1.18
[INFO] [stderr]    Compiling encoding_rs v0.8.28
[INFO] [stderr]     Checking yaml-rust v0.4.5
[INFO] [stderr]     Checking log v0.4.14
[INFO] [stderr]     Checking unicode-normalization v0.1.17
[INFO] [stderr]     Checking want v0.3.0
[INFO] [stderr]     Checking futures-task v0.3.12
[INFO] [stderr]     Checking futures-channel v0.3.12
[INFO] [stderr]     Checking foreign-types v0.3.2
[INFO] [stderr]    Compiling quote v1.0.8
[INFO] [stderr]    Compiling cmake v0.1.45
[INFO] [stderr]     Checking http v0.2.4
[INFO] [stderr]     Checking tracing v0.1.26
[INFO] [stderr]    Compiling openssl-sys v0.9.66
[INFO] [stderr]    Compiling libz-sys v1.1.2
[INFO] [stderr]     Checking idna v0.2.3
[INFO] [stderr]     Checking parking_lot_core v0.8.2
[INFO] [stderr]     Checking num_cpus v1.13.0
[INFO] [stderr]     Checking mio v0.7.7
[INFO] [stderr]     Checking signal-hook-registry v1.3.0
[INFO] [stderr]     Checking socket2 v0.4.1
[INFO] [stderr]     Checking getrandom v0.2.2
[INFO] [stderr]     Checking atty v0.2.14
[INFO] [stderr]    Compiling syn v1.0.72
[INFO] [stderr]    Compiling rdkafka-sys v3.0.0+1.6.0
[INFO] [stderr]     Checking clap v2.33.3
[INFO] [stderr]     Checking url v2.2.1
[INFO] [stderr]     Checking http-body v0.4.3
[INFO] [stderr]     Checking parking_lot v0.11.1
[INFO] [stderr]    Compiling futures-macro v0.3.12
[INFO] [stderr]    Compiling tokio-macros v1.0.0
[INFO] [stderr]    Compiling derivative v2.2.0
[INFO] [stderr]     Checking futures-util v0.3.12
[INFO] [stderr]     Checking futures-executor v0.3.12
[INFO] [stderr]     Checking tokio-util v0.6.8
[INFO] [stderr]     Checking tokio-native-tls v0.3.0
[INFO] [stderr]     Checking futures v0.3.12
[INFO] [stderr]     Checking h2 v0.3.4
[INFO] [stderr]     Checking hyper v0.14.12
[INFO] [stderr]     Checking serde_urlencoded v0.7.0
[INFO] [stderr]     Checking uuid v0.8.2
[INFO] [stderr]     Checking serde_yaml v0.8.17
[INFO] [stderr]    Compiling toml v0.5.8
[INFO] [stderr]     Checking hyper-tls v0.5.0
[INFO] [stderr]    Compiling proc-macro-crate v0.1.5
[INFO] [stderr]     Checking reqwest v0.11.4
[INFO] [stderr]    Compiling num_enum_derive v0.5.1
[INFO] [stderr]     Checking num_enum v0.5.1
[INFO] [stderr]     Checking rdkafka v0.25.0
[INFO] [stderr]     Checking meyor v0.0.3 (/opt/rustwide/workdir)
[INFO] [stdout] warning: derive helper attribute is used before it is introduced
[INFO] [stdout]   --> src/config_parser.rs:22:3
[INFO] [stdout]    |
[INFO] [stdout] 22 | #[serde(rename_all = "snake_case")]
[INFO] [stdout]    |   ^^^^^
[INFO] [stdout] 23 | #[derive(Clone, Debug, PartialEq, Serialize, Deserialize)]
[INFO] [stdout]    |                                   --------- the attribute is introduced here
[INFO] [stdout]    |
[INFO] [stdout]    = note: `#[warn(legacy_derive_helpers)]` on by default
[INFO] [stdout]    = warning: this was previously accepted by the compiler but is being phased out; it will become a hard error in a future release!
[INFO] [stdout]    = note: for more information, see issue #79202 <https://github.com/rust-lang/rust/issues/79202>
[INFO] [stdout] 
[INFO] [stdout] 
[INFO] [stdout] warning: derive helper attribute is used before it is introduced
[INFO] [stdout]   --> src/config_parser.rs:22:3
[INFO] [stdout]    |
[INFO] [stdout] 22 | #[serde(rename_all = "snake_case")]
[INFO] [stdout]    |   ^^^^^
[INFO] [stdout] 23 | #[derive(Clone, Debug, PartialEq, Serialize, Deserialize)]
[INFO] [stdout]    |                                   --------- the attribute is introduced here
[INFO] [stdout]    |
[INFO] [stdout]    = note: `#[warn(legacy_derive_helpers)]` on by default
[INFO] [stdout]    = warning: this was previously accepted by the compiler but is being phased out; it will become a hard error in a future release!
[INFO] [stdout]    = note: for more information, see issue #79202 <https://github.com/rust-lang/rust/issues/79202>
[INFO] [stdout] 
[INFO] [stdout] 
[INFO] [stdout] warning: unreachable pattern
[INFO] [stdout]   --> src/config_parser.rs:37:9
[INFO] [stdout]    |
[INFO] [stdout] 37 |         _ => None,
[INFO] [stdout]    |         ^
[INFO] [stdout]    |
[INFO] [stdout]    = note: `#[warn(unreachable_patterns)]` on by default
[INFO] [stdout] 
[INFO] [stdout] 
[INFO] [stdout] warning: unused variable: `payload`
[INFO] [stdout]   --> src/publish_message.rs:16:30
[INFO] [stdout]    |
[INFO] [stdout] 16 | pub async fn publish_payload(payload: &str) {
[INFO] [stdout]    |                              ^^^^^^^ help: if this is intentional, prefix it with an underscore: `_payload`
[INFO] [stdout]    |
[INFO] [stdout]    = note: `#[warn(unused_variables)]` on by default
[INFO] [stdout] 
[INFO] [stdout] 
[INFO] [stdout] warning: 3 warnings emitted
[INFO] [stdout] 
[INFO] [stdout] 
[INFO] [stdout] error[E0308]: mismatched types
[INFO] [stdout]   --> src/config_parser.rs:51:5
[INFO] [stdout]    |
[INFO] [stdout] 51 |     assert_eq!(ms_config.get("host"), "host");
[INFO] [stdout]    |     ^^^^^^^^^^^^^^^^^^^^^^^^^^^^^^^^^^^^^^^^^^ expected enum `std::option::Option`, found `&str`
[INFO] [stdout]    |
[INFO] [stdout]    = note:   expected enum `std::option::Option<&std::string::String>`
[INFO] [stdout]            found reference `&str`
[INFO] [stdout]    = note: this error originates in the macro `assert_eq` (in Nightly builds, run with -Z macro-backtrace for more info)
[INFO] [stdout] 
[INFO] [stdout] 
[INFO] [stdout] error[E0308]: mismatched types
[INFO] [stdout]   --> src/config_parser.rs:52:5
[INFO] [stdout]    |
[INFO] [stdout] 52 |     assert_eq!(ms_config.get("port"), "port");
[INFO] [stdout]    |     ^^^^^^^^^^^^^^^^^^^^^^^^^^^^^^^^^^^^^^^^^^ expected enum `std::option::Option`, found `&str`
[INFO] [stdout]    |
[INFO] [stdout]    = note:   expected enum `std::option::Option<&std::string::String>`
[INFO] [stdout]            found reference `&str`
[INFO] [stdout]    = note: this error originates in the macro `assert_eq` (in Nightly builds, run with -Z macro-backtrace for more info)
[INFO] [stdout] 
[INFO] [stdout] 
[INFO] [stdout] error[E0308]: mismatched types
[INFO] [stdout]   --> src/config_parser.rs:53:5
[INFO] [stdout]    |
[INFO] [stdout] 53 |     assert_eq!(ms_config.get("document"), "meyor");
[INFO] [stdout]    |     ^^^^^^^^^^^^^^^^^^^^^^^^^^^^^^^^^^^^^^^^^^^^^^^ expected enum `std::option::Option`, found `&str`
[INFO] [stdout]    |
[INFO] [stdout]    = note:   expected enum `std::option::Option<&std::string::String>`
[INFO] [stdout]            found reference `&str`
[INFO] [stdout]    = note: this error originates in the macro `assert_eq` (in Nightly builds, run with -Z macro-backtrace for more info)
[INFO] [stdout] 
[INFO] [stdout] 
[INFO] [stdout] error: aborting due to 3 previous errors; 1 warning emitted
[INFO] [stdout] 
[INFO] [stdout] 
[INFO] [stdout] For more information about this error, try `rustc --explain E0308`.
[INFO] [stdout] 
[INFO] [stderr] error: could not compile `meyor` due to 4 previous errors; 1 warning emitted
[INFO] running `Command { std: "docker" "inspect" "937b37d6c1af9f8ac97499259da19d2999a6e7b93357eef55d83950f26ac3c89", kill_on_drop: false }`
[INFO] running `Command { std: "docker" "rm" "-f" "937b37d6c1af9f8ac97499259da19d2999a6e7b93357eef55d83950f26ac3c89", kill_on_drop: false }`
[INFO] [stdout] 937b37d6c1af9f8ac97499259da19d2999a6e7b93357eef55d83950f26ac3c89
