[INFO] cloning repository https://github.com/disperze/cw-contracts
[INFO] running `Command { std: "git" "-c" "credential.helper=" "-c" "credential.helper=/workspace/cargo-home/bin/git-credential-null" "clone" "--bare" "https://github.com/disperze/cw-contracts" "/workspace/cache/git-repos/https%3A%2F%2Fgithub.com%2Fdisperze%2Fcw-contracts", kill_on_drop: false }`
[INFO] [stderr] Cloning into bare repository '/workspace/cache/git-repos/https%3A%2F%2Fgithub.com%2Fdisperze%2Fcw-contracts'...
[INFO] running `Command { std: "git" "rev-parse" "HEAD", kill_on_drop: false }`
[INFO] [stdout] 7c085fa21e4f46319785a5c32051a46aa69a5dbd
[INFO] checking disperze/cw-contracts against 1.55.0 for beta-1.56-3
[INFO] running `Command { std: "git" "clone" "/workspace/cache/git-repos/https%3A%2F%2Fgithub.com%2Fdisperze%2Fcw-contracts" "/workspace/builds/worker-108/source", kill_on_drop: false }`
[INFO] [stderr] Cloning into '/workspace/builds/worker-108/source'...
[INFO] [stderr] done.
[INFO] validating manifest of git repo https://github.com/disperze/cw-contracts on toolchain 1.55.0
[INFO] running `Command { std: "/workspace/cargo-home/bin/cargo" "+1.55.0" "metadata" "--manifest-path" "Cargo.toml" "--no-deps", kill_on_drop: false }`
[INFO] removed /workspace/builds/worker-108/source/.cargo/config
[INFO] started tweaking git repo https://github.com/disperze/cw-contracts
[INFO] finished tweaking git repo https://github.com/disperze/cw-contracts
[INFO] tweaked toml for git repo https://github.com/disperze/cw-contracts written to /workspace/builds/worker-108/source/Cargo.toml
[INFO] crate git repo https://github.com/disperze/cw-contracts already has a lockfile, it will not be regenerated
[INFO] running `Command { std: "/workspace/cargo-home/bin/cargo" "+1.55.0" "fetch" "--manifest-path" "Cargo.toml", kill_on_drop: false }`
[INFO] [stderr]     Blocking waiting for file lock on package cache
[INFO] [stderr]     Blocking waiting for file lock on package cache
[INFO] running `Command { std: "docker" "create" "-v" "/var/lib/crater-agent-workspace/builds/worker-108/target:/opt/rustwide/target:rw,Z" "-v" "/var/lib/crater-agent-workspace/builds/worker-108/source:/opt/rustwide/workdir:ro,Z" "-v" "/var/lib/crater-agent-workspace/cargo-home:/opt/rustwide/cargo-home:ro,Z" "-v" "/var/lib/crater-agent-workspace/rustup-home:/opt/rustwide/rustup-home:ro,Z" "-e" "SOURCE_DIR=/opt/rustwide/workdir" "-e" "CARGO_TARGET_DIR=/opt/rustwide/target" "-e" "CARGO_HOME=/opt/rustwide/cargo-home" "-e" "RUSTUP_HOME=/opt/rustwide/rustup-home" "-w" "/opt/rustwide/workdir" "-m" "1610612736" "--user" "0:0" "--network" "none" "ghcr.io/rust-lang/crates-build-env/linux@sha256:a89201d6b5b9fd45c15d5952ece0a0129e7e80cb26ec023fd59cf09bc26f1604" "/opt/rustwide/cargo-home/bin/cargo" "+1.55.0" "metadata" "--no-deps" "--format-version=1", kill_on_drop: false }`
[INFO] [stdout] 9de75c32a84032d35242e7fcc1639d895a06780bc443f7dcb8395875740f94a9
[INFO] running `Command { std: "docker" "start" "-a" "9de75c32a84032d35242e7fcc1639d895a06780bc443f7dcb8395875740f94a9", kill_on_drop: false }`
[INFO] running `Command { std: "docker" "inspect" "9de75c32a84032d35242e7fcc1639d895a06780bc443f7dcb8395875740f94a9", kill_on_drop: false }`
[INFO] running `Command { std: "docker" "rm" "-f" "9de75c32a84032d35242e7fcc1639d895a06780bc443f7dcb8395875740f94a9", kill_on_drop: false }`
[INFO] [stdout] 9de75c32a84032d35242e7fcc1639d895a06780bc443f7dcb8395875740f94a9
[INFO] running `Command { std: "docker" "create" "-v" "/var/lib/crater-agent-workspace/builds/worker-108/target:/opt/rustwide/target:rw,Z" "-v" "/var/lib/crater-agent-workspace/builds/worker-108/source:/opt/rustwide/workdir:ro,Z" "-v" "/var/lib/crater-agent-workspace/cargo-home:/opt/rustwide/cargo-home:ro,Z" "-v" "/var/lib/crater-agent-workspace/rustup-home:/opt/rustwide/rustup-home:ro,Z" "-e" "SOURCE_DIR=/opt/rustwide/workdir" "-e" "CARGO_TARGET_DIR=/opt/rustwide/target" "-e" "CARGO_INCREMENTAL=0" "-e" "RUST_BACKTRACE=full" "-e" "RUSTFLAGS=--cap-lints=warn" "-e" "CARGO_HOME=/opt/rustwide/cargo-home" "-e" "RUSTUP_HOME=/opt/rustwide/rustup-home" "-w" "/opt/rustwide/workdir" "-m" "1610612736" "--user" "0:0" "--network" "none" "ghcr.io/rust-lang/crates-build-env/linux@sha256:a89201d6b5b9fd45c15d5952ece0a0129e7e80cb26ec023fd59cf09bc26f1604" "/opt/rustwide/cargo-home/bin/cargo" "+1.55.0" "check" "--frozen" "--all" "--all-targets" "--message-format=json", kill_on_drop: false }`
[INFO] [stdout] 6190b6c01e60bf0d4562eb59a5d4ed6008b5d32c06602959717d43a22ea168e2
[INFO] running `Command { std: "docker" "start" "-a" "6190b6c01e60bf0d4562eb59a5d4ed6008b5d32c06602959717d43a22ea168e2", kill_on_drop: false }`
[INFO] [stderr]     Blocking waiting for file lock on package cache
[INFO] [stderr]    Compiling proc-macro2 v1.0.28
[INFO] [stderr]    Compiling syn v1.0.75
[INFO] [stderr]    Compiling libc v0.2.99
[INFO] [stderr]     Checking subtle v2.4.1
[INFO] [stderr]    Compiling serde_derive v1.0.127
[INFO] [stderr]    Compiling serde v1.0.127
[INFO] [stderr]     Checking radium v0.3.0
[INFO] [stderr]     Checking wyz v0.2.0
[INFO] [stderr]     Checking funty v1.1.0
[INFO] [stderr]     Checking const-oid v0.4.5
[INFO] [stderr]     Checking zeroize v1.4.1
[INFO] [stderr]     Checking byteorder v1.4.3
[INFO] [stderr]    Compiling serde_json v1.0.66
[INFO] [stderr]    Compiling crunchy v0.2.2
[INFO] [stderr]    Compiling schemars v0.8.3
[INFO] [stderr]     Checking itoa v0.4.7
[INFO] [stderr]     Checking dyn-clone v1.0.4
[INFO] [stderr]     Checking der v0.1.0
[INFO] [stderr]     Checking bitvec v0.18.5
[INFO] [stderr]     Checking crypto-mac v0.10.1
[INFO] [stderr]     Checking uint v0.9.1
[INFO] [stderr]     Checking pkcs8 v0.3.3
[INFO] [stderr]    Compiling quote v1.0.9
[INFO] [stderr]     Checking getrandom v0.1.16
[INFO] [stderr]     Checking rand_core v0.5.1
[INFO] [stderr]     Checking ff v0.8.0
[INFO] [stderr]     Checking signature v1.2.2
[INFO] [stderr]     Checking curve25519-dalek v3.2.0
[INFO] [stderr]     Checking hmac v0.10.1
[INFO] [stderr]     Checking group v0.8.0
[INFO] [stderr]     Checking elliptic-curve v0.8.5
[INFO] [stderr]     Checking ecdsa v0.10.2
[INFO] [stderr]     Checking k256 v0.7.3
[INFO] [stderr]    Compiling serde_derive_internals v0.25.0
[INFO] [stderr]    Compiling thiserror-impl v1.0.26
[INFO] [stderr]    Compiling schemars_derive v0.8.3
[INFO] [stderr]    Compiling cosmwasm-derive v0.14.1
[INFO] [stderr]     Checking thiserror v1.0.26
[INFO] [stderr]     Checking ed25519-zebra v2.2.0
[INFO] [stderr]     Checking serde-json-wasm v0.3.1
[INFO] [stderr]     Checking cosmwasm-crypto v0.14.1
[INFO] [stderr]     Checking cosmwasm-std v0.14.1
[INFO] [stderr]     Checking cosmwasm-schema v0.14.1
[INFO] [stderr]     Checking cw-storage-plus v0.6.2
[INFO] [stderr]     Checking cw0 v0.6.2
[INFO] [stderr]     Checking cosmwasm-storage v0.14.1
[INFO] [stderr]     Checking cw20 v0.6.2
[INFO] [stderr]     Checking cw721 v0.6.2
[INFO] [stderr]     Checking cw2 v0.6.2
[INFO] [stderr]     Checking cw-disper-split v0.1.0 (/opt/rustwide/workdir/contracts/split)
[INFO] [stderr]     Checking cw-disper-721 v0.1.0 (/opt/rustwide/workdir/contracts/721)
[INFO] [stderr]     Checking cw20-base v0.6.2
[INFO] [stderr]     Checking cw-disper-lockbox v0.2.0 (/opt/rustwide/workdir/contracts/lockbox)
[INFO] [stderr]     Checking cw-disper-wrap v0.4.2 (/opt/rustwide/workdir/contracts/wrap)
[INFO] [stdout] error[E0433]: failed to resolve: use of undeclared crate or module `cw_lockbox`
[INFO] [stdout]  --> contracts/lockbox/examples/schema.rs:6:5
[INFO] [stdout]   |
[INFO] [stdout] 6 | use cw_lockbox::msg::{AllLocksResponse, ExecuteMsg, InstantiateMsg, LockInfo, QueryMsg};
[INFO] [stdout]   |     ^^^^^^^^^^ use of undeclared crate or module `cw_lockbox`
[INFO] [stdout] 
[INFO] [stdout] 
[INFO] [stdout] error[E0433]: failed to resolve: use of undeclared crate or module `cw_lockbox`
[INFO] [stdout]  --> contracts/lockbox/examples/schema.rs:7:5
[INFO] [stdout]   |
[INFO] [stdout] 7 | use cw_lockbox::state::State;
[INFO] [stdout]   |     ^^^^^^^^^^ use of undeclared crate or module `cw_lockbox`
[INFO] [stdout] 
[INFO] [stdout] 
[INFO] [stdout] error[E0412]: cannot find type `InstantiateMsg` in this scope
[INFO] [stdout]   --> contracts/lockbox/examples/schema.rs:15:32
[INFO] [stdout]    |
[INFO] [stdout] 15 |     export_schema(&schema_for!(InstantiateMsg), &out_dir);
[INFO] [stdout]    |                                ^^^^^^^^^^^^^^ not found in this scope
[INFO] [stdout]    |
[INFO] [stdout] help: consider importing this struct
[INFO] [stdout]    |
[INFO] [stdout] 1  | use cw_disper_lockbox::msg::InstantiateMsg;
[INFO] [stdout]    |
[INFO] [stdout] 
[INFO] [stdout] 
[INFO] [stdout] error[E0412]: cannot find type `ExecuteMsg` in this scope
[INFO] [stdout]   --> contracts/lockbox/examples/schema.rs:16:32
[INFO] [stdout]    |
[INFO] [stdout] 16 |     export_schema(&schema_for!(ExecuteMsg), &out_dir);
[INFO] [stdout]    |                                ^^^^^^^^^^ not found in this scope
[INFO] [stdout]    |
[INFO] [stdout] help: consider importing this enum
[INFO] [stdout]    |
[INFO] [stdout] 1  | use cw_disper_lockbox::msg::ExecuteMsg;
[INFO] [stdout]    |
[INFO] [stdout] 
[INFO] [stdout] 
[INFO] [stdout] error[E0412]: cannot find type `QueryMsg` in this scope
[INFO] [stdout]   --> contracts/lockbox/examples/schema.rs:17:32
[INFO] [stdout]    |
[INFO] [stdout] 17 |     export_schema(&schema_for!(QueryMsg), &out_dir);
[INFO] [stdout]    |                                ^^^^^^^^ not found in this scope
[INFO] [stdout]    |
[INFO] [stdout] help: consider importing this enum
[INFO] [stdout]    |
[INFO] [stdout] 1  | use cw_disper_lockbox::msg::QueryMsg;
[INFO] [stdout]    |
[INFO] [stdout] 
[INFO] [stdout] 
[INFO] [stdout] error[E0412]: cannot find type `State` in this scope
[INFO] [stdout]   --> contracts/lockbox/examples/schema.rs:18:32
[INFO] [stdout]    |
[INFO] [stdout] 18 |     export_schema(&schema_for!(State), &out_dir);
[INFO] [stdout]    |                                ^^^^^ not found in this scope
[INFO] [stdout]    |
[INFO] [stdout] help: consider importing this struct
[INFO] [stdout]    |
[INFO] [stdout] 1  | use cw_disper_lockbox::state::State;
[INFO] [stdout]    |
[INFO] [stdout] 
[INFO] [stdout] 
[INFO] [stdout] error[E0412]: cannot find type `LockInfo` in this scope
[INFO] [stdout]   --> contracts/lockbox/examples/schema.rs:19:32
[INFO] [stdout]    |
[INFO] [stdout] 19 |     export_schema(&schema_for!(LockInfo), &out_dir);
[INFO] [stdout]    |                                ^^^^^^^^ not found in this scope
[INFO] [stdout]    |
[INFO] [stdout] help: consider importing this struct
[INFO] [stdout]    |
[INFO] [stdout] 1  | use cw_disper_lockbox::msg::LockInfo;
[INFO] [stdout]    |
[INFO] [stdout] 
[INFO] [stdout] 
[INFO] [stdout] error[E0412]: cannot find type `AllLocksResponse` in this scope
[INFO] [stdout]   --> contracts/lockbox/examples/schema.rs:20:32
[INFO] [stdout]    |
[INFO] [stdout] 20 |     export_schema(&schema_for!(AllLocksResponse), &out_dir);
[INFO] [stdout]    |                                ^^^^^^^^^^^^^^^^ not found in this scope
[INFO] [stdout]    |
[INFO] [stdout] help: consider importing this struct
[INFO] [stdout]    |
[INFO] [stdout] 1  | use cw_disper_lockbox::msg::AllLocksResponse;
[INFO] [stdout]    |
[INFO] [stdout] 
[INFO] [stdout] 
[INFO] [stdout] error: aborting due to 8 previous errors
[INFO] [stdout] 
[INFO] [stdout] 
[INFO] [stdout] Some errors have detailed explanations: E0412, E0433.
[INFO] [stdout] 
[INFO] [stdout] For more information about an error, try `rustc --explain E0412`.
[INFO] [stdout] 
[INFO] [stderr] error: could not compile `cw-disper-lockbox` due to 9 previous errors
[INFO] [stderr] warning: build failed, waiting for other jobs to finish...
[INFO] [stderr] error: build failed
[INFO] running `Command { std: "docker" "inspect" "6190b6c01e60bf0d4562eb59a5d4ed6008b5d32c06602959717d43a22ea168e2", kill_on_drop: false }`
[INFO] running `Command { std: "docker" "rm" "-f" "6190b6c01e60bf0d4562eb59a5d4ed6008b5d32c06602959717d43a22ea168e2", kill_on_drop: false }`
[INFO] [stdout] 6190b6c01e60bf0d4562eb59a5d4ed6008b5d32c06602959717d43a22ea168e2
