[INFO] cloning repository https://github.com/demostf/parser
[INFO] running `Command { std: "git" "-c" "credential.helper=" "-c" "credential.helper=/workspace/cargo-home/bin/git-credential-null" "clone" "--bare" "https://github.com/demostf/parser" "/workspace/cache/git-repos/https%3A%2F%2Fgithub.com%2Fdemostf%2Fparser", kill_on_drop: false }`
[INFO] [stderr] Cloning into bare repository '/workspace/cache/git-repos/https%3A%2F%2Fgithub.com%2Fdemostf%2Fparser'...
[INFO] running `Command { std: "git" "rev-parse" "HEAD", kill_on_drop: false }`
[INFO] [stdout] 10429c6d29061fc2a7230dbe3ac70b673923231d
[INFO] checking demostf/parser against 1.55.0 for beta-1.56-3
[INFO] running `Command { std: "git" "clone" "/workspace/cache/git-repos/https%3A%2F%2Fgithub.com%2Fdemostf%2Fparser" "/workspace/builds/worker-117/source", kill_on_drop: false }`
[INFO] [stderr] Cloning into '/workspace/builds/worker-117/source'...
[INFO] [stderr] done.
[INFO] [stderr] Updating files:  52% (79/150)
Updating files:  53% (80/150)
Updating files:  54% (81/150)
Updating files:  55% (83/150)
Updating files:  56% (84/150)
Updating files:  57% (86/150)
Updating files:  58% (87/150)
Updating files:  59% (89/150)
Updating files:  60% (90/150)
Updating files:  61% (92/150)
Updating files:  62% (93/150)
Updating files:  63% (95/150)
Updating files:  64% (96/150)
Updating files:  65% (98/150)
Updating files:  66% (99/150)
Updating files:  67% (101/150)
Updating files:  68% (102/150)
Updating files:  69% (104/150)
Updating files:  70% (105/150)
Updating files:  71% (107/150)
Updating files:  72% (108/150)
Updating files:  73% (110/150)
Updating files:  74% (111/150)
Updating files:  75% (113/150)
Updating files:  76% (114/150)
Updating files:  77% (116/150)
Updating files:  78% (117/150)
Updating files:  79% (119/150)
Updating files:  80% (120/150)
Updating files:  81% (122/150)
Updating files:  82% (123/150)
Updating files:  83% (125/150)
Updating files:  84% (126/150)
Updating files:  85% (128/150)
Updating files:  86% (129/150)
Updating files:  87% (131/150)
Updating files:  88% (132/150)
Updating files:  89% (134/150)
Updating files:  90% (135/150)
Updating files:  91% (137/150)
Updating files:  92% (138/150)
Updating files:  93% (140/150)
Updating files:  94% (141/150)
Updating files:  95% (143/150)
Updating files:  96% (144/150)
Updating files:  97% (146/150)
Updating files:  98% (147/150)
Updating files:  99% (149/150)
Updating files: 100% (150/150)
Updating files: 100% (150/150), done.
[INFO] validating manifest of git repo https://github.com/demostf/parser on toolchain 1.55.0
[INFO] running `Command { std: "/workspace/cargo-home/bin/cargo" "+1.55.0" "metadata" "--manifest-path" "Cargo.toml" "--no-deps", kill_on_drop: false }`
[INFO] started tweaking git repo https://github.com/demostf/parser
[INFO] finished tweaking git repo https://github.com/demostf/parser
[INFO] tweaked toml for git repo https://github.com/demostf/parser written to /workspace/builds/worker-117/source/Cargo.toml
[INFO] crate git repo https://github.com/demostf/parser already has a lockfile, it will not be regenerated
[INFO] running `Command { std: "/workspace/cargo-home/bin/cargo" "+1.55.0" "fetch" "--manifest-path" "Cargo.toml", kill_on_drop: false }`
[INFO] [stderr]     Blocking waiting for file lock on package cache
[INFO] [stderr]     Blocking waiting for file lock on package cache
[INFO] [stderr]  Downloading crates ...
[INFO] [stderr]   Downloaded iai v0.1.1
[INFO] [stderr]   Downloaded no-panic v0.1.15
[INFO] [stderr]   Downloaded test-case v1.2.0
[INFO] running `Command { std: "docker" "create" "-v" "/var/lib/crater-agent-workspace/builds/worker-117/target:/opt/rustwide/target:rw,Z" "-v" "/var/lib/crater-agent-workspace/builds/worker-117/source:/opt/rustwide/workdir:ro,Z" "-v" "/var/lib/crater-agent-workspace/cargo-home:/opt/rustwide/cargo-home:ro,Z" "-v" "/var/lib/crater-agent-workspace/rustup-home:/opt/rustwide/rustup-home:ro,Z" "-e" "SOURCE_DIR=/opt/rustwide/workdir" "-e" "CARGO_TARGET_DIR=/opt/rustwide/target" "-e" "CARGO_HOME=/opt/rustwide/cargo-home" "-e" "RUSTUP_HOME=/opt/rustwide/rustup-home" "-w" "/opt/rustwide/workdir" "-m" "1610612736" "--user" "0:0" "--network" "none" "ghcr.io/rust-lang/crates-build-env/linux@sha256:a89201d6b5b9fd45c15d5952ece0a0129e7e80cb26ec023fd59cf09bc26f1604" "/opt/rustwide/cargo-home/bin/cargo" "+1.55.0" "metadata" "--no-deps" "--format-version=1", kill_on_drop: false }`
[INFO] [stdout] 3d178a62a1866b93cf5b415ea1d5bad6841c8071524ad2bf607312d3c18cfc89
[INFO] running `Command { std: "docker" "start" "-a" "3d178a62a1866b93cf5b415ea1d5bad6841c8071524ad2bf607312d3c18cfc89", kill_on_drop: false }`
[INFO] running `Command { std: "docker" "inspect" "3d178a62a1866b93cf5b415ea1d5bad6841c8071524ad2bf607312d3c18cfc89", kill_on_drop: false }`
[INFO] running `Command { std: "docker" "rm" "-f" "3d178a62a1866b93cf5b415ea1d5bad6841c8071524ad2bf607312d3c18cfc89", kill_on_drop: false }`
[INFO] [stdout] 3d178a62a1866b93cf5b415ea1d5bad6841c8071524ad2bf607312d3c18cfc89
[INFO] running `Command { std: "docker" "create" "-v" "/var/lib/crater-agent-workspace/builds/worker-117/target:/opt/rustwide/target:rw,Z" "-v" "/var/lib/crater-agent-workspace/builds/worker-117/source:/opt/rustwide/workdir:ro,Z" "-v" "/var/lib/crater-agent-workspace/cargo-home:/opt/rustwide/cargo-home:ro,Z" "-v" "/var/lib/crater-agent-workspace/rustup-home:/opt/rustwide/rustup-home:ro,Z" "-e" "SOURCE_DIR=/opt/rustwide/workdir" "-e" "CARGO_TARGET_DIR=/opt/rustwide/target" "-e" "CARGO_INCREMENTAL=0" "-e" "RUST_BACKTRACE=full" "-e" "RUSTFLAGS=--cap-lints=warn" "-e" "CARGO_HOME=/opt/rustwide/cargo-home" "-e" "RUSTUP_HOME=/opt/rustwide/rustup-home" "-w" "/opt/rustwide/workdir" "-m" "1610612736" "--user" "0:0" "--network" "none" "ghcr.io/rust-lang/crates-build-env/linux@sha256:a89201d6b5b9fd45c15d5952ece0a0129e7e80cb26ec023fd59cf09bc26f1604" "/opt/rustwide/cargo-home/bin/cargo" "+1.55.0" "check" "--frozen" "--all" "--all-targets" "--message-format=json", kill_on_drop: false }`
[INFO] [stdout] 89a5e28c9687aa17dd67a88f252aae7409b84012c7397ff8c77371bf4bf05d7c
[INFO] running `Command { std: "docker" "start" "-a" "89a5e28c9687aa17dd67a88f252aae7409b84012c7397ff8c77371bf4bf05d7c", kill_on_drop: false }`
[INFO] [stderr]     Blocking waiting for file lock on package cache
[INFO] [stderr]    Compiling proc-macro2 v1.0.28
[INFO] [stderr]    Compiling syn v1.0.74
[INFO] [stderr]    Compiling serde_derive v1.0.126
[INFO] [stderr]    Compiling serde v1.0.126
[INFO] [stderr]    Compiling memchr v2.4.0
[INFO] [stderr]     Checking lazy_static v1.4.0
[INFO] [stderr]    Compiling rustversion v1.0.5
[INFO] [stderr]     Checking regex-syntax v0.6.25
[INFO] [stderr]     Checking cfg-if v1.0.0
[INFO] [stderr]    Compiling libc v0.2.98
[INFO] [stderr]     Checking once_cell v1.8.0
[INFO] [stderr]    Compiling snap v1.0.5
[INFO] [stderr]     Checking ansi_term v0.12.1
[INFO] [stderr]     Checking pin-project-lite v0.2.7
[INFO] [stderr]     Checking itoa v0.4.7
[INFO] [stderr]     Checking smallvec v1.6.1
[INFO] [stderr]     Checking main_error v0.1.1
[INFO] [stderr]     Checking fnv v1.0.7
[INFO] [stderr]     Checking diff v0.1.12
[INFO] [stderr]     Checking iai v0.1.1
[INFO] [stderr]    Compiling num-traits v0.2.14
[INFO] [stderr]    Compiling num-integer v0.1.44
[INFO] [stderr]    Compiling num-bigint v0.3.2
[INFO] [stderr]    Compiling num-iter v0.1.42
[INFO] [stderr]    Compiling num-rational v0.3.2
[INFO] [stderr]    Compiling ryu v1.0.5
[INFO] [stderr]    Compiling log v0.4.14
[INFO] [stderr]    Compiling serde_json v1.0.64
[INFO] [stderr]    Compiling test-case v1.2.0
[INFO] [stderr]     Checking tracing-core v0.1.18
[INFO] [stderr]     Checking sharded-slab v0.1.1
[INFO] [stderr]     Checking num-complex v0.3.1
[INFO] [stderr]     Checking num-traits v0.1.43
[INFO] [stderr]     Checking thread_local v1.1.3
[INFO] [stderr]     Checking pretty_assertions v0.7.2
[INFO] [stderr]    Compiling err-derive v0.3.0
[INFO] [stderr]     Checking tracing-log v0.1.2
[INFO] [stderr]     Checking aho-corasick v0.7.18
[INFO] [stderr]     Checking regex-automata v0.1.10
[INFO] [stderr]    Compiling quote v1.0.9
[INFO] [stderr]     Checking enum_primitive v0.1.1
[INFO] [stderr]     Checking chrono v0.4.19
[INFO] [stderr]    Compiling regex v1.5.4
[INFO] [stderr]     Checking matchers v0.0.1
[INFO] [stderr]    Compiling proc-macro-error-attr v1.0.4
[INFO] [stderr]     Checking num v0.3.1
[INFO] [stderr]    Compiling synstructure v0.12.5
[INFO] [stderr]    Compiling proc-macro-error v1.0.4
[INFO] [stderr]    Compiling syn_util v0.4.2
[INFO] [stderr]    Compiling thiserror-impl v1.0.26
[INFO] [stderr]    Compiling structmeta-derive v0.1.3
[INFO] [stderr]    Compiling tracing-attributes v0.1.15
[INFO] [stderr]    Compiling derivative v2.2.0
[INFO] [stderr]    Compiling enumflags2_derive v0.7.0
[INFO] [stderr]    Compiling bitbuffer_derive v0.10.0
[INFO] [stderr]    Compiling serde_repr v0.1.7
[INFO] [stderr]    Compiling thiserror v1.0.26
[INFO] [stderr]     Checking tracing v0.1.26
[INFO] [stderr]    Compiling structmeta v0.1.3
[INFO] [stderr]    Compiling parse-display-derive v0.5.1
[INFO] [stderr]     Checking parse-display v0.5.1
[INFO] [stderr]     Checking tracing-serde v0.1.2
[INFO] [stderr]     Checking steamid-ng v1.0.0
[INFO] [stderr]     Checking enumflags2 v0.7.1
[INFO] [stderr]     Checking bitbuffer v0.10.3
[INFO] [stderr]    Compiling toml v0.5.8
[INFO] [stderr]     Checking tracing-subscriber v0.2.19
[INFO] [stderr]    Compiling proc-macro-crate v1.0.0
[INFO] [stderr]    Compiling num_enum_derive v0.5.2
[INFO] [stderr]     Checking num_enum v0.5.2
[INFO] [stderr]     Checking tf-demo-parser v0.3.3 (/opt/rustwide/workdir)
[INFO] [stdout] error[E0554]: `#![feature]` may not be used on the stable release channel
[INFO] [stdout]  --> benches/sendprop.rs:4:1
[INFO] [stdout]   |
[INFO] [stdout] 4 | #![feature(test)]
[INFO] [stdout]   | ^^^^^^^^^^^^^^^^^
[INFO] [stdout] 
[INFO] [stdout] 
[INFO] [stdout] error[E0554]: `#![feature]` may not be used on the stable release channel
[INFO] [stdout]  --> benches/bench.rs:1:1
[INFO] [stdout]   |
[INFO] [stdout] 1 | #![feature(test)]
[INFO] [stdout]   | ^^^^^^^^^^^^^^^^^
[INFO] [stdout] 
[INFO] [stdout] 
[INFO] [stdout] error: aborting due to previous error
[INFO] [stdout] 
[INFO] [stdout] 
[INFO] [stdout] For more information about this error, try `rustc --explain E0554`.
[INFO] [stdout] 
[INFO] [stderr] error: could not compile `tf-demo-parser` due to 2 previous errors
[INFO] [stderr] warning: build failed, waiting for other jobs to finish...
[INFO] [stdout] error: aborting due to previous error
[INFO] [stdout] 
[INFO] [stdout] 
[INFO] [stdout] For more information about this error, try `rustc --explain E0554`.
[INFO] [stdout] 
[INFO] [stdout] error[E0554]: `#![feature]` may not be used on the stable release channel
[INFO] [stdout]  --> benches/allmessages.rs:4:1
[INFO] [stdout]   |
[INFO] [stdout] 4 | #![feature(test)]
[INFO] [stdout]   | ^^^^^^^^^^^^^^^^^
[INFO] [stdout] 
[INFO] [stdout] 
[INFO] [stdout] error: aborting due to previous error
[INFO] [stdout] 
[INFO] [stdout] 
[INFO] [stdout] For more information about this error, try `rustc --explain E0554`.
[INFO] [stdout] 
[INFO] [stderr] error: build failed
[INFO] running `Command { std: "docker" "inspect" "89a5e28c9687aa17dd67a88f252aae7409b84012c7397ff8c77371bf4bf05d7c", kill_on_drop: false }`
[INFO] running `Command { std: "docker" "rm" "-f" "89a5e28c9687aa17dd67a88f252aae7409b84012c7397ff8c77371bf4bf05d7c", kill_on_drop: false }`
[INFO] [stdout] 89a5e28c9687aa17dd67a88f252aae7409b84012c7397ff8c77371bf4bf05d7c
