[INFO] cloning repository https://github.com/delphidigital/terra-tutorial-contract-adapted
[INFO] running `Command { std: "git" "-c" "credential.helper=" "-c" "credential.helper=/workspace/cargo-home/bin/git-credential-null" "clone" "--bare" "https://github.com/delphidigital/terra-tutorial-contract-adapted" "/workspace/cache/git-repos/https%3A%2F%2Fgithub.com%2Fdelphidigital%2Fterra-tutorial-contract-adapted", kill_on_drop: false }`
[INFO] [stderr] Cloning into bare repository '/workspace/cache/git-repos/https%3A%2F%2Fgithub.com%2Fdelphidigital%2Fterra-tutorial-contract-adapted'...
[INFO] running `Command { std: "git" "rev-parse" "HEAD", kill_on_drop: false }`
[INFO] [stdout] 518c719ce2cd3e97cdc77fe0c886228a27f89848
[INFO] checking delphidigital/terra-tutorial-contract-adapted against 1.55.0 for beta-1.56-3
[INFO] running `Command { std: "git" "clone" "/workspace/cache/git-repos/https%3A%2F%2Fgithub.com%2Fdelphidigital%2Fterra-tutorial-contract-adapted" "/workspace/builds/worker-9/source", kill_on_drop: false }`
[INFO] [stderr] Cloning into '/workspace/builds/worker-9/source'...
[INFO] [stderr] done.
[INFO] validating manifest of git repo https://github.com/delphidigital/terra-tutorial-contract-adapted on toolchain 1.55.0
[INFO] running `Command { std: "/workspace/cargo-home/bin/cargo" "+1.55.0" "metadata" "--manifest-path" "Cargo.toml" "--no-deps", kill_on_drop: false }`
[INFO] removed /workspace/builds/worker-9/source/.cargo/config
[INFO] started tweaking git repo https://github.com/delphidigital/terra-tutorial-contract-adapted
[INFO] finished tweaking git repo https://github.com/delphidigital/terra-tutorial-contract-adapted
[INFO] tweaked toml for git repo https://github.com/delphidigital/terra-tutorial-contract-adapted written to /workspace/builds/worker-9/source/Cargo.toml
[INFO] crate git repo https://github.com/delphidigital/terra-tutorial-contract-adapted already has a lockfile, it will not be regenerated
[INFO] running `Command { std: "/workspace/cargo-home/bin/cargo" "+1.55.0" "fetch" "--manifest-path" "Cargo.toml", kill_on_drop: false }`
[INFO] [stderr]     Blocking waiting for file lock on package cache
[INFO] [stderr]     Blocking waiting for file lock on package cache
[INFO] [stderr]  Downloading crates ...
[INFO] [stderr]   Downloaded serde-json-wasm v0.2.3
[INFO] [stderr]   Downloaded cosmwasm-schema v0.10.1
[INFO] [stderr]   Downloaded cosmwasm-std v0.10.1
[INFO] [stderr]   Downloaded cosmwasm-storage v0.10.1
[INFO] running `Command { std: "docker" "create" "-v" "/var/lib/crater-agent-workspace/builds/worker-9/target:/opt/rustwide/target:rw,Z" "-v" "/var/lib/crater-agent-workspace/builds/worker-9/source:/opt/rustwide/workdir:ro,Z" "-v" "/var/lib/crater-agent-workspace/cargo-home:/opt/rustwide/cargo-home:ro,Z" "-v" "/var/lib/crater-agent-workspace/rustup-home:/opt/rustwide/rustup-home:ro,Z" "-e" "SOURCE_DIR=/opt/rustwide/workdir" "-e" "CARGO_TARGET_DIR=/opt/rustwide/target" "-e" "CARGO_HOME=/opt/rustwide/cargo-home" "-e" "RUSTUP_HOME=/opt/rustwide/rustup-home" "-w" "/opt/rustwide/workdir" "-m" "1610612736" "--user" "0:0" "--network" "none" "ghcr.io/rust-lang/crates-build-env/linux@sha256:a89201d6b5b9fd45c15d5952ece0a0129e7e80cb26ec023fd59cf09bc26f1604" "/opt/rustwide/cargo-home/bin/cargo" "+1.55.0" "metadata" "--no-deps" "--format-version=1", kill_on_drop: false }`
[INFO] [stdout] bf551d8de71a1d35b876cf6d31590b4fda4980be411b5baabb2c40576f622daf
[INFO] running `Command { std: "docker" "start" "-a" "bf551d8de71a1d35b876cf6d31590b4fda4980be411b5baabb2c40576f622daf", kill_on_drop: false }`
[INFO] running `Command { std: "docker" "inspect" "bf551d8de71a1d35b876cf6d31590b4fda4980be411b5baabb2c40576f622daf", kill_on_drop: false }`
[INFO] running `Command { std: "docker" "rm" "-f" "bf551d8de71a1d35b876cf6d31590b4fda4980be411b5baabb2c40576f622daf", kill_on_drop: false }`
[INFO] [stdout] bf551d8de71a1d35b876cf6d31590b4fda4980be411b5baabb2c40576f622daf
[INFO] running `Command { std: "docker" "create" "-v" "/var/lib/crater-agent-workspace/builds/worker-9/target:/opt/rustwide/target:rw,Z" "-v" "/var/lib/crater-agent-workspace/builds/worker-9/source:/opt/rustwide/workdir:ro,Z" "-v" "/var/lib/crater-agent-workspace/cargo-home:/opt/rustwide/cargo-home:ro,Z" "-v" "/var/lib/crater-agent-workspace/rustup-home:/opt/rustwide/rustup-home:ro,Z" "-e" "SOURCE_DIR=/opt/rustwide/workdir" "-e" "CARGO_TARGET_DIR=/opt/rustwide/target" "-e" "CARGO_INCREMENTAL=0" "-e" "RUST_BACKTRACE=full" "-e" "RUSTFLAGS=--cap-lints=warn" "-e" "CARGO_HOME=/opt/rustwide/cargo-home" "-e" "RUSTUP_HOME=/opt/rustwide/rustup-home" "-w" "/opt/rustwide/workdir" "-m" "1610612736" "--user" "0:0" "--network" "none" "ghcr.io/rust-lang/crates-build-env/linux@sha256:a89201d6b5b9fd45c15d5952ece0a0129e7e80cb26ec023fd59cf09bc26f1604" "/opt/rustwide/cargo-home/bin/cargo" "+1.55.0" "check" "--frozen" "--all" "--all-targets" "--message-format=json", kill_on_drop: false }`
[INFO] [stdout] 1fb3286974a1da525b417f9237d7e0d69298b538304a2f422d59fe87a3c34897
[INFO] running `Command { std: "docker" "start" "-a" "1fb3286974a1da525b417f9237d7e0d69298b538304a2f422d59fe87a3c34897", kill_on_drop: false }`
[INFO] [stderr]    Compiling syn v1.0.60
[INFO] [stderr]    Compiling serde_derive v1.0.123
[INFO] [stderr]    Compiling serde v1.0.123
[INFO] [stderr]    Compiling serde_json v1.0.62
[INFO] [stderr]    Compiling schemars v0.7.6
[INFO] [stderr]     Checking base64 v0.11.0
[INFO] [stderr]    Compiling quote v1.0.9
[INFO] [stderr]    Compiling serde_derive_internals v0.25.0
[INFO] [stderr]    Compiling snafu-derive v0.6.10
[INFO] [stderr]    Compiling schemars_derive v0.7.6
[INFO] [stderr]     Checking snafu v0.6.10
[INFO] [stderr]     Checking serde-json-wasm v0.2.3
[INFO] [stderr]     Checking cosmwasm-std v0.10.1
[INFO] [stderr]     Checking cosmwasm-schema v0.10.1
[INFO] [stderr]     Checking cosmwasm-storage v0.10.1
[INFO] [stderr]     Checking my-second-contract v0.1.0 (/opt/rustwide/workdir)
[INFO] [stdout] error[E0560]: struct `ParentResponse` has no field named `count`
[INFO] [stdout]   --> src/contract.rs:70:25
[INFO] [stdout]    |
[INFO] [stdout] 70 |     Ok(ParentResponse { count: state.parent })
[INFO] [stdout]    |                         ^^^^^ `ParentResponse` does not have this field
[INFO] [stdout]    |
[INFO] [stdout]    = note: available fields are: `parent`
[INFO] [stdout] 
[INFO] [stdout] 
[INFO] [stdout] error[E0560]: struct `ParentResponse` has no field named `count`
[INFO] [stdout]   --> src/contract.rs:70:25
[INFO] [stdout]    |
[INFO] [stdout] 70 |     Ok(ParentResponse { count: state.parent })
[INFO] [stdout]    |                         ^^^^^ `ParentResponse` does not have this field
[INFO] [stdout]    |
[INFO] [stdout]    = note: available fields are: `parent`
[INFO] [stdout] 
[INFO] [stdout] 
[INFO] [stdout] error[E0560]: struct `msg::InitMsg` has no field named `count`
[INFO] [stdout]   --> src/contract.rs:83:29
[INFO] [stdout]    |
[INFO] [stdout] 83 |         let msg = InitMsg { count: 17 };
[INFO] [stdout]    |                             ^^^^^ `msg::InitMsg` does not have this field
[INFO] [stdout]    |
[INFO] [stdout]    = note: available fields are: `parent`
[INFO] [stdout] 
[INFO] [stdout] 
[INFO] [stdout] error[E0560]: struct `msg::InitMsg` has no field named `count`
[INFO] [stdout]    --> src/contract.rs:100:29
[INFO] [stdout]     |
[INFO] [stdout] 100 |         let msg = InitMsg { count: 17 };
[INFO] [stdout]     |                             ^^^^^ `msg::InitMsg` does not have this field
[INFO] [stdout]     |
[INFO] [stdout]     = note: available fields are: `parent`
[INFO] [stdout] 
[INFO] [stdout] 
[INFO] [stdout] error[E0599]: no variant named `Increment` found for enum `msg::HandleMsg`
[INFO] [stdout]    --> src/contract.rs:106:30
[INFO] [stdout]     |
[INFO] [stdout] 106 |         let msg = HandleMsg::Increment {};
[INFO] [stdout]     |                              ^^^^^^^^^ variant not found in `msg::HandleMsg`
[INFO] [stdout]     | 
[INFO] [stdout]    ::: src/msg.rs:12:1
[INFO] [stdout]     |
[INFO] [stdout] 12  | pub enum HandleMsg {
[INFO] [stdout]     | ------------------ variant `Increment` not found here
[INFO] [stdout] 
[INFO] [stdout] 
[INFO] [stdout] error[E0560]: struct `msg::InitMsg` has no field named `count`
[INFO] [stdout]    --> src/contract.rs:119:29
[INFO] [stdout]     |
[INFO] [stdout] 119 |         let msg = InitMsg { count: 17 };
[INFO] [stdout]     |                             ^^^^^ `msg::InitMsg` does not have this field
[INFO] [stdout]     |
[INFO] [stdout]     = note: available fields are: `parent`
[INFO] [stdout] 
[INFO] [stdout] 
[INFO] [stdout] error[E0599]: no variant named `Reset` found for enum `msg::HandleMsg`
[INFO] [stdout]    --> src/contract.rs:125:30
[INFO] [stdout]     |
[INFO] [stdout] 125 |         let msg = HandleMsg::Reset { count: 5 };
[INFO] [stdout]     |                              ^^^^^ variant not found in `msg::HandleMsg`
[INFO] [stdout]     | 
[INFO] [stdout]    ::: src/msg.rs:12:1
[INFO] [stdout]     |
[INFO] [stdout] 12  | pub enum HandleMsg {
[INFO] [stdout]     | ------------------ variant `Reset` not found here
[INFO] [stdout] 
[INFO] [stdout] 
[INFO] [stdout] error[E0599]: no variant named `Reset` found for enum `msg::HandleMsg`
[INFO] [stdout]    --> src/contract.rs:134:30
[INFO] [stdout]     |
[INFO] [stdout] 134 |         let msg = HandleMsg::Reset { count: 5 };
[INFO] [stdout]     |                              ^^^^^ variant not found in `msg::HandleMsg`
[INFO] [stdout]     | 
[INFO] [stdout]    ::: src/msg.rs:12:1
[INFO] [stdout]     |
[INFO] [stdout] 12  | pub enum HandleMsg {
[INFO] [stdout]     | ------------------ variant `Reset` not found here
[INFO] [stdout] 
[INFO] [stdout] 
[INFO] [stdout] error: aborting due to previous error
[INFO] [stdout] 
[INFO] [stdout] 
[INFO] [stdout] For more information about this error, try `rustc --explain E0560`.
[INFO] [stdout] 
[INFO] [stdout] error: aborting due to 7 previous errors
[INFO] [stdout] 
[INFO] [stdout] 
[INFO] [stdout] Some errors have detailed explanations: E0560, E0599.
[INFO] [stdout] 
[INFO] [stdout] For more information about an error, try `rustc --explain E0560`.
[INFO] [stdout] 
[INFO] [stderr] error: could not compile `my-second-contract` due to 2 previous errors
[INFO] [stderr] warning: build failed, waiting for other jobs to finish...
[INFO] [stderr] error: build failed
[INFO] running `Command { std: "docker" "inspect" "1fb3286974a1da525b417f9237d7e0d69298b538304a2f422d59fe87a3c34897", kill_on_drop: false }`
[INFO] running `Command { std: "docker" "rm" "-f" "1fb3286974a1da525b417f9237d7e0d69298b538304a2f422d59fe87a3c34897", kill_on_drop: false }`
[INFO] [stdout] 1fb3286974a1da525b417f9237d7e0d69298b538304a2f422d59fe87a3c34897
