[INFO] cloning repository https://github.com/ddlog-lsp/ddlog-lsp
[INFO] running `Command { std: "git" "-c" "credential.helper=" "-c" "credential.helper=/workspace/cargo-home/bin/git-credential-null" "clone" "--bare" "https://github.com/ddlog-lsp/ddlog-lsp" "/workspace/cache/git-repos/https%3A%2F%2Fgithub.com%2Fddlog-lsp%2Fddlog-lsp", kill_on_drop: false }`
[INFO] [stderr] Cloning into bare repository '/workspace/cache/git-repos/https%3A%2F%2Fgithub.com%2Fddlog-lsp%2Fddlog-lsp'...
[INFO] running `Command { std: "git" "rev-parse" "HEAD", kill_on_drop: false }`
[INFO] [stdout] b52abdab469ff347528eca5542ba1cf70799be9a
[INFO] checking ddlog-lsp/ddlog-lsp against beta-2021-10-15 for beta-1.56-3
[INFO] running `Command { std: "git" "clone" "/workspace/cache/git-repos/https%3A%2F%2Fgithub.com%2Fddlog-lsp%2Fddlog-lsp" "/workspace/builds/worker-4/source", kill_on_drop: false }`
[INFO] [stderr] Cloning into '/workspace/builds/worker-4/source'...
[INFO] [stderr] done.
[INFO] validating manifest of git repo https://github.com/ddlog-lsp/ddlog-lsp on toolchain beta-2021-10-15
[INFO] running `Command { std: "/workspace/cargo-home/bin/cargo" "+beta-2021-10-15" "metadata" "--manifest-path" "Cargo.toml" "--no-deps", kill_on_drop: false }`
[INFO] removed /workspace/builds/worker-4/source/.cargo/config
[INFO] removed /workspace/builds/worker-4/source/rust-toolchain
[INFO] started tweaking git repo https://github.com/ddlog-lsp/ddlog-lsp
[INFO] finished tweaking git repo https://github.com/ddlog-lsp/ddlog-lsp
[INFO] tweaked toml for git repo https://github.com/ddlog-lsp/ddlog-lsp written to /workspace/builds/worker-4/source/Cargo.toml
[INFO] crate git repo https://github.com/ddlog-lsp/ddlog-lsp already has a lockfile, it will not be regenerated
[INFO] running `Command { std: "/workspace/cargo-home/bin/cargo" "+beta-2021-10-15" "fetch" "--manifest-path" "Cargo.toml", kill_on_drop: false }`
[INFO] [stderr]     Blocking waiting for file lock on package cache
[INFO] [stderr]     Blocking waiting for file lock on package cache
[INFO] [stderr]  Downloading crates ...
[INFO] [stderr]   Downloaded wasm-bindgen v0.2.77
[INFO] [stderr]   Downloaded blocking v1.0.2
[INFO] [stderr]   Downloaded dunce v1.0.2
[INFO] [stderr]   Downloaded wasm-bindgen-macro v0.2.77
[INFO] [stderr]   Downloaded cargo-lock v7.0.1
[INFO] [stderr]   Downloaded atomic-waker v1.0.0
[INFO] [stderr]   Downloaded pico-args v0.4.2
[INFO] [stderr]   Downloaded version_check v0.9.3
[INFO] [stderr]   Downloaded web-sys v0.3.54
[INFO] [stderr]   Downloaded pin-utils v0.1.0
[INFO] [stderr]   Downloaded futures-task v0.3.17
[INFO] [stderr]   Downloaded futures-channel v0.3.17
[INFO] [stderr]   Downloaded matches v0.1.9
[INFO] [stderr]   Downloaded tinyvec_macros v0.1.0
[INFO] [stderr]   Downloaded serde_derive v1.0.130
[INFO] [stderr]   Downloaded num-traits v0.2.14
[INFO] [stderr]   Downloaded lspower-macros v0.2.1
[INFO] [stderr]   Downloaded wasm-bindgen-futures v0.4.27
[INFO] [stderr]   Downloaded proc-macro-nested v0.1.7
[INFO] [stderr]   Downloaded instant v0.1.10
[INFO] [stderr]   Downloaded hermit-abi v0.1.19
[INFO] [stderr]   Downloaded csv-core v0.1.10
[INFO] [stderr]   Downloaded humantime v2.1.0
[INFO] [stderr]   Downloaded pkg-config v0.3.19
[INFO] [stderr]   Downloaded concurrent-queue v1.2.2
[INFO] [stderr]   Downloaded smol v1.2.5
[INFO] [stderr]   Downloaded tokio-util v0.6.8
[INFO] [stderr]   Downloaded memoffset v0.6.4
[INFO] [stderr]   Downloaded either v1.6.1
[INFO] [stderr]   Downloaded itertools v0.10.1
[INFO] [stderr]   Downloaded ropey v1.3.1
[INFO] [stderr]   Downloaded lsp-types v0.89.2
[INFO] [stderr]   Downloaded once_cell v1.8.0
[INFO] [stderr]   Downloaded anyhow v1.0.43
[INFO] [stderr]   Downloaded built v0.5.1
[INFO] [stderr]   Downloaded indoc v1.0.3
[INFO] [stderr]   Downloaded predicates-core v1.0.2
[INFO] [stderr]   Downloaded treeline v0.1.0
[INFO] [stderr]   Downloaded predicates-tree v1.0.3
[INFO] [stderr]   Downloaded normalize-line-endings v0.3.0
[INFO] [stderr]   Downloaded cache-padded v1.1.1
[INFO] [stderr]   Downloaded async-task v4.0.3
[INFO] [stderr]   Downloaded getrandom v0.2.3
[INFO] [stderr]   Downloaded gloo-timers v0.2.1
[INFO] [stderr]   Downloaded async-channel v1.6.1
[INFO] [stderr]   Downloaded async-mutex v1.4.0
[INFO] [stderr]   Downloaded kv-log-macro v1.0.7
[INFO] [stderr]   Downloaded async-net v1.6.1
[INFO] [stderr]   Downloaded async-fs v1.5.0
[INFO] [stderr]   Downloaded wepoll-ffi v0.1.2
[INFO] [stderr]   Downloaded async-process v1.2.0
[INFO] [stderr]   Downloaded assert_cmd v2.0.1
[INFO] [stderr]   Downloaded difflib v0.4.0
[INFO] [stderr]   Downloaded polling v2.1.0
[INFO] [stderr]   Downloaded doc-comment v0.3.3
[INFO] [stderr]   Downloaded wait-timeout v0.2.0
[INFO] [stderr]   Downloaded float-cmp v0.9.0
[INFO] [stderr]   Downloaded bumpalo v3.7.0
[INFO] [stderr]   Downloaded tokio v1.11.0
[INFO] [stderr]   Downloaded async-global-executor v2.0.2
[INFO] [stderr]   Downloaded async-std v1.10.0
[INFO] [stderr]   Downloaded libgit2-sys v0.12.23+1.2.0
[INFO] [stderr]   Downloaded libz-sys v1.1.3
[INFO] [stderr]   Downloaded csv v1.1.6
[INFO] [stderr]   Downloaded futures v0.3.17
[INFO] [stderr]   Downloaded signal-hook v0.3.10
[INFO] [stderr]   Downloaded unindent v0.1.7
[INFO] [stderr]   Downloaded oorandom v11.1.3
[INFO] [stderr]   Downloaded plotters-svg v0.3.1
[INFO] [stderr]   Downloaded half v1.7.1
[INFO] [stderr]   Downloaded libc v0.2.101
[INFO] [stderr]   Downloaded rayon-core v1.9.1
[INFO] [stderr]   Downloaded criterion v0.3.5
[INFO] [stderr]   Downloaded fastrand v1.5.0
[INFO] [stderr]   Downloaded waker-fn v1.1.0
[INFO] [stderr]   Downloaded socket2 v0.4.1
[INFO] [stderr]   Downloaded bstr v0.2.16
[INFO] [stderr]   Downloaded plotters v0.3.1
[INFO] [stderr]   Downloaded parking v2.0.0
[INFO] [stderr]   Downloaded vcpkg v0.2.15
[INFO] [stderr]   Downloaded git2 v0.13.22
[INFO] [stderr]   Downloaded regex-automata v0.1.10
[INFO] [stderr]   Downloaded async-io v1.6.0
[INFO] [stderr]   Downloaded async-lock v2.4.0
[INFO] [stderr]   Downloaded clap v2.33.3
[INFO] [stderr]   Downloaded redox_syscall v0.2.10
[INFO] [stderr]   Downloaded signal-hook-registry v1.4.0
[INFO] [stderr]   Downloaded serde_cbor v0.11.2
[INFO] [stderr]   Downloaded rand v0.8.4
[INFO] [stderr]   Downloaded semver v1.0.4
[INFO] [stderr]   Downloaded ppv-lite86 v0.2.10
[INFO] [stderr]   Downloaded wasi v0.10.2+wasi-snapshot-preview1
[INFO] [stderr]   Downloaded env_logger v0.9.0
[INFO] [stderr]   Downloaded event-listener v2.5.1
[INFO] [stderr]   Downloaded rustc_version v0.4.0
[INFO] [stderr]   Downloaded bytes v1.1.0
[INFO] [stderr]   Downloaded walkdir v2.3.2
[INFO] [stderr]   Downloaded tempfile v3.2.0
[INFO] [stderr]   Downloaded async-executor v1.4.1
[INFO] [stderr]   Downloaded crossbeam-channel v0.5.1
[INFO] [stderr]   Downloaded httparse v1.5.1
[INFO] [stderr]   Downloaded idna v0.2.3
[INFO] [stderr]   Downloaded rand_hc v0.3.1
[INFO] [stderr]   Downloaded dashmap v4.0.2
[INFO] [stderr]   Downloaded scoped-tls v1.0.0
[INFO] [stderr]   Downloaded tokio-macros v1.3.0
[INFO] [stderr]   Downloaded toml v0.5.8
[INFO] [stderr]   Downloaded async-codec-lite v0.0.0
[INFO] [stderr]   Downloaded plotters-backend v0.3.2
[INFO] [stderr]   Downloaded tinytemplate v1.2.1
[INFO] [stderr]   Downloaded lsp-text v0.1.0
[INFO] [stderr]   Downloaded difference v2.0.0
[INFO] [stderr]   Downloaded twoway v0.2.2
[INFO] [stderr]   Downloaded predicates v2.0.2
[INFO] [stderr]   Downloaded goldenfile v1.1.0
[INFO] [stderr]   Downloaded wasm-bindgen-test v0.3.27
[INFO] [stderr]   Downloaded lspower v1.1.0
[INFO] [stderr]   Downloaded wasm-bindgen-test-macro v0.3.27
[INFO] [stderr]   Downloaded auto_impl v0.4.1
[INFO] [stderr]   Downloaded unchecked-index v0.2.2
[INFO] [stderr]   Downloaded serde_json v1.0.67
[INFO] [stderr]   Downloaded futures-lite v1.12.0
[INFO] [stderr]   Downloaded serde_repr v0.1.7
[INFO] [stderr]   Downloaded js-sys v0.3.54
[INFO] [stderr]   Downloaded tree-sitter-facade v0.1.0
[INFO] [stderr]   Downloaded crossbeam-utils v0.8.5
[INFO] [stderr]   Downloaded crossbeam-deque v0.8.1
[INFO] [stderr]   Downloaded rayon v1.5.1
[INFO] [stderr]   Downloaded termcolor v1.1.2
[INFO] [stderr]   Downloaded rand_chacha v0.3.1
[INFO] [stderr]   Downloaded rand_core v0.6.3
[INFO] [stderr]   Downloaded thiserror-impl v1.0.29
[INFO] [stderr]   Downloaded unicode-segmentation v1.8.0
[INFO] [stderr]   Downloaded crossbeam-epoch v0.9.5
[INFO] [stderr]   Downloaded proc-macro-error-attr v1.0.4
[INFO] [stderr]   Downloaded proc-macro-error v1.0.4
[INFO] [stderr]   Downloaded tower-service v0.3.1
[INFO] [stderr]   Downloaded bitflags v1.3.2
[INFO] [stderr]   Downloaded itoa v0.4.8
[INFO] [stderr]   Downloaded form_urlencoded v1.0.1
[INFO] [stderr]   Downloaded ctor v0.1.21
[INFO] [stderr]   Downloaded regex v1.5.4
[INFO] [stderr]   Downloaded cast v0.2.7
[INFO] [stderr]   Downloaded criterion-plot v0.4.4
[INFO] [stderr]   Downloaded url v2.2.2
[INFO] [stderr]   Downloaded quote v1.0.9
[INFO] [stderr]   Downloaded unicode-bidi v0.3.6
[INFO] [stderr]   Downloaded tinyvec v1.3.1
[INFO] [stderr]   Downloaded futures-io v0.3.17
[INFO] [stderr]   Downloaded async-trait v0.1.51
[INFO] [stderr]   Downloaded unicode-normalization v0.1.19
[INFO] [stderr]   Downloaded futures-core v0.3.17
[INFO] [stderr]   Downloaded pin-project-lite v0.2.7
[INFO] [stderr]   Downloaded futures-sink v0.3.17
[INFO] [stderr]   Downloaded heck v0.3.3
[INFO] [stderr]   Downloaded futures-executor v0.3.17
[INFO] [stderr]   Downloaded autocfg v1.0.1
[INFO] [stderr]   Downloaded futures-macro v0.3.17
[INFO] [stderr]   Downloaded slab v0.4.4
[INFO] [stderr]   Downloaded thiserror v1.0.29
[INFO] [stderr]   Downloaded cc v1.0.70
[INFO] [stderr]   Downloaded regex-syntax v0.6.25
[INFO] [stderr]   Downloaded value-bag v1.0.0-alpha.7
[INFO] [stderr]   Downloaded wasm-bindgen-backend v0.2.77
[INFO] [stderr]   Downloaded jobserver v0.1.24
[INFO] [stderr]   Downloaded wasm-bindgen-macro-support v0.2.77
[INFO] [stderr]   Downloaded wasm-bindgen-shared v0.2.77
[INFO] [stderr]   Downloaded web-tree-sitter-sys v0.3.0
[INFO] [stderr]   Downloaded syn v1.0.76
[INFO] [stderr]   Downloaded tree-sitter v0.20.0
[INFO] [stderr]   Downloaded serde v1.0.130
[INFO] [stderr]   Downloaded futures-util v0.3.17
[INFO] [stderr]   Downloaded smallvec v1.6.1
[INFO] [stderr]   Downloaded unicode-xid v0.2.2
[INFO] [stderr]   Downloaded aho-corasick v0.7.18
[INFO] [stderr]   Downloaded memchr v2.4.1
[INFO] [stderr]   Downloaded proc-macro-hack v0.5.19
[INFO] [stderr]   Downloaded cfg-if v1.0.0
[INFO] [stderr]   Downloaded log v0.4.14
[INFO] [stderr]   Downloaded proc-macro2 v1.0.29
[INFO] running `Command { std: "docker" "create" "-v" "/var/lib/crater-agent-workspace/builds/worker-4/target:/opt/rustwide/target:rw,Z" "-v" "/var/lib/crater-agent-workspace/builds/worker-4/source:/opt/rustwide/workdir:ro,Z" "-v" "/var/lib/crater-agent-workspace/cargo-home:/opt/rustwide/cargo-home:ro,Z" "-v" "/var/lib/crater-agent-workspace/rustup-home:/opt/rustwide/rustup-home:ro,Z" "-e" "SOURCE_DIR=/opt/rustwide/workdir" "-e" "CARGO_TARGET_DIR=/opt/rustwide/target" "-e" "CARGO_HOME=/opt/rustwide/cargo-home" "-e" "RUSTUP_HOME=/opt/rustwide/rustup-home" "-w" "/opt/rustwide/workdir" "-m" "1610612736" "--user" "0:0" "--network" "none" "ghcr.io/rust-lang/crates-build-env/linux@sha256:a89201d6b5b9fd45c15d5952ece0a0129e7e80cb26ec023fd59cf09bc26f1604" "/opt/rustwide/cargo-home/bin/cargo" "+beta-2021-10-15" "metadata" "--no-deps" "--format-version=1", kill_on_drop: false }`
[INFO] [stdout] 7ab6e91bc3664a461362488bd9ffcae49f8dfe23d89fe7435ba871945dd5b74f
[INFO] [stderr] WARNING: Your kernel does not support swap limit capabilities or the cgroup is not mounted. Memory limited without swap.
[INFO] running `Command { std: "docker" "start" "-a" "7ab6e91bc3664a461362488bd9ffcae49f8dfe23d89fe7435ba871945dd5b74f", kill_on_drop: false }`
[INFO] running `Command { std: "docker" "inspect" "7ab6e91bc3664a461362488bd9ffcae49f8dfe23d89fe7435ba871945dd5b74f", kill_on_drop: false }`
[INFO] running `Command { std: "docker" "rm" "-f" "7ab6e91bc3664a461362488bd9ffcae49f8dfe23d89fe7435ba871945dd5b74f", kill_on_drop: false }`
[INFO] [stdout] 7ab6e91bc3664a461362488bd9ffcae49f8dfe23d89fe7435ba871945dd5b74f
[INFO] running `Command { std: "docker" "create" "-v" "/var/lib/crater-agent-workspace/builds/worker-4/target:/opt/rustwide/target:rw,Z" "-v" "/var/lib/crater-agent-workspace/builds/worker-4/source:/opt/rustwide/workdir:ro,Z" "-v" "/var/lib/crater-agent-workspace/cargo-home:/opt/rustwide/cargo-home:ro,Z" "-v" "/var/lib/crater-agent-workspace/rustup-home:/opt/rustwide/rustup-home:ro,Z" "-e" "SOURCE_DIR=/opt/rustwide/workdir" "-e" "CARGO_TARGET_DIR=/opt/rustwide/target" "-e" "CARGO_INCREMENTAL=0" "-e" "RUST_BACKTRACE=full" "-e" "RUSTFLAGS=--cap-lints=warn" "-e" "CARGO_HOME=/opt/rustwide/cargo-home" "-e" "RUSTUP_HOME=/opt/rustwide/rustup-home" "-w" "/opt/rustwide/workdir" "-m" "1610612736" "--user" "0:0" "--network" "none" "ghcr.io/rust-lang/crates-build-env/linux@sha256:a89201d6b5b9fd45c15d5952ece0a0129e7e80cb26ec023fd59cf09bc26f1604" "/opt/rustwide/cargo-home/bin/cargo" "+beta-2021-10-15" "check" "--frozen" "--all" "--all-targets" "--message-format=json", kill_on_drop: false }`
[INFO] [stdout] cf9e42a04d14cd63143ff26d5f64f673d5256bc699c3dae33b892c103907ff26
[INFO] [stderr] WARNING: Your kernel does not support swap limit capabilities or the cgroup is not mounted. Memory limited without swap.
[INFO] running `Command { std: "docker" "start" "-a" "cf9e42a04d14cd63143ff26d5f64f673d5256bc699c3dae33b892c103907ff26", kill_on_drop: false }`
[INFO] [stderr]    Compiling syn v1.0.76
[INFO] [stderr]    Compiling anyhow v1.0.43
[INFO] [stderr]    Compiling semver v1.0.4
[INFO] [stderr]    Compiling futures-channel v0.3.17
[INFO] [stderr]     Checking predicates-core v1.0.2
[INFO] [stderr]     Checking difflib v0.4.0
[INFO] [stderr]     Checking dunce v1.0.2
[INFO] [stderr]     Checking pico-args v0.4.2
[INFO] [stderr]    Compiling tokio v1.11.0
[INFO] [stderr]     Checking ropey v1.3.1
[INFO] [stderr]     Checking heck v0.3.3
[INFO] [stderr]    Compiling indoc v1.0.3
[INFO] [stderr]     Checking proc-macro2 v1.0.29
[INFO] [stderr]    Compiling jobserver v0.1.24
[INFO] [stderr]     Checking wait-timeout v0.2.0
[INFO] [stderr]    Compiling proc-macro-error-attr v1.0.4
[INFO] [stderr]     Checking dashmap v4.0.2
[INFO] [stderr]    Compiling regex v1.5.4
[INFO] [stderr]     Checking clap v2.33.3
[INFO] [stderr]     Checking float-cmp v0.9.0
[INFO] [stderr]     Checking env_logger v0.9.0
[INFO] [stderr]     Checking predicates-tree v1.0.3
[INFO] [stderr]     Checking xtask v0.0.0 (/opt/rustwide/workdir/xtask)
[INFO] [stderr]    Compiling cc v1.0.70
[INFO] [stderr]     Checking predicates v2.0.2
[INFO] [stderr]     Checking goldenfile v1.1.0
[INFO] [stderr]     Checking quote v1.0.9
[INFO] [stderr]    Compiling tree-sitter v0.20.0
[INFO] [stderr]    Compiling ddlog-lsp-languages v0.0.0 (/opt/rustwide/workdir/crates/languages)
[INFO] [stderr]    Compiling libz-sys v1.1.3
[INFO] [stderr]    Compiling libgit2-sys v0.12.23+1.2.0
[INFO] [stderr] The following warnings were emitted during compilation:
[INFO] [stderr] 
[INFO] [stderr] warning: cc: error: ../../vendor/tree-sitter-ddlog/ddlog/dat/src/parser.c: No such file or directory
[INFO] [stderr] warning: cc: fatal error: no input files
[INFO] [stderr] warning: compilation terminated.
[INFO] [stderr] warning: cc: error: ../../vendor/tree-sitter-ddlog/ddlog/dat/src/scanner.cc: No such file or directory
[INFO] [stderr] warning: cc: fatal error: no input files
[INFO] [stderr] warning: compilation terminated.
[INFO] [stderr] 
[INFO] [stderr] error: failed to run custom build command for `ddlog-lsp-languages v0.0.0 (/opt/rustwide/workdir/crates/languages)`
[INFO] [stderr] 
[INFO] [stderr] Caused by:
[INFO] [stderr]   process didn't exit successfully: `/opt/rustwide/target/debug/build/ddlog-lsp-languages-6de819d534adbb3a/build-script-build` (exit status: 1)
[INFO] [stderr]   --- stdout
[INFO] [stderr]   cargo:rerun-if-changed="../../vendor/tree-sitter-ddlog/ddlog/dat/src/parser.c"
[INFO] [stderr]   TARGET = Some("x86_64-unknown-linux-gnu")
[INFO] [stderr]   OPT_LEVEL = Some("0")
[INFO] [stderr]   HOST = Some("x86_64-unknown-linux-gnu")
[INFO] [stderr]   CC_x86_64-unknown-linux-gnu = None
[INFO] [stderr]   CC_x86_64_unknown_linux_gnu = None
[INFO] [stderr]   HOST_CC = None
[INFO] [stderr]   CC = None
[INFO] [stderr]   CFLAGS_x86_64-unknown-linux-gnu = None
[INFO] [stderr]   CFLAGS_x86_64_unknown_linux_gnu = None
[INFO] [stderr]   HOST_CFLAGS = None
[INFO] [stderr]   CFLAGS = None
[INFO] [stderr]   CRATE_CC_NO_DEFAULTS = None
[INFO] [stderr]   DEBUG = Some("true")
[INFO] [stderr]   CARGO_CFG_TARGET_FEATURE = Some("fxsr,sse,sse2")
[INFO] [stderr]   CC_x86_64-unknown-linux-gnu = None
[INFO] [stderr]   CC_x86_64_unknown_linux_gnu = None
[INFO] [stderr]   HOST_CC = None
[INFO] [stderr]   CC = None
[INFO] [stderr]   CFLAGS_x86_64-unknown-linux-gnu = None
[INFO] [stderr]   CFLAGS_x86_64_unknown_linux_gnu = None
[INFO] [stderr]   HOST_CFLAGS = None
[INFO] [stderr]   CFLAGS = None
[INFO] [stderr]   CRATE_CC_NO_DEFAULTS = None
[INFO] [stderr]   CARGO_CFG_TARGET_FEATURE = Some("fxsr,sse,sse2")
[INFO] [stderr]   CC_x86_64-unknown-linux-gnu = None
[INFO] [stderr]   CC_x86_64_unknown_linux_gnu = None
[INFO] [stderr]   HOST_CC = None
[INFO] [stderr]   CC = None
[INFO] [stderr]   CFLAGS_x86_64-unknown-linux-gnu = None
[INFO] [stderr]   CFLAGS_x86_64_unknown_linux_gnu = None
[INFO] [stderr]   HOST_CFLAGS = None
[INFO] [stderr]   CFLAGS = None
[INFO] [stderr]   CRATE_CC_NO_DEFAULTS = None
[INFO] [stderr]   CARGO_CFG_TARGET_FEATURE = Some("fxsr,sse,sse2")
[INFO] [stderr]   running: "cc" "-O0" "-ffunction-sections" "-fdata-sections" "-fPIC" "-g" "-fno-omit-frame-pointer" "-m64" "-I" "../../vendor/tree-sitter-ddlog/ddlog/dat/src" "-Wall" "-Wextra" "-Wno-maybe-uninitialized" "-Wno-unused-but-set-variable" "-o" "/opt/rustwide/target/debug/build/ddlog-lsp-languages-8c3bcf292109060a/out/../../vendor/tree-sitter-ddlog/ddlog/dat/src/parser.o" "-c" "../../vendor/tree-sitter-ddlog/ddlog/dat/src/parser.c"
[INFO] [stderr]   running: "cc" "-O0" "-ffunction-sections" "-fdata-sections" "-fPIC" "-g" "-fno-omit-frame-pointer" "-m64" "-I" "../../vendor/tree-sitter-ddlog/ddlog/dat/src" "-Wall" "-Wextra" "-Wno-maybe-uninitialized" "-Wno-unused-but-set-variable" "-o" "/opt/rustwide/target/debug/build/ddlog-lsp-languages-8c3bcf292109060a/out/../../vendor/tree-sitter-ddlog/ddlog/dat/src/scanner.o" "-c" "../../vendor/tree-sitter-ddlog/ddlog/dat/src/scanner.cc"
[INFO] [stderr]   cargo:warning=cc: error: ../../vendor/tree-sitter-ddlog/ddlog/dat/src/parser.c: No such file or directory
[INFO] [stderr]   cargo:warning=cc: fatal error: no input files
[INFO] [stderr]   cargo:warning=compilation terminated.
[INFO] [stderr]   exit status: 1
[INFO] [stderr]   cargo:warning=cc: error: ../../vendor/tree-sitter-ddlog/ddlog/dat/src/scanner.cc: No such file or directory
[INFO] [stderr]   cargo:warning=cc: fatal error: no input files
[INFO] [stderr]   cargo:warning=compilation terminated.
[INFO] [stderr]   exit status: 1
[INFO] [stderr] 
[INFO] [stderr]   --- stderr
[INFO] [stderr] 
[INFO] [stderr] 
[INFO] [stderr]   error occurred: Command "cc" "-O0" "-ffunction-sections" "-fdata-sections" "-fPIC" "-g" "-fno-omit-frame-pointer" "-m64" "-I" "../../vendor/tree-sitter-ddlog/ddlog/dat/src" "-Wall" "-Wextra" "-Wno-maybe-uninitialized" "-Wno-unused-but-set-variable" "-o" "/opt/rustwide/target/debug/build/ddlog-lsp-languages-8c3bcf292109060a/out/../../vendor/tree-sitter-ddlog/ddlog/dat/src/parser.o" "-c" "../../vendor/tree-sitter-ddlog/ddlog/dat/src/parser.c" with args "cc" did not execute successfully (status code exit status: 1).
[INFO] [stderr] 
[INFO] [stderr] 
[INFO] [stderr] warning: build failed, waiting for other jobs to finish...
[INFO] [stderr] error: build failed
[INFO] running `Command { std: "docker" "inspect" "cf9e42a04d14cd63143ff26d5f64f673d5256bc699c3dae33b892c103907ff26", kill_on_drop: false }`
[INFO] running `Command { std: "docker" "rm" "-f" "cf9e42a04d14cd63143ff26d5f64f673d5256bc699c3dae33b892c103907ff26", kill_on_drop: false }`
[INFO] [stdout] cf9e42a04d14cd63143ff26d5f64f673d5256bc699c3dae33b892c103907ff26
