[INFO] cloning repository https://github.com/davidrusu/marker-network-site-generator
[INFO] running `Command { std: "git" "-c" "credential.helper=" "-c" "credential.helper=/workspace/cargo-home/bin/git-credential-null" "clone" "--bare" "https://github.com/davidrusu/marker-network-site-generator" "/workspace/cache/git-repos/https%3A%2F%2Fgithub.com%2Fdavidrusu%2Fmarker-network-site-generator", kill_on_drop: false }`
[INFO] [stderr] Cloning into bare repository '/workspace/cache/git-repos/https%3A%2F%2Fgithub.com%2Fdavidrusu%2Fmarker-network-site-generator'...
[INFO] running `Command { std: "git" "rev-parse" "HEAD", kill_on_drop: false }`
[INFO] [stdout] 88d6180624f2d09528783cba61e3d9585c09eaf3
[INFO] checking davidrusu/marker-network-site-generator against beta-2021-10-15 for beta-1.56-3
[INFO] running `Command { std: "git" "clone" "/workspace/cache/git-repos/https%3A%2F%2Fgithub.com%2Fdavidrusu%2Fmarker-network-site-generator" "/workspace/builds/worker-1/source", kill_on_drop: false }`
[INFO] [stderr] Cloning into '/workspace/builds/worker-1/source'...
[INFO] [stderr] done.
[INFO] validating manifest of git repo https://github.com/davidrusu/marker-network-site-generator on toolchain beta-2021-10-15
[INFO] running `Command { std: "/workspace/cargo-home/bin/cargo" "+beta-2021-10-15" "metadata" "--manifest-path" "Cargo.toml" "--no-deps", kill_on_drop: false }`
[INFO] started tweaking git repo https://github.com/davidrusu/marker-network-site-generator
[INFO] finished tweaking git repo https://github.com/davidrusu/marker-network-site-generator
[INFO] tweaked toml for git repo https://github.com/davidrusu/marker-network-site-generator written to /workspace/builds/worker-1/source/Cargo.toml
[INFO] crate git repo https://github.com/davidrusu/marker-network-site-generator already has a lockfile, it will not be regenerated
[INFO] running `Command { std: "/workspace/cargo-home/bin/cargo" "+beta-2021-10-15" "fetch" "--manifest-path" "Cargo.toml", kill_on_drop: false }`
[INFO] [stderr]     Updating git repository `https://github.com/davidrusu/lines-are-rusty.git`
[INFO] [stderr]     Updating git repository `https://github.com/davidrusu/remarkable-rs`
[INFO] [stderr]     Blocking waiting for file lock on package cache
[INFO] running `Command { std: "docker" "create" "-v" "/var/lib/crater-agent-workspace/builds/worker-1/target:/opt/rustwide/target:rw,Z" "-v" "/var/lib/crater-agent-workspace/builds/worker-1/source:/opt/rustwide/workdir:ro,Z" "-v" "/var/lib/crater-agent-workspace/cargo-home:/opt/rustwide/cargo-home:ro,Z" "-v" "/var/lib/crater-agent-workspace/rustup-home:/opt/rustwide/rustup-home:ro,Z" "-e" "SOURCE_DIR=/opt/rustwide/workdir" "-e" "CARGO_TARGET_DIR=/opt/rustwide/target" "-e" "CARGO_HOME=/opt/rustwide/cargo-home" "-e" "RUSTUP_HOME=/opt/rustwide/rustup-home" "-w" "/opt/rustwide/workdir" "-m" "1610612736" "--user" "0:0" "--network" "none" "ghcr.io/rust-lang/crates-build-env/linux@sha256:a89201d6b5b9fd45c15d5952ece0a0129e7e80cb26ec023fd59cf09bc26f1604" "/opt/rustwide/cargo-home/bin/cargo" "+beta-2021-10-15" "metadata" "--no-deps" "--format-version=1", kill_on_drop: false }`
[INFO] [stderr] WARNING: Your kernel does not support swap limit capabilities or the cgroup is not mounted. Memory limited without swap.
[INFO] [stdout] 7c3a48cc769c4ba10075b8f7b39bd74de2f513bac9012bc32a5f46bc3645f5d2
[INFO] running `Command { std: "docker" "start" "-a" "7c3a48cc769c4ba10075b8f7b39bd74de2f513bac9012bc32a5f46bc3645f5d2", kill_on_drop: false }`
[INFO] running `Command { std: "docker" "inspect" "7c3a48cc769c4ba10075b8f7b39bd74de2f513bac9012bc32a5f46bc3645f5d2", kill_on_drop: false }`
[INFO] running `Command { std: "docker" "rm" "-f" "7c3a48cc769c4ba10075b8f7b39bd74de2f513bac9012bc32a5f46bc3645f5d2", kill_on_drop: false }`
[INFO] [stdout] 7c3a48cc769c4ba10075b8f7b39bd74de2f513bac9012bc32a5f46bc3645f5d2
[INFO] running `Command { std: "docker" "create" "-v" "/var/lib/crater-agent-workspace/builds/worker-1/target:/opt/rustwide/target:rw,Z" "-v" "/var/lib/crater-agent-workspace/builds/worker-1/source:/opt/rustwide/workdir:ro,Z" "-v" "/var/lib/crater-agent-workspace/cargo-home:/opt/rustwide/cargo-home:ro,Z" "-v" "/var/lib/crater-agent-workspace/rustup-home:/opt/rustwide/rustup-home:ro,Z" "-e" "SOURCE_DIR=/opt/rustwide/workdir" "-e" "CARGO_TARGET_DIR=/opt/rustwide/target" "-e" "CARGO_INCREMENTAL=0" "-e" "RUST_BACKTRACE=full" "-e" "RUSTFLAGS=--cap-lints=warn" "-e" "CARGO_HOME=/opt/rustwide/cargo-home" "-e" "RUSTUP_HOME=/opt/rustwide/rustup-home" "-w" "/opt/rustwide/workdir" "-m" "1610612736" "--user" "0:0" "--network" "none" "ghcr.io/rust-lang/crates-build-env/linux@sha256:a89201d6b5b9fd45c15d5952ece0a0129e7e80cb26ec023fd59cf09bc26f1604" "/opt/rustwide/cargo-home/bin/cargo" "+beta-2021-10-15" "check" "--frozen" "--all" "--all-targets" "--message-format=json", kill_on_drop: false }`
[INFO] [stderr] WARNING: Your kernel does not support swap limit capabilities or the cgroup is not mounted. Memory limited without swap.
[INFO] [stdout] 17f606a3e264542e1451a6fc76e9c2410e94398d3ea8d8e0935699c9e851e4e6
[INFO] running `Command { std: "docker" "start" "-a" "17f606a3e264542e1451a6fc76e9c2410e94398d3ea8d8e0935699c9e851e4e6", kill_on_drop: false }`
[INFO] [stderr]    Compiling futures-channel v0.3.15
[INFO] [stderr]     Checking svg v0.8.2
[INFO] [stderr]    Compiling futures-util v0.3.15
[INFO] [stderr]    Compiling pdf-canvas v0.6.0
[INFO] [stderr]     Checking getrandom v0.2.3
[INFO] [stderr]     Checking ring v0.16.20
[INFO] [stderr]    Compiling syn v1.0.72
[INFO] [stderr]     Checking webpki v0.21.4
[INFO] [stderr]     Checking sct v0.6.1
[INFO] [stderr]     Checking rustls v0.19.1
[INFO] [stderr]     Checking webpki-roots v0.21.1
[INFO] [stderr]    Compiling proc-macro-error v1.0.4
[INFO] [stderr]    Compiling pest_generator v2.1.3
[INFO] [stderr]    Compiling serde_derive v1.0.126
[INFO] [stderr]    Compiling tokio-macros v1.2.0
[INFO] [stderr]    Compiling futures-macro v0.3.15
[INFO] [stderr]    Compiling pin-project-internal v1.0.7
[INFO] [stderr]    Compiling thiserror-impl v1.0.24
[INFO] [stderr]    Compiling pest_derive v2.1.0
[INFO] [stderr]    Compiling derive_more v0.99.14
[INFO] [stderr]    Compiling structopt-derive v0.4.14
[INFO] [stderr]    Compiling async-recursion v0.3.2
[INFO] [stderr]     Checking tokio v1.6.0
[INFO] [stderr]     Checking thiserror v1.0.24
[INFO] [stderr]     Checking pin-project v1.0.7
[INFO] [stderr]     Checking zip v0.5.12
[INFO] [stderr]     Checking lines-are-rusty v0.2.0 (https://github.com/davidrusu/lines-are-rusty.git?branch=changes-for-marker-network#008e9835)
[INFO] [stderr]     Checking structopt v0.3.21
[INFO] [stderr]     Checking tokio-util v0.6.7
[INFO] [stderr]     Checking tokio-rustls v0.22.0
[INFO] [stderr]     Checking serde v1.0.126
[INFO] [stderr]     Checking h2 v0.3.3
[INFO] [stderr]     Checking hyper v0.14.7
[INFO] [stderr]     Checking serde_json v1.0.64
[INFO] [stderr]     Checking serde_urlencoded v0.7.0
[INFO] [stderr]     Checking chrono v0.4.19
[INFO] [stderr]     Checking uuid v0.8.2
[INFO] [stderr]     Checking handlebars v3.5.5
[INFO] [stderr]     Checking hyper-rustls v0.22.1
[INFO] [stderr]     Checking reqwest v0.11.3
[INFO] [stderr]     Checking remarkable-cloud-api v0.1.0 (https://github.com/davidrusu/remarkable-rs?branch=drusu/updates#ffa4a631)
[INFO] [stderr]     Checking marker_network_site_generator v0.2.0 (/opt/rustwide/workdir)
[INFO] [stdout] error[E0425]: cannot find function `sanitize` in the crate root
[INFO] [stdout]    --> src/generator.rs:202:37
[INFO] [stdout]     |
[INFO] [stdout] 202 |         let sanitized_name = crate::sanitize(name);
[INFO] [stdout]     |                                     ^^^^^^^^ not found in the crate root
[INFO] [stdout]     |
[INFO] [stdout] help: consider importing this function
[INFO] [stdout]     |
[INFO] [stdout] 1   | use marker_network_site_generator::sanitize;
[INFO] [stdout]     |
[INFO] [stdout] 
[INFO] [stdout] 
[INFO] [stdout] error[E0425]: cannot find function `sanitize` in the crate root
[INFO] [stdout]    --> src/generator.rs:236:39
[INFO] [stdout]     |
[INFO] [stdout] 236 |         let sanitized_folder = crate::sanitize(folder);
[INFO] [stdout]     |                                       ^^^^^^^^ not found in the crate root
[INFO] [stdout]     |
[INFO] [stdout] help: consider importing this function
[INFO] [stdout]     |
[INFO] [stdout] 1   | use marker_network_site_generator::sanitize;
[INFO] [stdout]     |
[INFO] [stdout] 
[INFO] [stdout] 
[INFO] [stdout] error[E0425]: cannot find function `sanitize` in the crate root
[INFO] [stdout]    --> src/generator.rs:202:37
[INFO] [stdout]     |
[INFO] [stdout] 202 |         let sanitized_name = crate::sanitize(name);
[INFO] [stdout]     |                                     ^^^^^^^^ not found in the crate root
[INFO] [stdout]     |
[INFO] [stdout] help: consider importing this function
[INFO] [stdout]     |
[INFO] [stdout] 1   | use marker_network_site_generator::sanitize;
[INFO] [stdout]     |
[INFO] [stdout] 
[INFO] [stdout] 
[INFO] [stdout] error[E0425]: cannot find function `sanitize` in the crate root
[INFO] [stdout]    --> src/generator.rs:236:39
[INFO] [stdout]     |
[INFO] [stdout] 236 |         let sanitized_folder = crate::sanitize(folder);
[INFO] [stdout]     |                                       ^^^^^^^^ not found in the crate root
[INFO] [stdout]     |
[INFO] [stdout] help: consider importing this function
[INFO] [stdout]     |
[INFO] [stdout] 1   | use marker_network_site_generator::sanitize;
[INFO] [stdout]     |
[INFO] [stdout] 
[INFO] [stdout] 
[INFO] [stdout] error: aborting due to 2 previous errors
[INFO] [stdout] 
[INFO] [stdout] 
[INFO] [stdout] For more information about this error, try `rustc --explain E0425`.
[INFO] [stdout] 
[INFO] [stderr] error: could not compile `marker_network_site_generator` due to 3 previous errors
[INFO] [stderr] warning: build failed, waiting for other jobs to finish...
[INFO] [stdout] error: aborting due to 2 previous errors
[INFO] [stdout] 
[INFO] [stdout] 
[INFO] [stdout] For more information about this error, try `rustc --explain E0425`.
[INFO] [stdout] 
[INFO] [stderr] error: build failed
[INFO] running `Command { std: "docker" "inspect" "17f606a3e264542e1451a6fc76e9c2410e94398d3ea8d8e0935699c9e851e4e6", kill_on_drop: false }`
[INFO] running `Command { std: "docker" "rm" "-f" "17f606a3e264542e1451a6fc76e9c2410e94398d3ea8d8e0935699c9e851e4e6", kill_on_drop: false }`
[INFO] [stdout] 17f606a3e264542e1451a6fc76e9c2410e94398d3ea8d8e0935699c9e851e4e6
