[INFO] cloning repository https://github.com/davidkazlauskas/SafeNetworkTestUploader
[INFO] running `Command { std: "git" "-c" "credential.helper=" "-c" "credential.helper=/workspace/cargo-home/bin/git-credential-null" "clone" "--bare" "https://github.com/davidkazlauskas/SafeNetworkTestUploader" "/workspace/cache/git-repos/https%3A%2F%2Fgithub.com%2Fdavidkazlauskas%2FSafeNetworkTestUploader", kill_on_drop: false }`
[INFO] [stderr] Cloning into bare repository '/workspace/cache/git-repos/https%3A%2F%2Fgithub.com%2Fdavidkazlauskas%2FSafeNetworkTestUploader'...
[INFO] running `Command { std: "git" "rev-parse" "HEAD", kill_on_drop: false }`
[INFO] [stdout] cbc1caa6cf1efec861d89ff6253cdfa2845bb375
[INFO] checking davidkazlauskas/SafeNetworkTestUploader against 1.55.0 for beta-1.56-3
[INFO] running `Command { std: "git" "clone" "/workspace/cache/git-repos/https%3A%2F%2Fgithub.com%2Fdavidkazlauskas%2FSafeNetworkTestUploader" "/workspace/builds/worker-7/source", kill_on_drop: false }`
[INFO] [stderr] Cloning into '/workspace/builds/worker-7/source'...
[INFO] [stderr] done.
[INFO] validating manifest of git repo https://github.com/davidkazlauskas/SafeNetworkTestUploader on toolchain 1.55.0
[INFO] running `Command { std: "/workspace/cargo-home/bin/cargo" "+1.55.0" "metadata" "--manifest-path" "Cargo.toml" "--no-deps", kill_on_drop: false }`
[INFO] started tweaking git repo https://github.com/davidkazlauskas/SafeNetworkTestUploader
[INFO] finished tweaking git repo https://github.com/davidkazlauskas/SafeNetworkTestUploader
[INFO] tweaked toml for git repo https://github.com/davidkazlauskas/SafeNetworkTestUploader written to /workspace/builds/worker-7/source/Cargo.toml
[INFO] crate git repo https://github.com/davidkazlauskas/SafeNetworkTestUploader already has a lockfile, it will not be regenerated
[INFO] running `Command { std: "/workspace/cargo-home/bin/cargo" "+1.55.0" "fetch" "--manifest-path" "Cargo.toml", kill_on_drop: false }`
[INFO] running `Command { std: "docker" "create" "-v" "/var/lib/crater-agent-workspace/builds/worker-7/target:/opt/rustwide/target:rw,Z" "-v" "/var/lib/crater-agent-workspace/builds/worker-7/source:/opt/rustwide/workdir:ro,Z" "-v" "/var/lib/crater-agent-workspace/cargo-home:/opt/rustwide/cargo-home:ro,Z" "-v" "/var/lib/crater-agent-workspace/rustup-home:/opt/rustwide/rustup-home:ro,Z" "-e" "SOURCE_DIR=/opt/rustwide/workdir" "-e" "CARGO_TARGET_DIR=/opt/rustwide/target" "-e" "CARGO_HOME=/opt/rustwide/cargo-home" "-e" "RUSTUP_HOME=/opt/rustwide/rustup-home" "-w" "/opt/rustwide/workdir" "-m" "1610612736" "--user" "0:0" "--network" "none" "ghcr.io/rust-lang/crates-build-env/linux@sha256:a89201d6b5b9fd45c15d5952ece0a0129e7e80cb26ec023fd59cf09bc26f1604" "/opt/rustwide/cargo-home/bin/cargo" "+1.55.0" "metadata" "--no-deps" "--format-version=1", kill_on_drop: false }`
[INFO] [stdout] 48108fc6a2c567424097e3d4ee972509907795e47ffae7143595557316ed1696
[INFO] [stderr] WARNING: Your kernel does not support swap limit capabilities or the cgroup is not mounted. Memory limited without swap.
[INFO] running `Command { std: "docker" "start" "-a" "48108fc6a2c567424097e3d4ee972509907795e47ffae7143595557316ed1696", kill_on_drop: false }`
[INFO] running `Command { std: "docker" "inspect" "48108fc6a2c567424097e3d4ee972509907795e47ffae7143595557316ed1696", kill_on_drop: false }`
[INFO] running `Command { std: "docker" "rm" "-f" "48108fc6a2c567424097e3d4ee972509907795e47ffae7143595557316ed1696", kill_on_drop: false }`
[INFO] [stdout] 48108fc6a2c567424097e3d4ee972509907795e47ffae7143595557316ed1696
[INFO] running `Command { std: "docker" "create" "-v" "/var/lib/crater-agent-workspace/builds/worker-7/target:/opt/rustwide/target:rw,Z" "-v" "/var/lib/crater-agent-workspace/builds/worker-7/source:/opt/rustwide/workdir:ro,Z" "-v" "/var/lib/crater-agent-workspace/cargo-home:/opt/rustwide/cargo-home:ro,Z" "-v" "/var/lib/crater-agent-workspace/rustup-home:/opt/rustwide/rustup-home:ro,Z" "-e" "SOURCE_DIR=/opt/rustwide/workdir" "-e" "CARGO_TARGET_DIR=/opt/rustwide/target" "-e" "CARGO_INCREMENTAL=0" "-e" "RUST_BACKTRACE=full" "-e" "RUSTFLAGS=--cap-lints=warn" "-e" "CARGO_HOME=/opt/rustwide/cargo-home" "-e" "RUSTUP_HOME=/opt/rustwide/rustup-home" "-w" "/opt/rustwide/workdir" "-m" "1610612736" "--user" "0:0" "--network" "none" "ghcr.io/rust-lang/crates-build-env/linux@sha256:a89201d6b5b9fd45c15d5952ece0a0129e7e80cb26ec023fd59cf09bc26f1604" "/opt/rustwide/cargo-home/bin/cargo" "+1.55.0" "check" "--frozen" "--all" "--all-targets" "--message-format=json", kill_on_drop: false }`
[INFO] [stdout] 2f4b787fbdc796c1a64c34a40cc8b6064f35fd43f7454e2cb3d108afcc50429a
[INFO] [stderr] WARNING: Your kernel does not support swap limit capabilities or the cgroup is not mounted. Memory limited without swap.
[INFO] running `Command { std: "docker" "start" "-a" "2f4b787fbdc796c1a64c34a40cc8b6064f35fd43f7454e2cb3d108afcc50429a", kill_on_drop: false }`
[INFO] [stderr]     Checking libc v0.2.8
[INFO] [stderr]     Checking rustc-serialize v0.3.18
[INFO] [stderr]     Checking regex-syntax v0.2.5
[INFO] [stderr]     Checking quick-error v1.0.0
[INFO] [stderr]    Compiling gcc v0.3.25
[INFO] [stderr]     Checking c_linked_list v1.1.0
[INFO] [stderr]     Checking void v1.0.1
[INFO] [stderr]     Checking itertools v0.4.11
[INFO] [stderr]     Checking crossbeam v0.2.8
[INFO] [stderr]    Compiling libsodium-sys v0.0.9
[INFO] [stderr]     Checking xml-rs v0.2.2
[INFO] [stderr]     Checking nix v0.4.2
[INFO] [stderr]     Checking xml-rs v0.1.26
[INFO] [stderr]    Compiling unicase v1.3.0
[INFO] [stderr]     Checking ws2_32-sys v0.2.1
[INFO] [stderr]     Checking term v0.4.4
[INFO] [stderr]     Checking get_if_addrs v0.4.0
[INFO] [stdout] error[E0642]: patterns aren't allowed in functions without bodies
[INFO] [stdout]    --> /opt/rustwide/cargo-home/registry/src/github.com-1ecc6299db9ec823/rustc-serialize-0.3.18/src/serialize.rs:145:45
[INFO] [stdout]     |
[INFO] [stdout] 145 | ...                   &f_name: &str,
[INFO] [stdout]     |                       ^^^^^^^ pattern not allowed in function without body
[INFO] [stdout] 
[INFO] [stdout] 
[INFO] [stderr]    Compiling memchr v0.1.10
[INFO] [stderr]     Checking log v0.3.5
[INFO] [stderr]     Checking rand v0.3.14
[INFO] [stderr]     Checking time v0.1.34
[INFO] [stderr]     Checking num_cpus v0.2.11
[INFO] [stderr]     Checking fs2 v0.2.3
[INFO] [stderr]     Checking net2 v0.2.22
[INFO] [stderr]    Compiling aho-corasick v0.5.1
[INFO] [stderr]     Checking xmltree v0.3.1
[INFO] [stderr]     Checking hpack v0.2.0
[INFO] [stderr]     Checking w_result v0.1.1
[INFO] [stderr]     Checking asynchronous v0.4.5
[INFO] [stderr]     Checking memmap v0.2.3
[INFO] [stdout] error[E0591]: can't transmute zero-sized type
[INFO] [stdout]    --> /opt/rustwide/cargo-home/registry/src/github.com-1ecc6299db9ec823/nix-0.4.2/src/sched.rs:168:20
[INFO] [stdout]     |
[INFO] [stdout] 168 |         ffi::clone(mem::transmute(callback), ptr as *mut c_void, flags, &mut cb)
[INFO] [stdout]     |                    ^^^^^^^^^^^^^^
[INFO] [stdout]     |
[INFO] [stdout]     = note: source type: for<'r> extern "C" fn(*mut Box<(dyn FnMut() -> isize + 'r)>) -> i32 {callback}
[INFO] [stdout]     = note: target type: *const for<'r> extern "C" fn(*const Box<(dyn FnMut() -> isize + 'r)>) -> i32
[INFO] [stdout]     = help: cast with `as` to a pointer instead
[INFO] [stdout] 
[INFO] [stdout] 
[INFO] [stderr]    Compiling miniz-sys v0.1.7
[INFO] [stderr]     Checking lru_time_cache v0.2.7
[INFO] [stderr]     Checking message_filter v0.3.1
[INFO] [stderr]     Checking miow v0.1.2
[INFO] [stderr]     Checking solicit v0.4.4
[INFO] [stderr]    Compiling regex v0.1.55
[INFO] [stdout] error: aborting due to previous error
[INFO] [stdout] 
[INFO] [stdout] 
[INFO] [stdout] For more information about this error, try `rustc --explain E0591`.
[INFO] [stdout] 
[INFO] [stderr] error: could not compile `nix` due to 2 previous errors
[INFO] [stderr] warning: build failed, waiting for other jobs to finish...
[INFO] [stdout] error[E0554]: `#![feature]` may not be used on the stable release channel
[INFO] [stdout]    --> /opt/rustwide/cargo-home/registry/src/github.com-1ecc6299db9ec823/regex-0.1.55/src/lib.rs:473:34
[INFO] [stdout]     |
[INFO] [stdout] 473 | #![cfg_attr(feature = "pattern", feature(pattern))]
[INFO] [stdout]     |                                  ^^^^^^^^^^^^^^^^
[INFO] [stdout] 
[INFO] [stdout] 
[INFO] [stdout] error: aborting due to previous error
[INFO] [stdout] 
[INFO] [stdout] 
[INFO] [stdout] For more information about this error, try `rustc --explain E0642`.
[INFO] [stdout] 
[INFO] [stdout] error[E0554]: `#![feature]` may not be used on the stable release channel
[INFO] [stdout]    --> /opt/rustwide/cargo-home/registry/src/github.com-1ecc6299db9ec823/regex-0.1.55/src/lib.rs:473:34
[INFO] [stdout]     |
[INFO] [stdout] 473 | #![cfg_attr(feature = "pattern", feature(pattern))]
[INFO] [stdout]     |                                  ^^^^^^^^^^^^^^^^
[INFO] [stdout] 
[INFO] [stdout] 
[INFO] [stdout] error: aborting due to previous error
[INFO] [stdout] 
[INFO] [stdout] 
[INFO] [stdout] For more information about this error, try `rustc --explain E0554`.
[INFO] [stdout] 
[INFO] [stdout] error: aborting due to previous error
[INFO] [stdout] 
[INFO] [stdout] 
[INFO] [stdout] For more information about this error, try `rustc --explain E0554`.
[INFO] [stdout] 
[INFO] [stderr] error: build failed
[INFO] running `Command { std: "docker" "inspect" "2f4b787fbdc796c1a64c34a40cc8b6064f35fd43f7454e2cb3d108afcc50429a", kill_on_drop: false }`
[INFO] running `Command { std: "docker" "rm" "-f" "2f4b787fbdc796c1a64c34a40cc8b6064f35fd43f7454e2cb3d108afcc50429a", kill_on_drop: false }`
[INFO] [stdout] 2f4b787fbdc796c1a64c34a40cc8b6064f35fd43f7454e2cb3d108afcc50429a
