[INFO] cloning repository https://github.com/darwinia-network/mmrconv
[INFO] running `Command { std: "git" "-c" "credential.helper=" "-c" "credential.helper=/workspace/cargo-home/bin/git-credential-null" "clone" "--bare" "https://github.com/darwinia-network/mmrconv" "/workspace/cache/git-repos/https%3A%2F%2Fgithub.com%2Fdarwinia-network%2Fmmrconv", kill_on_drop: false }`
[INFO] [stderr] Cloning into bare repository '/workspace/cache/git-repos/https%3A%2F%2Fgithub.com%2Fdarwinia-network%2Fmmrconv'...
[INFO] running `Command { std: "git" "rev-parse" "HEAD", kill_on_drop: false }`
[INFO] [stdout] 41454b57bb3853b4ab675349a5ab7c10d26b7def
[INFO] checking darwinia-network/mmrconv against 1.55.0 for beta-1.56-3
[INFO] running `Command { std: "git" "clone" "/workspace/cache/git-repos/https%3A%2F%2Fgithub.com%2Fdarwinia-network%2Fmmrconv" "/workspace/builds/worker-7/source", kill_on_drop: false }`
[INFO] [stderr] Cloning into '/workspace/builds/worker-7/source'...
[INFO] [stderr] done.
[INFO] validating manifest of git repo https://github.com/darwinia-network/mmrconv on toolchain 1.55.0
[INFO] running `Command { std: "/workspace/cargo-home/bin/cargo" "+1.55.0" "metadata" "--manifest-path" "Cargo.toml" "--no-deps", kill_on_drop: false }`
[INFO] started tweaking git repo https://github.com/darwinia-network/mmrconv
[INFO] finished tweaking git repo https://github.com/darwinia-network/mmrconv
[INFO] tweaked toml for git repo https://github.com/darwinia-network/mmrconv written to /workspace/builds/worker-7/source/Cargo.toml
[INFO] crate git repo https://github.com/darwinia-network/mmrconv already has a lockfile, it will not be regenerated
[INFO] running `Command { std: "/workspace/cargo-home/bin/cargo" "+1.55.0" "fetch" "--manifest-path" "Cargo.toml", kill_on_drop: false }`
[INFO] [stderr]     Blocking waiting for file lock on package cache
[INFO] running `Command { std: "docker" "create" "-v" "/var/lib/crater-agent-workspace/builds/worker-7/target:/opt/rustwide/target:rw,Z" "-v" "/var/lib/crater-agent-workspace/builds/worker-7/source:/opt/rustwide/workdir:ro,Z" "-v" "/var/lib/crater-agent-workspace/cargo-home:/opt/rustwide/cargo-home:ro,Z" "-v" "/var/lib/crater-agent-workspace/rustup-home:/opt/rustwide/rustup-home:ro,Z" "-e" "SOURCE_DIR=/opt/rustwide/workdir" "-e" "CARGO_TARGET_DIR=/opt/rustwide/target" "-e" "CARGO_HOME=/opt/rustwide/cargo-home" "-e" "RUSTUP_HOME=/opt/rustwide/rustup-home" "-w" "/opt/rustwide/workdir" "-m" "1610612736" "--user" "0:0" "--network" "none" "ghcr.io/rust-lang/crates-build-env/linux@sha256:a89201d6b5b9fd45c15d5952ece0a0129e7e80cb26ec023fd59cf09bc26f1604" "/opt/rustwide/cargo-home/bin/cargo" "+1.55.0" "metadata" "--no-deps" "--format-version=1", kill_on_drop: false }`
[INFO] [stdout] b130e0bcccd2419cfd89579409d2c1a03d9a287e61c86b69fbdff530715806e3
[INFO] [stderr] WARNING: Your kernel does not support swap limit capabilities or the cgroup is not mounted. Memory limited without swap.
[INFO] running `Command { std: "docker" "start" "-a" "b130e0bcccd2419cfd89579409d2c1a03d9a287e61c86b69fbdff530715806e3", kill_on_drop: false }`
[INFO] running `Command { std: "docker" "inspect" "b130e0bcccd2419cfd89579409d2c1a03d9a287e61c86b69fbdff530715806e3", kill_on_drop: false }`
[INFO] running `Command { std: "docker" "rm" "-f" "b130e0bcccd2419cfd89579409d2c1a03d9a287e61c86b69fbdff530715806e3", kill_on_drop: false }`
[INFO] [stdout] b130e0bcccd2419cfd89579409d2c1a03d9a287e61c86b69fbdff530715806e3
[INFO] running `Command { std: "docker" "create" "-v" "/var/lib/crater-agent-workspace/builds/worker-7/target:/opt/rustwide/target:rw,Z" "-v" "/var/lib/crater-agent-workspace/builds/worker-7/source:/opt/rustwide/workdir:ro,Z" "-v" "/var/lib/crater-agent-workspace/cargo-home:/opt/rustwide/cargo-home:ro,Z" "-v" "/var/lib/crater-agent-workspace/rustup-home:/opt/rustwide/rustup-home:ro,Z" "-e" "SOURCE_DIR=/opt/rustwide/workdir" "-e" "CARGO_TARGET_DIR=/opt/rustwide/target" "-e" "CARGO_INCREMENTAL=0" "-e" "RUST_BACKTRACE=full" "-e" "RUSTFLAGS=--cap-lints=warn" "-e" "CARGO_HOME=/opt/rustwide/cargo-home" "-e" "RUSTUP_HOME=/opt/rustwide/rustup-home" "-w" "/opt/rustwide/workdir" "-m" "1610612736" "--user" "0:0" "--network" "none" "ghcr.io/rust-lang/crates-build-env/linux@sha256:a89201d6b5b9fd45c15d5952ece0a0129e7e80cb26ec023fd59cf09bc26f1604" "/opt/rustwide/cargo-home/bin/cargo" "+1.55.0" "check" "--frozen" "--all" "--all-targets" "--message-format=json", kill_on_drop: false }`
[INFO] [stdout] 56696ea2fd4781f38d1317a0c299ff2caa49306fdfe28e6c7fcb65a06da49080
[INFO] [stderr] WARNING: Your kernel does not support swap limit capabilities or the cgroup is not mounted. Memory limited without swap.
[INFO] running `Command { std: "docker" "start" "-a" "56696ea2fd4781f38d1317a0c299ff2caa49306fdfe28e6c7fcb65a06da49080", kill_on_drop: false }`
[INFO] [stderr]    Compiling syn v1.0.73
[INFO] [stderr]     Checking array-bytes v1.3.3
[INFO] [stderr]    Compiling isahc v1.4.0
[INFO] [stderr]     Checking chunked_transfer v1.4.0
[INFO] [stderr]    Compiling curl-sys v0.4.44+curl-7.77.0
[INFO] [stderr]    Compiling openssl-sys v0.9.65
[INFO] [stderr]     Checking ckb-merkle-mountain-range v0.3.1 (https://github.com/darwinia-network/merkle-mountain-range.git#b16216f9)
[INFO] [stderr]     Checking socket2 v0.4.0
[INFO] [stderr]     Checking libnghttp2-sys v0.1.6+1.43.0
[INFO] [stderr]     Checking tiny-keccak v2.0.2
[INFO] [stderr]     Checking ring v0.16.20
[INFO] [stderr]     Checking libz-sys v1.1.3
[INFO] [stderr]     Checking colored v2.0.0
[INFO] [stderr]     Checking clap v2.33.3
[INFO] [stderr]     Checking subcryptor v0.2.0
[INFO] [stderr]     Checking async-executor v1.4.1
[INFO] [stderr]     Checking blocking v1.0.2
[INFO] [stderr]     Checking sha2 v0.9.5
[INFO] [stderr]     Checking rand v0.7.3
[INFO] [stderr]     Checking webpki v0.21.4
[INFO] [stderr]     Checking sct v0.6.1
[INFO] [stderr]     Checking twox-hash v1.6.0
[INFO] [stderr]     Checking subhasher v0.1.7
[INFO] [stderr]     Checking webpki-roots v0.21.1
[INFO] [stderr]     Checking substorager v0.1.8
[INFO] [stderr]    Compiling proc-macro-error v1.0.4
[INFO] [stderr]    Compiling serde_derive v1.0.127
[INFO] [stderr]    Compiling ctor v0.1.20
[INFO] [stderr]    Compiling thiserror-impl v1.0.26
[INFO] [stderr]    Compiling tracing-attributes v0.1.15
[INFO] [stderr]    Compiling impl-trait-for-tuples v0.2.1
[INFO] [stderr]    Compiling subrpcer-impl v0.1.2
[INFO] [stderr]    Compiling pin-project-internal v1.0.7
[INFO] [stderr]    Compiling structopt-derive v0.4.15
[INFO] [stderr]    Compiling async-attributes v1.1.2
[INFO] [stderr]    Compiling curl v0.4.38
[INFO] [stderr]     Checking value-bag v1.0.0-alpha.7
[INFO] [stderr]     Checking log v0.4.14
[INFO] [stderr]    Compiling thiserror v1.0.26
[INFO] [stderr]     Checking pin-project v1.0.7
[INFO] [stderr]     Checking polling v2.1.0
[INFO] [stderr]     Checking rustls v0.19.1
[INFO] [stderr]     Checking kv-log-macro v1.0.7
[INFO] [stderr]     Checking tracing v0.1.26
[INFO] [stderr]     Checking structopt v0.3.22
[INFO] [stderr]     Checking async-io v1.4.1
[INFO] [stderr]     Checking tracing-futures v0.2.5
[INFO] [stderr]     Checking async-global-executor v2.0.2
[INFO] [stderr]     Checking async-std v1.9.0
[INFO] [stderr]     Checking serde v1.0.127
[INFO] [stderr]     Checking serde_json v1.0.66
[INFO] [stderr]     Checking toml v0.5.8
[INFO] [stderr]     Checking cargo_toml v0.9.2
[INFO] [stderr]     Checking ureq v2.1.1
[INFO] [stderr]     Checking staking-ledger-checker v0.1.0 (/opt/rustwide/workdir/staking-ledger-checker)
[INFO] [stderr]     Checking mmr-verifier v0.1.0 (/opt/rustwide/workdir/mmr-verifier)
[INFO] [stderr]    Compiling proc-macro-crate v1.0.0
[INFO] [stderr]    Compiling parity-scale-codec-derive v2.2.0
[INFO] [stderr]     Checking subrpcer v0.4.0
[INFO] [stderr]     Checking subrpcer v0.2.3
[INFO] [stderr]     Checking parity-scale-codec v2.2.0
[INFO] [stderr]     Checking substorager v0.3.0
[INFO] [stderr]     Checking mmr-exporter v0.1.0 (/opt/rustwide/workdir/mmr-exporter)
[INFO] [stderr]     Checking submetadatan v0.5.1
[INFO] [stdout] error[E0277]: `Result<Response<Body>, subrpcer::Error>` is not a future
[INFO] [stdout]   --> mmr-exporter/src/main.rs:58:4
[INFO] [stdout]    |
[INFO] [stdout] 58 | /             subrpcer::send_rpc(&uri, state::get_storage(storage_key, <Option<()>>::None))
[INFO] [stdout] 59 | |                 .await
[INFO] [stdout]    | |______________________^ `Result<Response<Body>, subrpcer::Error>` is not a future
[INFO] [stdout]    |
[INFO] [stdout]    = help: the trait `Future` is not implemented for `Result<Response<Body>, subrpcer::Error>`
[INFO] [stdout] note: required by `poll`
[INFO] [stdout] 
[INFO] [stdout] 
[INFO] [stdout] warning: unused import: `isahc::AsyncReadResponseExt`
[INFO] [stdout]  --> mmr-exporter/src/main.rs:8:5
[INFO] [stdout]   |
[INFO] [stdout] 8 | use isahc::AsyncReadResponseExt;
[INFO] [stdout]   |     ^^^^^^^^^^^^^^^^^^^^^^^^^^^
[INFO] [stdout]   |
[INFO] [stdout]   = note: `#[warn(unused_imports)]` on by default
[INFO] [stdout] 
[INFO] [stdout] 
[INFO] [stdout] error: aborting due to previous error; 1 warning emitted
[INFO] [stdout] 
[INFO] [stdout] 
[INFO] [stdout] For more information about this error, try `rustc --explain E0277`.
[INFO] [stdout] 
[INFO] [stderr] error: could not compile `mmr-exporter` due to 2 previous errors; 1 warning emitted
[INFO] [stderr] warning: build failed, waiting for other jobs to finish...
[INFO] [stdout] error[E0277]: `Result<Response<Body>, subrpcer::Error>` is not a future
[INFO] [stdout]   --> mmr-exporter/src/main.rs:58:4
[INFO] [stdout]    |
[INFO] [stdout] 58 | /             subrpcer::send_rpc(&uri, state::get_storage(storage_key, <Option<()>>::None))
[INFO] [stdout] 59 | |                 .await
[INFO] [stdout]    | |______________________^ `Result<Response<Body>, subrpcer::Error>` is not a future
[INFO] [stdout]    |
[INFO] [stdout]    = help: the trait `Future` is not implemented for `Result<Response<Body>, subrpcer::Error>`
[INFO] [stdout] note: required by `poll`
[INFO] [stdout] 
[INFO] [stdout] 
[INFO] [stdout] warning: unused import: `isahc::AsyncReadResponseExt`
[INFO] [stdout]  --> mmr-exporter/src/main.rs:8:5
[INFO] [stdout]   |
[INFO] [stdout] 8 | use isahc::AsyncReadResponseExt;
[INFO] [stdout]   |     ^^^^^^^^^^^^^^^^^^^^^^^^^^^
[INFO] [stdout]   |
[INFO] [stdout]   = note: `#[warn(unused_imports)]` on by default
[INFO] [stdout] 
[INFO] [stdout] 
[INFO] [stdout] error: aborting due to previous error; 1 warning emitted
[INFO] [stdout] 
[INFO] [stdout] 
[INFO] [stdout] For more information about this error, try `rustc --explain E0277`.
[INFO] [stdout] 
[INFO] [stdout] error[E0554]: `#![feature]` may not be used on the stable release channel
[INFO] [stdout]  --> /opt/rustwide/cargo-home/registry/src/github.com-1ecc6299db9ec823/submetadatan-0.5.1/src/lib.rs:1:1
[INFO] [stdout]   |
[INFO] [stdout] 1 | #![feature(arbitrary_enum_discriminant)]
[INFO] [stdout]   | ^^^^^^^^^^^^^^^^^^^^^^^^^^^^^^^^^^^^^^^^
[INFO] [stdout] 
[INFO] [stdout] 
[INFO] [stdout] error: aborting due to previous error
[INFO] [stdout] 
[INFO] [stdout] 
[INFO] [stdout] For more information about this error, try `rustc --explain E0554`.
[INFO] [stdout] 
[INFO] [stderr] error: build failed
[INFO] running `Command { std: "docker" "inspect" "56696ea2fd4781f38d1317a0c299ff2caa49306fdfe28e6c7fcb65a06da49080", kill_on_drop: false }`
[INFO] running `Command { std: "docker" "rm" "-f" "56696ea2fd4781f38d1317a0c299ff2caa49306fdfe28e6c7fcb65a06da49080", kill_on_drop: false }`
[INFO] [stdout] 56696ea2fd4781f38d1317a0c299ff2caa49306fdfe28e6c7fcb65a06da49080
