[INFO] cloning repository https://github.com/dariusjs/rustytrader
[INFO] running `Command { std: "git" "-c" "credential.helper=" "-c" "credential.helper=/workspace/cargo-home/bin/git-credential-null" "clone" "--bare" "https://github.com/dariusjs/rustytrader" "/workspace/cache/git-repos/https%3A%2F%2Fgithub.com%2Fdariusjs%2Frustytrader", kill_on_drop: false }`
[INFO] [stderr] Cloning into bare repository '/workspace/cache/git-repos/https%3A%2F%2Fgithub.com%2Fdariusjs%2Frustytrader'...
[INFO] running `Command { std: "git" "rev-parse" "HEAD", kill_on_drop: false }`
[INFO] [stdout] e5c42f61504416a64e5fbf7c1d5f2a427eadad21
[INFO] checking dariusjs/rustytrader against 1.55.0 for beta-1.56-3
[INFO] running `Command { std: "git" "clone" "/workspace/cache/git-repos/https%3A%2F%2Fgithub.com%2Fdariusjs%2Frustytrader" "/workspace/builds/worker-5/source", kill_on_drop: false }`
[INFO] [stderr] Cloning into '/workspace/builds/worker-5/source'...
[INFO] [stderr] done.
[INFO] validating manifest of git repo https://github.com/dariusjs/rustytrader on toolchain 1.55.0
[INFO] running `Command { std: "/workspace/cargo-home/bin/cargo" "+1.55.0" "metadata" "--manifest-path" "Cargo.toml" "--no-deps", kill_on_drop: false }`
[INFO] started tweaking git repo https://github.com/dariusjs/rustytrader
[INFO] finished tweaking git repo https://github.com/dariusjs/rustytrader
[INFO] tweaked toml for git repo https://github.com/dariusjs/rustytrader written to /workspace/builds/worker-5/source/Cargo.toml
[INFO] crate git repo https://github.com/dariusjs/rustytrader already has a lockfile, it will not be regenerated
[INFO] running `Command { std: "/workspace/cargo-home/bin/cargo" "+1.55.0" "fetch" "--manifest-path" "Cargo.toml", kill_on_drop: false }`
[INFO] running `Command { std: "docker" "create" "-v" "/var/lib/crater-agent-workspace/builds/worker-5/target:/opt/rustwide/target:rw,Z" "-v" "/var/lib/crater-agent-workspace/builds/worker-5/source:/opt/rustwide/workdir:ro,Z" "-v" "/var/lib/crater-agent-workspace/cargo-home:/opt/rustwide/cargo-home:ro,Z" "-v" "/var/lib/crater-agent-workspace/rustup-home:/opt/rustwide/rustup-home:ro,Z" "-e" "SOURCE_DIR=/opt/rustwide/workdir" "-e" "CARGO_TARGET_DIR=/opt/rustwide/target" "-e" "CARGO_HOME=/opt/rustwide/cargo-home" "-e" "RUSTUP_HOME=/opt/rustwide/rustup-home" "-w" "/opt/rustwide/workdir" "-m" "1610612736" "--user" "0:0" "--network" "none" "ghcr.io/rust-lang/crates-build-env/linux@sha256:a89201d6b5b9fd45c15d5952ece0a0129e7e80cb26ec023fd59cf09bc26f1604" "/opt/rustwide/cargo-home/bin/cargo" "+1.55.0" "metadata" "--no-deps" "--format-version=1", kill_on_drop: false }`
[INFO] [stdout] 46559bb8a0d3216eb2a25dcf56c4e5d6a8f1c7aaef8a28b0d1d405ed5291bde1
[INFO] [stderr] WARNING: Your kernel does not support swap limit capabilities or the cgroup is not mounted. Memory limited without swap.
[INFO] running `Command { std: "docker" "start" "-a" "46559bb8a0d3216eb2a25dcf56c4e5d6a8f1c7aaef8a28b0d1d405ed5291bde1", kill_on_drop: false }`
[INFO] running `Command { std: "docker" "inspect" "46559bb8a0d3216eb2a25dcf56c4e5d6a8f1c7aaef8a28b0d1d405ed5291bde1", kill_on_drop: false }`
[INFO] running `Command { std: "docker" "rm" "-f" "46559bb8a0d3216eb2a25dcf56c4e5d6a8f1c7aaef8a28b0d1d405ed5291bde1", kill_on_drop: false }`
[INFO] [stdout] 46559bb8a0d3216eb2a25dcf56c4e5d6a8f1c7aaef8a28b0d1d405ed5291bde1
[INFO] running `Command { std: "docker" "create" "-v" "/var/lib/crater-agent-workspace/builds/worker-5/target:/opt/rustwide/target:rw,Z" "-v" "/var/lib/crater-agent-workspace/builds/worker-5/source:/opt/rustwide/workdir:ro,Z" "-v" "/var/lib/crater-agent-workspace/cargo-home:/opt/rustwide/cargo-home:ro,Z" "-v" "/var/lib/crater-agent-workspace/rustup-home:/opt/rustwide/rustup-home:ro,Z" "-e" "SOURCE_DIR=/opt/rustwide/workdir" "-e" "CARGO_TARGET_DIR=/opt/rustwide/target" "-e" "CARGO_INCREMENTAL=0" "-e" "RUST_BACKTRACE=full" "-e" "RUSTFLAGS=--cap-lints=warn" "-e" "CARGO_HOME=/opt/rustwide/cargo-home" "-e" "RUSTUP_HOME=/opt/rustwide/rustup-home" "-w" "/opt/rustwide/workdir" "-m" "1610612736" "--user" "0:0" "--network" "none" "ghcr.io/rust-lang/crates-build-env/linux@sha256:a89201d6b5b9fd45c15d5952ece0a0129e7e80cb26ec023fd59cf09bc26f1604" "/opt/rustwide/cargo-home/bin/cargo" "+1.55.0" "check" "--frozen" "--all" "--all-targets" "--message-format=json", kill_on_drop: false }`
[INFO] [stdout] 51ea9e542082f8f4392c39872f13fc412cea00156db0ac039e993d8b8a495bb9
[INFO] [stderr] WARNING: Your kernel does not support swap limit capabilities or the cgroup is not mounted. Memory limited without swap.
[INFO] running `Command { std: "docker" "start" "-a" "51ea9e542082f8f4392c39872f13fc412cea00156db0ac039e993d8b8a495bb9", kill_on_drop: false }`
[INFO] [stderr]    Compiling syn v1.0.72
[INFO] [stderr]    Compiling tokio-macros v1.1.0
[INFO] [stderr]    Compiling futures-macro v0.3.14
[INFO] [stderr]    Compiling pin-project-internal v1.0.7
[INFO] [stderr]     Checking tokio v1.5.0
[INFO] [stderr]     Checking futures-util v0.3.14
[INFO] [stderr]     Checking pin-project v1.0.7
[INFO] [stderr]     Checking tokio-util v0.6.6
[INFO] [stderr]     Checking tokio-native-tls v0.3.0
[INFO] [stderr]     Checking tokio-rustls v0.22.0
[INFO] [stderr]     Checking h2 v0.3.3
[INFO] [stderr]     Checking hyper v0.14.7
[INFO] [stderr]     Checking hyper-tls v0.5.0
[INFO] [stderr]     Checking hyper-rustls v0.22.1
[INFO] [stderr]     Checking reqwest v0.11.3
[INFO] [stderr]     Checking rustytrader v0.1.0 (/opt/rustwide/workdir)
[INFO] [stdout] error[E0583]: file not found for module `components`
[INFO] [stdout]   --> src/lib.rs:33:1
[INFO] [stdout]    |
[INFO] [stdout] 33 | mod components;
[INFO] [stdout]    | ^^^^^^^^^^^^^^^
[INFO] [stdout]    |
[INFO] [stdout]    = help: to create the module `components`, create file "src/components.rs" or "src/components/mod.rs"
[INFO] [stdout] 
[INFO] [stdout] 
[INFO] [stdout] error[E0583]: file not found for module `components`
[INFO] [stdout]   --> src/lib.rs:33:1
[INFO] [stdout]    |
[INFO] [stdout] 33 | mod components;
[INFO] [stdout]    | ^^^^^^^^^^^^^^^
[INFO] [stdout]    |
[INFO] [stdout]    = help: to create the module `components`, create file "src/components.rs" or "src/components/mod.rs"
[INFO] [stdout] 
[INFO] [stdout] 
[INFO] [stdout] error[E0432]: unresolved import `crate::components::button`
[INFO] [stdout]  --> src/app.rs:1:24
[INFO] [stdout]   |
[INFO] [stdout] 1 | use crate::components::button::Button;
[INFO] [stdout]   |                        ^^^^^^ could not find `button` in `components`
[INFO] [stdout] 
[INFO] [stdout] 
[INFO] [stdout] error[E0432]: unresolved import `crate::components::button`
[INFO] [stdout]  --> src/app.rs:1:24
[INFO] [stdout]   |
[INFO] [stdout] 1 | use crate::components::button::Button;
[INFO] [stdout]   |                        ^^^^^^ could not find `button` in `components`
[INFO] [stdout] 
[INFO] [stdout] 
[INFO] [stdout] error[E0433]: failed to resolve: use of undeclared crate or module `yew`
[INFO] [stdout]  --> src/app.rs:3:5
[INFO] [stdout]   |
[INFO] [stdout] 3 | use yew::prelude::*;
[INFO] [stdout]   |     ^^^ use of undeclared crate or module `yew`
[INFO] [stdout] 
[INFO] [stdout] 
[INFO] [stdout] error[E0433]: failed to resolve: use of undeclared crate or module `wasm_bindgen`
[INFO] [stdout]   --> src/lib.rs:34:5
[INFO] [stdout]    |
[INFO] [stdout] 34 | use wasm_bindgen::prelude::{wasm_bindgen, JsValue};
[INFO] [stdout]    |     ^^^^^^^^^^^^ use of undeclared crate or module `wasm_bindgen`
[INFO] [stdout] 
[INFO] [stdout] 
[INFO] [stdout] error[E0432]: unresolved imports `crate::components::employees`, `wasm_bindgen::prelude::JsValue`
[INFO] [stdout]   --> src/lib.rs:34:43
[INFO] [stdout]    |
[INFO] [stdout] 34 | use wasm_bindgen::prelude::{wasm_bindgen, JsValue};
[INFO] [stdout]    |                                           ^^^^^^^
[INFO] [stdout]    | 
[INFO] [stdout]   ::: src/app.rs:2:24
[INFO] [stdout]    |
[INFO] [stdout] 2  | use crate::components::employees::Employees;
[INFO] [stdout]    |                        ^^^^^^^^^ could not find `employees` in `components`
[INFO] [stdout] 
[INFO] [stdout] 
[INFO] [stdout] error[E0433]: failed to resolve: use of undeclared crate or module `yew`
[INFO] [stdout]  --> src/app.rs:3:5
[INFO] [stdout]   |
[INFO] [stdout] 3 | use yew::prelude::*;
[INFO] [stdout]   |     ^^^ use of undeclared crate or module `yew`
[INFO] [stdout] 
[INFO] [stdout] 
[INFO] [stdout] error[E0433]: failed to resolve: use of undeclared crate or module `wasm_bindgen`
[INFO] [stdout]   --> src/lib.rs:34:5
[INFO] [stdout]    |
[INFO] [stdout] 34 | use wasm_bindgen::prelude::{wasm_bindgen, JsValue};
[INFO] [stdout]    |     ^^^^^^^^^^^^ use of undeclared crate or module `wasm_bindgen`
[INFO] [stdout] 
[INFO] [stdout] 
[INFO] [stdout] error[E0432]: unresolved imports `crate::components::employees`, `wasm_bindgen::prelude::JsValue`
[INFO] [stdout]   --> src/lib.rs:34:43
[INFO] [stdout]    |
[INFO] [stdout] 34 | use wasm_bindgen::prelude::{wasm_bindgen, JsValue};
[INFO] [stdout]    |                                           ^^^^^^^
[INFO] [stdout]    | 
[INFO] [stdout]   ::: src/app.rs:2:24
[INFO] [stdout]    |
[INFO] [stdout] 2  | use crate::components::employees::Employees;
[INFO] [stdout]    |                        ^^^^^^^^^ could not find `employees` in `components`
[INFO] [stdout] 
[INFO] [stdout] 
[INFO] [stdout] error: cannot find attribute `wasm_bindgen` in this scope
[INFO] [stdout]   --> src/lib.rs:36:3
[INFO] [stdout]    |
[INFO] [stdout] 36 | #[wasm_bindgen]
[INFO] [stdout]    |   ^^^^^^^^^^^^
[INFO] [stdout] 
[INFO] [stdout] 
[INFO] [stdout] error: cannot find macro `html` in this scope
[INFO] [stdout]   --> src/app.rs:43:9
[INFO] [stdout]    |
[INFO] [stdout] 43 |         html! {
[INFO] [stdout]    |         ^^^^
[INFO] [stdout] 
[INFO] [stdout] 
[INFO] [stdout] error[E0433]: failed to resolve: use of undeclared crate or module `yew`
[INFO] [stdout]   --> src/lib.rs:38:5
[INFO] [stdout]    |
[INFO] [stdout] 38 |     yew::start_app::<app::App>();
[INFO] [stdout]    |     ^^^ use of undeclared crate or module `yew`
[INFO] [stdout] 
[INFO] [stdout] 
[INFO] [stdout] error[E0412]: cannot find type `ComponentLink` in this scope
[INFO] [stdout]   --> src/app.rs:11:11
[INFO] [stdout]    |
[INFO] [stdout] 11 |     link: ComponentLink<Self>,
[INFO] [stdout]    |           ^^^^^^^^^^^^^ not found in this scope
[INFO] [stdout] 
[INFO] [stdout] 
[INFO] [stdout] error[E0405]: cannot find trait `Component` in this scope
[INFO] [stdout]   --> src/app.rs:15:6
[INFO] [stdout]    |
[INFO] [stdout] 15 | impl Component for App {
[INFO] [stdout]    |      ^^^^^^^^^ not found in this scope
[INFO] [stdout] 
[INFO] [stdout] 
[INFO] [stdout] error[E0412]: cannot find type `ComponentLink` in this scope
[INFO] [stdout]   --> src/app.rs:19:42
[INFO] [stdout]    |
[INFO] [stdout] 19 |     fn create(_: Self::Properties, link: ComponentLink<Self>) -> Self {
[INFO] [stdout]    |                                          ^^^^^^^^^^^^^ not found in this scope
[INFO] [stdout] 
[INFO] [stdout] 
[INFO] [stdout] error[E0412]: cannot find type `ShouldRender` in this scope
[INFO] [stdout]   --> src/app.rs:26:49
[INFO] [stdout]    |
[INFO] [stdout] 26 |     fn update(&mut self, msg: Self::Message) -> ShouldRender {
[INFO] [stdout]    |                                                 ^^^^^^^^^^^^ not found in this scope
[INFO] [stdout] 
[INFO] [stdout] 
[INFO] [stdout] error[E0412]: cannot find type `ShouldRender` in this scope
[INFO] [stdout]   --> src/app.rs:38:55
[INFO] [stdout]    |
[INFO] [stdout] 38 |     fn change(&mut self, _props: Self::Properties) -> ShouldRender {
[INFO] [stdout]    |                                                       ^^^^^^^^^^^^ not found in this scope
[INFO] [stdout] 
[INFO] [stdout] 
[INFO] [stdout] error[E0412]: cannot find type `Html` in this scope
[INFO] [stdout]   --> src/app.rs:42:23
[INFO] [stdout]    |
[INFO] [stdout] 42 |     fn view(&self) -> Html {
[INFO] [stdout]    |                       ^^^^ not found in this scope
[INFO] [stdout] 
[INFO] [stdout] 
[INFO] [stdout] error[E0412]: cannot find type `JsValue` in this scope
[INFO] [stdout]   --> src/lib.rs:37:32
[INFO] [stdout]    |
[INFO] [stdout] 37 | pub fn run_app() -> Result<(), JsValue> {
[INFO] [stdout]    |               -                ^^^^^^^ not found in this scope
[INFO] [stdout]    |               |
[INFO] [stdout]    |               help: you might be missing a type parameter: `<JsValue>`
[INFO] [stdout] 
[INFO] [stdout] 
[INFO] [stdout] error: aborting due to 15 previous errors
[INFO] [stdout] 
[INFO] [stdout] 
[INFO] [stdout] Some errors have detailed explanations: E0405, E0412, E0432, E0433, E0583.
[INFO] [stdout] 
[INFO] [stdout] For more information about an error, try `rustc --explain E0405`.
[INFO] [stdout] 
[INFO] [stderr] error: could not compile `rustytrader` due to 16 previous errors
[INFO] [stderr] warning: build failed, waiting for other jobs to finish...
[INFO] [stdout] error: cannot find attribute `wasm_bindgen` in this scope
[INFO] [stdout]   --> src/lib.rs:36:3
[INFO] [stdout]    |
[INFO] [stdout] 36 | #[wasm_bindgen]
[INFO] [stdout]    |   ^^^^^^^^^^^^
[INFO] [stdout] 
[INFO] [stdout] 
[INFO] [stdout] error: cannot find macro `html` in this scope
[INFO] [stdout]   --> src/app.rs:43:9
[INFO] [stdout]    |
[INFO] [stdout] 43 |         html! {
[INFO] [stdout]    |         ^^^^
[INFO] [stdout] 
[INFO] [stdout] 
[INFO] [stdout] error[E0433]: failed to resolve: use of undeclared crate or module `yew`
[INFO] [stdout]   --> src/lib.rs:38:5
[INFO] [stdout]    |
[INFO] [stdout] 38 |     yew::start_app::<app::App>();
[INFO] [stdout]    |     ^^^ use of undeclared crate or module `yew`
[INFO] [stdout] 
[INFO] [stdout] 
[INFO] [stdout] error[E0412]: cannot find type `ComponentLink` in this scope
[INFO] [stdout]   --> src/app.rs:11:11
[INFO] [stdout]    |
[INFO] [stdout] 11 |     link: ComponentLink<Self>,
[INFO] [stdout]    |           ^^^^^^^^^^^^^ not found in this scope
[INFO] [stdout] 
[INFO] [stdout] 
[INFO] [stdout] error[E0405]: cannot find trait `Component` in this scope
[INFO] [stdout]   --> src/app.rs:15:6
[INFO] [stdout]    |
[INFO] [stdout] 15 | impl Component for App {
[INFO] [stdout]    |      ^^^^^^^^^ not found in this scope
[INFO] [stdout] 
[INFO] [stdout] 
[INFO] [stdout] error[E0412]: cannot find type `ComponentLink` in this scope
[INFO] [stdout]   --> src/app.rs:19:42
[INFO] [stdout]    |
[INFO] [stdout] 19 |     fn create(_: Self::Properties, link: ComponentLink<Self>) -> Self {
[INFO] [stdout]    |                                          ^^^^^^^^^^^^^ not found in this scope
[INFO] [stdout] 
[INFO] [stdout] 
[INFO] [stdout] error[E0412]: cannot find type `ShouldRender` in this scope
[INFO] [stdout]   --> src/app.rs:26:49
[INFO] [stdout]    |
[INFO] [stdout] 26 |     fn update(&mut self, msg: Self::Message) -> ShouldRender {
[INFO] [stdout]    |                                                 ^^^^^^^^^^^^ not found in this scope
[INFO] [stdout] 
[INFO] [stdout] 
[INFO] [stdout] error[E0412]: cannot find type `ShouldRender` in this scope
[INFO] [stdout]   --> src/app.rs:38:55
[INFO] [stdout]    |
[INFO] [stdout] 38 |     fn change(&mut self, _props: Self::Properties) -> ShouldRender {
[INFO] [stdout]    |                                                       ^^^^^^^^^^^^ not found in this scope
[INFO] [stdout] 
[INFO] [stdout] 
[INFO] [stdout] error[E0412]: cannot find type `Html` in this scope
[INFO] [stdout]   --> src/app.rs:42:23
[INFO] [stdout]    |
[INFO] [stdout] 42 |     fn view(&self) -> Html {
[INFO] [stdout]    |                       ^^^^ not found in this scope
[INFO] [stdout] 
[INFO] [stdout] 
[INFO] [stdout] error[E0412]: cannot find type `JsValue` in this scope
[INFO] [stdout]   --> src/lib.rs:37:32
[INFO] [stdout]    |
[INFO] [stdout] 37 | pub fn run_app() -> Result<(), JsValue> {
[INFO] [stdout]    |               -                ^^^^^^^ not found in this scope
[INFO] [stdout]    |               |
[INFO] [stdout]    |               help: you might be missing a type parameter: `<JsValue>`
[INFO] [stdout] 
[INFO] [stdout] 
[INFO] [stdout] error: aborting due to 15 previous errors
[INFO] [stdout] 
[INFO] [stdout] 
[INFO] [stdout] Some errors have detailed explanations: E0405, E0412, E0432, E0433, E0583.
[INFO] [stdout] 
[INFO] [stdout] For more information about an error, try `rustc --explain E0405`.
[INFO] [stdout] 
[INFO] [stderr] error: build failed
[INFO] running `Command { std: "docker" "inspect" "51ea9e542082f8f4392c39872f13fc412cea00156db0ac039e993d8b8a495bb9", kill_on_drop: false }`
[INFO] running `Command { std: "docker" "rm" "-f" "51ea9e542082f8f4392c39872f13fc412cea00156db0ac039e993d8b8a495bb9", kill_on_drop: false }`
[INFO] [stdout] 51ea9e542082f8f4392c39872f13fc412cea00156db0ac039e993d8b8a495bb9
