[INFO] cloning repository https://github.com/danstiner/plays
[INFO] running `Command { std: "git" "-c" "credential.helper=" "-c" "credential.helper=/workspace/cargo-home/bin/git-credential-null" "clone" "--bare" "https://github.com/danstiner/plays" "/workspace/cache/git-repos/https%3A%2F%2Fgithub.com%2Fdanstiner%2Fplays", kill_on_drop: false }`
[INFO] [stderr] Cloning into bare repository '/workspace/cache/git-repos/https%3A%2F%2Fgithub.com%2Fdanstiner%2Fplays'...
[INFO] running `Command { std: "git" "rev-parse" "HEAD", kill_on_drop: false }`
[INFO] [stdout] 4c056eb9b4641cea07584becbbf8380722cbee6d
[INFO] checking danstiner/plays against 1.55.0 for beta-1.56-3
[INFO] running `Command { std: "git" "clone" "/workspace/cache/git-repos/https%3A%2F%2Fgithub.com%2Fdanstiner%2Fplays" "/workspace/builds/worker-5/source", kill_on_drop: false }`
[INFO] [stderr] Cloning into '/workspace/builds/worker-5/source'...
[INFO] [stderr] done.
[INFO] validating manifest of git repo https://github.com/danstiner/plays on toolchain 1.55.0
[INFO] running `Command { std: "/workspace/cargo-home/bin/cargo" "+1.55.0" "metadata" "--manifest-path" "Cargo.toml" "--no-deps", kill_on_drop: false }`
[INFO] started tweaking git repo https://github.com/danstiner/plays
[INFO] finished tweaking git repo https://github.com/danstiner/plays
[INFO] tweaked toml for git repo https://github.com/danstiner/plays written to /workspace/builds/worker-5/source/Cargo.toml
[INFO] crate git repo https://github.com/danstiner/plays already has a lockfile, it will not be regenerated
[INFO] running `Command { std: "/workspace/cargo-home/bin/cargo" "+1.55.0" "fetch" "--manifest-path" "Cargo.toml", kill_on_drop: false }`
[INFO] [stderr]  Downloading crates ...
[INFO] [stderr]   Downloaded hotkey v0.3.1
[INFO] running `Command { std: "docker" "create" "-v" "/var/lib/crater-agent-workspace/builds/worker-5/target:/opt/rustwide/target:rw,Z" "-v" "/var/lib/crater-agent-workspace/builds/worker-5/source:/opt/rustwide/workdir:ro,Z" "-v" "/var/lib/crater-agent-workspace/cargo-home:/opt/rustwide/cargo-home:ro,Z" "-v" "/var/lib/crater-agent-workspace/rustup-home:/opt/rustwide/rustup-home:ro,Z" "-e" "SOURCE_DIR=/opt/rustwide/workdir" "-e" "CARGO_TARGET_DIR=/opt/rustwide/target" "-e" "CARGO_HOME=/opt/rustwide/cargo-home" "-e" "RUSTUP_HOME=/opt/rustwide/rustup-home" "-w" "/opt/rustwide/workdir" "-m" "1610612736" "--user" "0:0" "--network" "none" "ghcr.io/rust-lang/crates-build-env/linux@sha256:a89201d6b5b9fd45c15d5952ece0a0129e7e80cb26ec023fd59cf09bc26f1604" "/opt/rustwide/cargo-home/bin/cargo" "+1.55.0" "metadata" "--no-deps" "--format-version=1", kill_on_drop: false }`
[INFO] [stdout] eb08df81c2da44a1e5c58123ef13d4da80c7d87e0e6a3926361660bf03a7ff32
[INFO] [stderr] WARNING: Your kernel does not support swap limit capabilities or the cgroup is not mounted. Memory limited without swap.
[INFO] running `Command { std: "docker" "start" "-a" "eb08df81c2da44a1e5c58123ef13d4da80c7d87e0e6a3926361660bf03a7ff32", kill_on_drop: false }`
[INFO] running `Command { std: "docker" "inspect" "eb08df81c2da44a1e5c58123ef13d4da80c7d87e0e6a3926361660bf03a7ff32", kill_on_drop: false }`
[INFO] running `Command { std: "docker" "rm" "-f" "eb08df81c2da44a1e5c58123ef13d4da80c7d87e0e6a3926361660bf03a7ff32", kill_on_drop: false }`
[INFO] [stdout] eb08df81c2da44a1e5c58123ef13d4da80c7d87e0e6a3926361660bf03a7ff32
[INFO] running `Command { std: "docker" "create" "-v" "/var/lib/crater-agent-workspace/builds/worker-5/target:/opt/rustwide/target:rw,Z" "-v" "/var/lib/crater-agent-workspace/builds/worker-5/source:/opt/rustwide/workdir:ro,Z" "-v" "/var/lib/crater-agent-workspace/cargo-home:/opt/rustwide/cargo-home:ro,Z" "-v" "/var/lib/crater-agent-workspace/rustup-home:/opt/rustwide/rustup-home:ro,Z" "-e" "SOURCE_DIR=/opt/rustwide/workdir" "-e" "CARGO_TARGET_DIR=/opt/rustwide/target" "-e" "CARGO_INCREMENTAL=0" "-e" "RUST_BACKTRACE=full" "-e" "RUSTFLAGS=--cap-lints=warn" "-e" "CARGO_HOME=/opt/rustwide/cargo-home" "-e" "RUSTUP_HOME=/opt/rustwide/rustup-home" "-w" "/opt/rustwide/workdir" "-m" "1610612736" "--user" "0:0" "--network" "none" "ghcr.io/rust-lang/crates-build-env/linux@sha256:a89201d6b5b9fd45c15d5952ece0a0129e7e80cb26ec023fd59cf09bc26f1604" "/opt/rustwide/cargo-home/bin/cargo" "+1.55.0" "check" "--frozen" "--all" "--all-targets" "--message-format=json", kill_on_drop: false }`
[INFO] [stderr] WARNING: Your kernel does not support swap limit capabilities or the cgroup is not mounted. Memory limited without swap.
[INFO] [stdout] 4c8df21481432a0903959d198e7cd5f0b5755dea2447ed0bab9f85428bf5309b
[INFO] running `Command { std: "docker" "start" "-a" "4c8df21481432a0903959d198e7cd5f0b5755dea2447ed0bab9f85428bf5309b", kill_on_drop: false }`
[INFO] [stderr]    Compiling enigo v0.0.14
[INFO] [stderr]     Checking dirs-sys v0.3.5
[INFO] [stderr]     Checking openssl-sys v0.9.60
[INFO] [stderr]     Checking time v0.1.43
[INFO] [stderr]     Checking rand_core v0.6.1
[INFO] [stderr]     Checking x11-dl v2.18.5
[INFO] [stderr]    Compiling serde_derive v1.0.123
[INFO] [stderr]     Checking slog-async v2.6.0
[INFO] [stderr]     Checking dirs v2.0.2
[INFO] [stderr]     Checking term v0.6.1
[INFO] [stderr]     Checking rand_chacha v0.3.0
[INFO] [stderr]     Checking chrono v0.4.19
[INFO] [stderr]     Checking rand v0.8.2
[INFO] [stderr]     Checking openssl v0.10.32
[INFO] [stderr]     Checking slog-term v2.6.0
[INFO] [stderr]     Checking hotkey v0.3.1
[INFO] [stderr]     Checking native-tls v0.2.7
[INFO] [stderr]     Checking tungstenite v0.12.0
[INFO] [stderr]     Checking serde v1.0.123
[INFO] [stderr]     Checking serde_json v1.0.61
[INFO] [stderr]     Checking plays v0.1.0 (/opt/rustwide/workdir)
[INFO] [stdout] error[E0423]: expected value, found macro `b`
[INFO] [stdout]   --> src/main.rs:89:47
[INFO] [stdout]    |
[INFO] [stdout] 89 | ...                   if get_bit_at(b, 0) {
[INFO] [stdout]    |                                     ^ not a value
[INFO] [stdout]    |
[INFO] [stdout] help: use `!` to invoke the macro
[INFO] [stdout]    |
[INFO] [stdout] 89 |                                 if get_bit_at(b!, 0) {
[INFO] [stdout]    |                                                ^
[INFO] [stdout] 
[INFO] [stdout] 
[INFO] [stdout] error[E0423]: expected value, found macro `b`
[INFO] [stdout]   --> src/main.rs:89:47
[INFO] [stdout]    |
[INFO] [stdout] 89 | ...                   if get_bit_at(b, 0) {
[INFO] [stdout]    |                                     ^ not a value
[INFO] [stdout]    |
[INFO] [stdout] help: use `!` to invoke the macro
[INFO] [stdout]    |
[INFO] [stdout] 89 |                                 if get_bit_at(b!, 0) {
[INFO] [stdout]    |                                                ^
[INFO] [stdout] 
[INFO] [stdout] 
[INFO] [stdout] error[E0599]: no function or associated item named `main_display_size` found for struct `Enigo` in the current scope
[INFO] [stdout]   --> src/main.rs:81:51
[INFO] [stdout]    |
[INFO] [stdout] 81 | ...                   let (ws, hs) = Enigo::main_display_size();
[INFO] [stdout]    |                                             ^^^^^^^^^^^^^^^^^ function or associated item not found in `Enigo`
[INFO] [stdout] 
[INFO] [stdout] 
[INFO] [stdout] error: aborting due to 2 previous errors
[INFO] [stdout] 
[INFO] [stdout] 
[INFO] [stdout] Some errors have detailed explanations: E0423, E0599.
[INFO] [stdout] 
[INFO] [stdout] For more information about an error, try `rustc --explain E0423`.
[INFO] [stdout] 
[INFO] [stderr] error: could not compile `plays` due to 3 previous errors
[INFO] [stderr] warning: build failed, waiting for other jobs to finish...
[INFO] [stdout] error[E0599]: no function or associated item named `main_display_size` found for struct `Enigo` in the current scope
[INFO] [stdout]   --> src/main.rs:81:51
[INFO] [stdout]    |
[INFO] [stdout] 81 | ...                   let (ws, hs) = Enigo::main_display_size();
[INFO] [stdout]    |                                             ^^^^^^^^^^^^^^^^^ function or associated item not found in `Enigo`
[INFO] [stdout] 
[INFO] [stdout] 
[INFO] [stdout] error: aborting due to 2 previous errors
[INFO] [stdout] 
[INFO] [stdout] 
[INFO] [stdout] Some errors have detailed explanations: E0423, E0599.
[INFO] [stdout] 
[INFO] [stdout] For more information about an error, try `rustc --explain E0423`.
[INFO] [stdout] 
[INFO] [stderr] error: build failed
[INFO] running `Command { std: "docker" "inspect" "4c8df21481432a0903959d198e7cd5f0b5755dea2447ed0bab9f85428bf5309b", kill_on_drop: false }`
[INFO] running `Command { std: "docker" "rm" "-f" "4c8df21481432a0903959d198e7cd5f0b5755dea2447ed0bab9f85428bf5309b", kill_on_drop: false }`
[INFO] [stdout] 4c8df21481432a0903959d198e7cd5f0b5755dea2447ed0bab9f85428bf5309b
