[INFO] cloning repository https://github.com/danielzgtg/new-planner
[INFO] running `Command { std: "git" "-c" "credential.helper=" "-c" "credential.helper=/workspace/cargo-home/bin/git-credential-null" "clone" "--bare" "https://github.com/danielzgtg/new-planner" "/workspace/cache/git-repos/https%3A%2F%2Fgithub.com%2Fdanielzgtg%2Fnew-planner", kill_on_drop: false }`
[INFO] [stderr] Cloning into bare repository '/workspace/cache/git-repos/https%3A%2F%2Fgithub.com%2Fdanielzgtg%2Fnew-planner'...
[INFO] running `Command { std: "git" "rev-parse" "HEAD", kill_on_drop: false }`
[INFO] [stdout] c3fa2ea6f499e8e548c48539825e5abce540759b
[INFO] checking danielzgtg/new-planner against 1.55.0 for beta-1.56-3
[INFO] running `Command { std: "git" "clone" "/workspace/cache/git-repos/https%3A%2F%2Fgithub.com%2Fdanielzgtg%2Fnew-planner" "/workspace/builds/worker-36/source", kill_on_drop: false }`
[INFO] [stderr] Cloning into '/workspace/builds/worker-36/source'...
[INFO] [stderr] done.
[INFO] validating manifest of git repo https://github.com/danielzgtg/new-planner on toolchain 1.55.0
[INFO] running `Command { std: "/workspace/cargo-home/bin/cargo" "+1.55.0" "metadata" "--manifest-path" "Cargo.toml" "--no-deps", kill_on_drop: false }`
[INFO] started tweaking git repo https://github.com/danielzgtg/new-planner
[INFO] finished tweaking git repo https://github.com/danielzgtg/new-planner
[INFO] tweaked toml for git repo https://github.com/danielzgtg/new-planner written to /workspace/builds/worker-36/source/Cargo.toml
[INFO] crate git repo https://github.com/danielzgtg/new-planner already has a lockfile, it will not be regenerated
[INFO] running `Command { std: "/workspace/cargo-home/bin/cargo" "+1.55.0" "fetch" "--manifest-path" "Cargo.toml", kill_on_drop: false }`
[INFO] [stderr]     Blocking waiting for file lock on package cache
[INFO] [stderr]     Blocking waiting for file lock on package cache
[INFO] running `Command { std: "docker" "create" "-v" "/var/lib/crater-agent-workspace/builds/worker-36/target:/opt/rustwide/target:rw,Z" "-v" "/var/lib/crater-agent-workspace/builds/worker-36/source:/opt/rustwide/workdir:ro,Z" "-v" "/var/lib/crater-agent-workspace/cargo-home:/opt/rustwide/cargo-home:ro,Z" "-v" "/var/lib/crater-agent-workspace/rustup-home:/opt/rustwide/rustup-home:ro,Z" "-e" "SOURCE_DIR=/opt/rustwide/workdir" "-e" "CARGO_TARGET_DIR=/opt/rustwide/target" "-e" "CARGO_HOME=/opt/rustwide/cargo-home" "-e" "RUSTUP_HOME=/opt/rustwide/rustup-home" "-w" "/opt/rustwide/workdir" "-m" "1610612736" "--user" "0:0" "--network" "none" "ghcr.io/rust-lang/crates-build-env/linux@sha256:a89201d6b5b9fd45c15d5952ece0a0129e7e80cb26ec023fd59cf09bc26f1604" "/opt/rustwide/cargo-home/bin/cargo" "+1.55.0" "metadata" "--no-deps" "--format-version=1", kill_on_drop: false }`
[INFO] [stdout] dba181df071475acdca2e518247cb54f50bc70ad4f66d62f055a05fd044edc66
[INFO] running `Command { std: "docker" "start" "-a" "dba181df071475acdca2e518247cb54f50bc70ad4f66d62f055a05fd044edc66", kill_on_drop: false }`
[INFO] running `Command { std: "docker" "inspect" "dba181df071475acdca2e518247cb54f50bc70ad4f66d62f055a05fd044edc66", kill_on_drop: false }`
[INFO] running `Command { std: "docker" "rm" "-f" "dba181df071475acdca2e518247cb54f50bc70ad4f66d62f055a05fd044edc66", kill_on_drop: false }`
[INFO] [stdout] dba181df071475acdca2e518247cb54f50bc70ad4f66d62f055a05fd044edc66
[INFO] running `Command { std: "docker" "create" "-v" "/var/lib/crater-agent-workspace/builds/worker-36/target:/opt/rustwide/target:rw,Z" "-v" "/var/lib/crater-agent-workspace/builds/worker-36/source:/opt/rustwide/workdir:ro,Z" "-v" "/var/lib/crater-agent-workspace/cargo-home:/opt/rustwide/cargo-home:ro,Z" "-v" "/var/lib/crater-agent-workspace/rustup-home:/opt/rustwide/rustup-home:ro,Z" "-e" "SOURCE_DIR=/opt/rustwide/workdir" "-e" "CARGO_TARGET_DIR=/opt/rustwide/target" "-e" "CARGO_INCREMENTAL=0" "-e" "RUST_BACKTRACE=full" "-e" "RUSTFLAGS=--cap-lints=warn" "-e" "CARGO_HOME=/opt/rustwide/cargo-home" "-e" "RUSTUP_HOME=/opt/rustwide/rustup-home" "-w" "/opt/rustwide/workdir" "-m" "1610612736" "--user" "0:0" "--network" "none" "ghcr.io/rust-lang/crates-build-env/linux@sha256:a89201d6b5b9fd45c15d5952ece0a0129e7e80cb26ec023fd59cf09bc26f1604" "/opt/rustwide/cargo-home/bin/cargo" "+1.55.0" "check" "--frozen" "--all" "--all-targets" "--message-format=json", kill_on_drop: false }`
[INFO] [stdout] 92db5101b84a3820651d3c21b737067b40ce124071d636e1099444f5539c32ba
[INFO] running `Command { std: "docker" "start" "-a" "92db5101b84a3820651d3c21b737067b40ce124071d636e1099444f5539c32ba", kill_on_drop: false }`
[INFO] [stderr]     Checking new-planner v0.1.0 (/opt/rustwide/workdir)
[INFO] [stdout] error[E0554]: `#![feature]` may not be used on the stable release channel
[INFO] [stdout]  --> src/lib.rs:1:1
[INFO] [stdout]   |
[INFO] [stdout] 1 | #![feature(array_chunks)]
[INFO] [stdout]   | ^^^^^^^^^^^^^^^^^^^^^^^^^
[INFO] [stdout] 
[INFO] [stdout] 
[INFO] [stdout] error[E0554]: `#![feature]` may not be used on the stable release channel
[INFO] [stdout]  --> src/lib.rs:2:1
[INFO] [stdout]   |
[INFO] [stdout] 2 | #![feature(array_methods)]
[INFO] [stdout]   | ^^^^^^^^^^^^^^^^^^^^^^^^^^
[INFO] [stdout] 
[INFO] [stdout] 
[INFO] [stdout] error[E0554]: `#![feature]` may not be used on the stable release channel
[INFO] [stdout]  --> src/lib.rs:3:1
[INFO] [stdout]   |
[INFO] [stdout] 3 | #![feature(option_expect_none)]
[INFO] [stdout]   | ^^^^^^^^^^^^^^^^^^^^^^^^^^^^^^^
[INFO] [stdout] 
[INFO] [stdout] 
[INFO] [stdout] error[E0554]: `#![feature]` may not be used on the stable release channel
[INFO] [stdout]  --> src/lib.rs:4:1
[INFO] [stdout]   |
[INFO] [stdout] 4 | #![feature(option_unwrap_none)]
[INFO] [stdout]   | ^^^^^^^^^^^^^^^^^^^^^^^^^^^^^^^
[INFO] [stdout] 
[INFO] [stdout] 
[INFO] [stdout] error[E0554]: `#![feature]` may not be used on the stable release channel
[INFO] [stdout]  --> src/lib.rs:1:1
[INFO] [stdout]   |
[INFO] [stdout] 1 | #![feature(array_chunks)]
[INFO] [stdout]   | ^^^^^^^^^^^^^^^^^^^^^^^^^
[INFO] [stdout] 
[INFO] [stdout] 
[INFO] [stdout] error[E0554]: `#![feature]` may not be used on the stable release channel
[INFO] [stdout]  --> src/lib.rs:2:1
[INFO] [stdout]   |
[INFO] [stdout] 2 | #![feature(array_methods)]
[INFO] [stdout]   | ^^^^^^^^^^^^^^^^^^^^^^^^^^
[INFO] [stdout] 
[INFO] [stdout] 
[INFO] [stdout] error[E0554]: `#![feature]` may not be used on the stable release channel
[INFO] [stdout]  --> src/lib.rs:3:1
[INFO] [stdout]   |
[INFO] [stdout] 3 | #![feature(option_expect_none)]
[INFO] [stdout]   | ^^^^^^^^^^^^^^^^^^^^^^^^^^^^^^^
[INFO] [stdout] 
[INFO] [stdout] 
[INFO] [stdout] error[E0554]: `#![feature]` may not be used on the stable release channel
[INFO] [stdout]  --> src/lib.rs:4:1
[INFO] [stdout]   |
[INFO] [stdout] 4 | #![feature(option_unwrap_none)]
[INFO] [stdout]   | ^^^^^^^^^^^^^^^^^^^^^^^^^^^^^^^
[INFO] [stdout] 
[INFO] [stdout] 
[INFO] [stdout] error[E0599]: no method named `unwrap_none` found for enum `Option` in the current scope
[INFO] [stdout]   --> src/loader.rs:29:26
[INFO] [stdout]    |
[INFO] [stdout] 29 |             split.next().unwrap_none();
[INFO] [stdout]    |                          ^^^^^^^^^^^ help: there is an associated function with a similar name: `unwrap_or`
[INFO] [stdout] 
[INFO] [stdout] 
[INFO] [stdout] error[E0599]: no method named `unwrap_none` found for enum `Option` in the current scope
[INFO] [stdout]   --> src/loader.rs:29:26
[INFO] [stdout]    |
[INFO] [stdout] 29 |             split.next().unwrap_none();
[INFO] [stdout]    |                          ^^^^^^^^^^^ help: there is an associated function with a similar name: `unwrap_or`
[INFO] [stdout] 
[INFO] [stdout] 
[INFO] [stdout] error[E0599]: no method named `expect_none` found for enum `Option` in the current scope
[INFO] [stdout]   --> src/loader.rs:46:28
[INFO] [stdout]    |
[INFO] [stdout] 46 |     learning_descs.first().expect_none("Must have exam after all the studying");
[INFO] [stdout]    |                            ^^^^^^^^^^^ method not found in `Option<&&str>`
[INFO] [stdout] 
[INFO] [stdout] 
[INFO] [stdout] error[E0599]: no method named `expect_none` found for enum `Option` in the current scope
[INFO] [stdout]   --> src/loader.rs:46:28
[INFO] [stdout]    |
[INFO] [stdout] 46 |     learning_descs.first().expect_none("Must have exam after all the studying");
[INFO] [stdout]    |                            ^^^^^^^^^^^ method not found in `Option<&&str>`
[INFO] [stdout] 
[INFO] [stdout] 
[INFO] [stdout] error: aborting due to 6 previous errors
[INFO] [stdout] 
[INFO] [stdout] 
[INFO] [stdout] Some errors have detailed explanations: E0554, E0599.
[INFO] [stdout] 
[INFO] [stdout] For more information about an error, try `rustc --explain E0554`.
[INFO] [stdout] 
[INFO] [stderr] error: could not compile `new-planner` due to 7 previous errors
[INFO] [stdout] error: aborting due to 6 previous errors
[INFO] [stdout] 
[INFO] [stdout] 
[INFO] [stderr] warning: build failed, waiting for other jobs to finish...
[INFO] [stdout] Some errors have detailed explanations: E0554, E0599.
[INFO] [stdout] 
[INFO] [stdout] For more information about an error, try `rustc --explain E0554`.
[INFO] [stdout] 
[INFO] [stderr] error: build failed
[INFO] running `Command { std: "docker" "inspect" "92db5101b84a3820651d3c21b737067b40ce124071d636e1099444f5539c32ba", kill_on_drop: false }`
[INFO] running `Command { std: "docker" "rm" "-f" "92db5101b84a3820651d3c21b737067b40ce124071d636e1099444f5539c32ba", kill_on_drop: false }`
[INFO] [stdout] 92db5101b84a3820651d3c21b737067b40ce124071d636e1099444f5539c32ba
