[INFO] cloning repository https://github.com/danielq987/minigrep
[INFO] running `Command { std: "git" "-c" "credential.helper=" "-c" "credential.helper=/workspace/cargo-home/bin/git-credential-null" "clone" "--bare" "https://github.com/danielq987/minigrep" "/workspace/cache/git-repos/https%3A%2F%2Fgithub.com%2Fdanielq987%2Fminigrep", kill_on_drop: false }`
[INFO] [stderr] Cloning into bare repository '/workspace/cache/git-repos/https%3A%2F%2Fgithub.com%2Fdanielq987%2Fminigrep'...
[INFO] running `Command { std: "git" "rev-parse" "HEAD", kill_on_drop: false }`
[INFO] [stdout] c21b6b240e9e21dfed871e373b8e66f1e59926bb
[INFO] checking danielq987/minigrep against beta-2021-10-15 for beta-1.56-3
[INFO] running `Command { std: "git" "clone" "/workspace/cache/git-repos/https%3A%2F%2Fgithub.com%2Fdanielq987%2Fminigrep" "/workspace/builds/worker-61/source", kill_on_drop: false }`
[INFO] [stderr] Cloning into '/workspace/builds/worker-61/source'...
[INFO] [stderr] done.
[INFO] validating manifest of git repo https://github.com/danielq987/minigrep on toolchain beta-2021-10-15
[INFO] running `Command { std: "/workspace/cargo-home/bin/cargo" "+beta-2021-10-15" "metadata" "--manifest-path" "Cargo.toml" "--no-deps", kill_on_drop: false }`
[INFO] started tweaking git repo https://github.com/danielq987/minigrep
[INFO] finished tweaking git repo https://github.com/danielq987/minigrep
[INFO] tweaked toml for git repo https://github.com/danielq987/minigrep written to /workspace/builds/worker-61/source/Cargo.toml
[INFO] crate git repo https://github.com/danielq987/minigrep already has a lockfile, it will not be regenerated
[INFO] running `Command { std: "/workspace/cargo-home/bin/cargo" "+beta-2021-10-15" "fetch" "--manifest-path" "Cargo.toml", kill_on_drop: false }`
[INFO] [stderr]     Blocking waiting for file lock on package cache
[INFO] [stderr]     Blocking waiting for file lock on package cache
[INFO] running `Command { std: "docker" "create" "-v" "/var/lib/crater-agent-workspace/builds/worker-61/target:/opt/rustwide/target:rw,Z" "-v" "/var/lib/crater-agent-workspace/builds/worker-61/source:/opt/rustwide/workdir:ro,Z" "-v" "/var/lib/crater-agent-workspace/cargo-home:/opt/rustwide/cargo-home:ro,Z" "-v" "/var/lib/crater-agent-workspace/rustup-home:/opt/rustwide/rustup-home:ro,Z" "-e" "SOURCE_DIR=/opt/rustwide/workdir" "-e" "CARGO_TARGET_DIR=/opt/rustwide/target" "-e" "CARGO_HOME=/opt/rustwide/cargo-home" "-e" "RUSTUP_HOME=/opt/rustwide/rustup-home" "-w" "/opt/rustwide/workdir" "-m" "1610612736" "--user" "0:0" "--network" "none" "ghcr.io/rust-lang/crates-build-env/linux@sha256:a89201d6b5b9fd45c15d5952ece0a0129e7e80cb26ec023fd59cf09bc26f1604" "/opt/rustwide/cargo-home/bin/cargo" "+beta-2021-10-15" "metadata" "--no-deps" "--format-version=1", kill_on_drop: false }`
[INFO] [stdout] d1fba5de374701a6825c6672af590c6328bf61a280ddd7f3bc094ecdfa08b748
[INFO] running `Command { std: "docker" "start" "-a" "d1fba5de374701a6825c6672af590c6328bf61a280ddd7f3bc094ecdfa08b748", kill_on_drop: false }`
[INFO] running `Command { std: "docker" "inspect" "d1fba5de374701a6825c6672af590c6328bf61a280ddd7f3bc094ecdfa08b748", kill_on_drop: false }`
[INFO] running `Command { std: "docker" "rm" "-f" "d1fba5de374701a6825c6672af590c6328bf61a280ddd7f3bc094ecdfa08b748", kill_on_drop: false }`
[INFO] [stdout] d1fba5de374701a6825c6672af590c6328bf61a280ddd7f3bc094ecdfa08b748
[INFO] running `Command { std: "docker" "create" "-v" "/var/lib/crater-agent-workspace/builds/worker-61/target:/opt/rustwide/target:rw,Z" "-v" "/var/lib/crater-agent-workspace/builds/worker-61/source:/opt/rustwide/workdir:ro,Z" "-v" "/var/lib/crater-agent-workspace/cargo-home:/opt/rustwide/cargo-home:ro,Z" "-v" "/var/lib/crater-agent-workspace/rustup-home:/opt/rustwide/rustup-home:ro,Z" "-e" "SOURCE_DIR=/opt/rustwide/workdir" "-e" "CARGO_TARGET_DIR=/opt/rustwide/target" "-e" "CARGO_INCREMENTAL=0" "-e" "RUST_BACKTRACE=full" "-e" "RUSTFLAGS=--cap-lints=warn" "-e" "CARGO_HOME=/opt/rustwide/cargo-home" "-e" "RUSTUP_HOME=/opt/rustwide/rustup-home" "-w" "/opt/rustwide/workdir" "-m" "1610612736" "--user" "0:0" "--network" "none" "ghcr.io/rust-lang/crates-build-env/linux@sha256:a89201d6b5b9fd45c15d5952ece0a0129e7e80cb26ec023fd59cf09bc26f1604" "/opt/rustwide/cargo-home/bin/cargo" "+beta-2021-10-15" "check" "--frozen" "--all" "--all-targets" "--message-format=json", kill_on_drop: false }`
[INFO] [stdout] 607687ae3783383fa42da49bb6bb34722606bd68d0eb65338c0566527ae647d7
[INFO] running `Command { std: "docker" "start" "-a" "607687ae3783383fa42da49bb6bb34722606bd68d0eb65338c0566527ae647d7", kill_on_drop: false }`
[INFO] [stderr]     Checking minigrep v0.1.0 (/opt/rustwide/workdir)
[INFO] [stdout] error[E0515]: cannot return value referencing temporary value
[INFO] [stdout]   --> src/lib.rs:32:5
[INFO] [stdout]    |
[INFO] [stdout] 20 |     let c: &str = &contents.to_lowercase();
[INFO] [stdout]    |                    ----------------------- temporary value created here
[INFO] [stdout] ...
[INFO] [stdout] 32 |     matched_strings
[INFO] [stdout]    |     ^^^^^^^^^^^^^^^ returns a value referencing data owned by the current function
[INFO] [stdout] 
[INFO] [stdout] 
[INFO] [stderr] error: could not compile `minigrep` due to 2 previous errors
[INFO] [stdout] error: aborting due to previous error
[INFO] [stdout] 
[INFO] [stdout] 
[INFO] [stderr] warning: build failed, waiting for other jobs to finish...
[INFO] [stdout] For more information about this error, try `rustc --explain E0515`.
[INFO] [stdout] 
[INFO] [stderr] error: build failed
[INFO] [stdout] error[E0061]: this function takes 3 arguments but 2 arguments were supplied
[INFO] [stdout]    --> src/lib.rs:107:55
[INFO] [stdout]     |
[INFO] [stdout] 107 |         assert_eq!(vec!["duct three.", "Duct tape."], search(query, contents));
[INFO] [stdout]     |                                                       ^^^^^^ -----  -------- supplied 2 arguments
[INFO] [stdout]     |                                                       |
[INFO] [stdout]     |                                                       expected 3 arguments
[INFO] [stdout]     |
[INFO] [stdout] note: function defined here
[INFO] [stdout]    --> src/lib.rs:13:8
[INFO] [stdout]     |
[INFO] [stdout] 13  | pub fn search<'a>(query: &str, contents: &'a str, case_sensitive: bool) -> Vec<&'a str> {
[INFO] [stdout]     |        ^^^^^^     -----------  -----------------  --------------------
[INFO] [stdout] 
[INFO] [stdout] 
[INFO] [stdout] error[E0061]: this function takes 3 arguments but 2 arguments were supplied
[INFO] [stdout]    --> src/lib.rs:117:53
[INFO] [stdout]     |
[INFO] [stdout] 117 |         assert_eq!(vec!["safe, fast, productive."], search(query, contents));
[INFO] [stdout]     |                                                     ^^^^^^ -----  -------- supplied 2 arguments
[INFO] [stdout]     |                                                     |
[INFO] [stdout]     |                                                     expected 3 arguments
[INFO] [stdout]     |
[INFO] [stdout] note: function defined here
[INFO] [stdout]    --> src/lib.rs:13:8
[INFO] [stdout]     |
[INFO] [stdout] 13  | pub fn search<'a>(query: &str, contents: &'a str, case_sensitive: bool) -> Vec<&'a str> {
[INFO] [stdout]     |        ^^^^^^     -----------  -----------------  --------------------
[INFO] [stdout] 
[INFO] [stdout] 
[INFO] [stdout] error: aborting due to 2 previous errors
[INFO] [stdout] 
[INFO] [stdout] 
[INFO] [stdout] For more information about this error, try `rustc --explain E0061`.
[INFO] [stdout] 
[INFO] running `Command { std: "docker" "inspect" "607687ae3783383fa42da49bb6bb34722606bd68d0eb65338c0566527ae647d7", kill_on_drop: false }`
[INFO] running `Command { std: "docker" "rm" "-f" "607687ae3783383fa42da49bb6bb34722606bd68d0eb65338c0566527ae647d7", kill_on_drop: false }`
[INFO] [stdout] 607687ae3783383fa42da49bb6bb34722606bd68d0eb65338c0566527ae647d7
