[INFO] cloning repository https://github.com/dai-pch/os-r
[INFO] running `Command { std: "git" "-c" "credential.helper=" "-c" "credential.helper=/workspace/cargo-home/bin/git-credential-null" "clone" "--bare" "https://github.com/dai-pch/os-r" "/workspace/cache/git-repos/https%3A%2F%2Fgithub.com%2Fdai-pch%2Fos-r", kill_on_drop: false }`
[INFO] [stderr] Cloning into bare repository '/workspace/cache/git-repos/https%3A%2F%2Fgithub.com%2Fdai-pch%2Fos-r'...
[INFO] running `Command { std: "git" "rev-parse" "HEAD", kill_on_drop: false }`
[INFO] [stdout] 6dd8252b0f243d940cb6e1da3f0a73ee7e37d206
[INFO] checking dai-pch/os-r against beta-2021-10-15 for beta-1.56-3
[INFO] running `Command { std: "git" "clone" "/workspace/cache/git-repos/https%3A%2F%2Fgithub.com%2Fdai-pch%2Fos-r" "/workspace/builds/worker-62/source", kill_on_drop: false }`
[INFO] [stderr] Cloning into '/workspace/builds/worker-62/source'...
[INFO] [stderr] done.
[INFO] validating manifest of git repo https://github.com/dai-pch/os-r on toolchain beta-2021-10-15
[INFO] running `Command { std: "/workspace/cargo-home/bin/cargo" "+beta-2021-10-15" "metadata" "--manifest-path" "Cargo.toml" "--no-deps", kill_on_drop: false }`
[INFO] removed /workspace/builds/worker-62/source/.cargo/config
[INFO] started tweaking git repo https://github.com/dai-pch/os-r
[INFO] finished tweaking git repo https://github.com/dai-pch/os-r
[INFO] tweaked toml for git repo https://github.com/dai-pch/os-r written to /workspace/builds/worker-62/source/Cargo.toml
[INFO] crate git repo https://github.com/dai-pch/os-r already has a lockfile, it will not be regenerated
[INFO] running `Command { std: "/workspace/cargo-home/bin/cargo" "+beta-2021-10-15" "fetch" "--manifest-path" "Cargo.toml", kill_on_drop: false }`
[INFO] [stderr]     Blocking waiting for file lock on package cache
[INFO] [stderr]     Blocking waiting for file lock on package cache
[INFO] running `Command { std: "docker" "create" "-v" "/var/lib/crater-agent-workspace/builds/worker-62/target:/opt/rustwide/target:rw,Z" "-v" "/var/lib/crater-agent-workspace/builds/worker-62/source:/opt/rustwide/workdir:ro,Z" "-v" "/var/lib/crater-agent-workspace/cargo-home:/opt/rustwide/cargo-home:ro,Z" "-v" "/var/lib/crater-agent-workspace/rustup-home:/opt/rustwide/rustup-home:ro,Z" "-e" "SOURCE_DIR=/opt/rustwide/workdir" "-e" "CARGO_TARGET_DIR=/opt/rustwide/target" "-e" "CARGO_HOME=/opt/rustwide/cargo-home" "-e" "RUSTUP_HOME=/opt/rustwide/rustup-home" "-w" "/opt/rustwide/workdir" "-m" "1610612736" "--user" "0:0" "--network" "none" "ghcr.io/rust-lang/crates-build-env/linux@sha256:a89201d6b5b9fd45c15d5952ece0a0129e7e80cb26ec023fd59cf09bc26f1604" "/opt/rustwide/cargo-home/bin/cargo" "+beta-2021-10-15" "metadata" "--no-deps" "--format-version=1", kill_on_drop: false }`
[INFO] [stdout] 76fa4e37ae527acc06bd569d6550a8f2db44a8a0d6534bdfb98097917636030d
[INFO] running `Command { std: "docker" "start" "-a" "76fa4e37ae527acc06bd569d6550a8f2db44a8a0d6534bdfb98097917636030d", kill_on_drop: false }`
[INFO] running `Command { std: "docker" "inspect" "76fa4e37ae527acc06bd569d6550a8f2db44a8a0d6534bdfb98097917636030d", kill_on_drop: false }`
[INFO] running `Command { std: "docker" "rm" "-f" "76fa4e37ae527acc06bd569d6550a8f2db44a8a0d6534bdfb98097917636030d", kill_on_drop: false }`
[INFO] [stdout] 76fa4e37ae527acc06bd569d6550a8f2db44a8a0d6534bdfb98097917636030d
[INFO] running `Command { std: "docker" "create" "-v" "/var/lib/crater-agent-workspace/builds/worker-62/target:/opt/rustwide/target:rw,Z" "-v" "/var/lib/crater-agent-workspace/builds/worker-62/source:/opt/rustwide/workdir:ro,Z" "-v" "/var/lib/crater-agent-workspace/cargo-home:/opt/rustwide/cargo-home:ro,Z" "-v" "/var/lib/crater-agent-workspace/rustup-home:/opt/rustwide/rustup-home:ro,Z" "-e" "SOURCE_DIR=/opt/rustwide/workdir" "-e" "CARGO_TARGET_DIR=/opt/rustwide/target" "-e" "CARGO_INCREMENTAL=0" "-e" "RUST_BACKTRACE=full" "-e" "RUSTFLAGS=--cap-lints=warn" "-e" "CARGO_HOME=/opt/rustwide/cargo-home" "-e" "RUSTUP_HOME=/opt/rustwide/rustup-home" "-w" "/opt/rustwide/workdir" "-m" "1610612736" "--user" "0:0" "--network" "none" "ghcr.io/rust-lang/crates-build-env/linux@sha256:a89201d6b5b9fd45c15d5952ece0a0129e7e80cb26ec023fd59cf09bc26f1604" "/opt/rustwide/cargo-home/bin/cargo" "+beta-2021-10-15" "check" "--frozen" "--all" "--all-targets" "--message-format=json", kill_on_drop: false }`
[INFO] [stdout] e0ec64bedd3c6d26b128bd3ad7d11687d7eb9378c7970216b17042d35373b9f9
[INFO] running `Command { std: "docker" "start" "-a" "e0ec64bedd3c6d26b128bd3ad7d11687d7eb9378c7970216b17042d35373b9f9", kill_on_drop: false }`
[INFO] [stderr]     Blocking waiting for file lock on package cache
[INFO] [stderr]    Compiling log v0.4.8
[INFO] [stderr]    Compiling riscv v0.5.0 (https://github.com/rcore-os/riscv#c62af464)
[INFO] [stderr]     Checking bit_field v0.9.0
[INFO] [stderr]     Checking spin v0.5.2
[INFO] [stderr]    Compiling bare-metal v0.2.4
[INFO] [stdout] error[E0425]: cannot find value `ENTRY_COUNT` in this scope
[INFO] [stdout]  --> /opt/rustwide/cargo-home/git/checkouts/riscv-ab2abd16c438337b/c62af46/src/paging/page_table.rs:6:31
[INFO] [stdout]   |
[INFO] [stdout] 6 |     entries: [PageTableEntry; ENTRY_COUNT],
[INFO] [stdout]   |                               ^^^^^^^^^^^ not found in this scope
[INFO] [stdout] 
[INFO] [stdout] 
[INFO] [stdout] error[E0554]: `#![feature]` may not be used on the beta release channel
[INFO] [stdout]   --> /opt/rustwide/cargo-home/git/checkouts/riscv-ab2abd16c438337b/c62af46/src/lib.rs:20:1
[INFO] [stdout]    |
[INFO] [stdout] 20 | #![feature(nll)]
[INFO] [stdout]    | ^^^^^^^^^^^^^^^^
[INFO] [stdout] 
[INFO] [stdout] 
[INFO] [stdout] error[E0554]: `#![feature]` may not be used on the beta release channel
[INFO] [stdout]   --> /opt/rustwide/cargo-home/git/checkouts/riscv-ab2abd16c438337b/c62af46/src/lib.rs:21:37
[INFO] [stdout]    |
[INFO] [stdout] 21 | #![cfg_attr(feature = "inline-asm", feature(asm))]
[INFO] [stdout]    |                                     ^^^^^^^^^^^^
[INFO] [stdout] 
[INFO] [stdout] 
[INFO] [stdout] error[E0599]: no function or associated item named `new` found for struct `addr::VirtAddr` in the current scope
[INFO] [stdout]    --> /opt/rustwide/cargo-home/git/checkouts/riscv-ab2abd16c438337b/c62af46/src/addr.rs:185:24
[INFO] [stdout]     |
[INFO] [stdout] 4   | pub struct VirtAddr(usize);
[INFO] [stdout]     | --------------------------- function or associated item `new` not found for this
[INFO] [stdout] ...
[INFO] [stdout] 185 |         Page(VirtAddr::new(vpn << 12))
[INFO] [stdout]     |                        ^^^ function or associated item not found in `addr::VirtAddr`
[INFO] [stdout] 
[INFO] [stdout] 
[INFO] [stdout] error[E0599]: no method named `p2_index` found for struct `addr::VirtAddr` in the current scope
[INFO] [stdout]    --> /opt/rustwide/cargo-home/git/checkouts/riscv-ab2abd16c438337b/c62af46/src/addr.rs:203:16
[INFO] [stdout]     |
[INFO] [stdout] 4   | pub struct VirtAddr(usize);
[INFO] [stdout]     | --------------------------- method `p2_index` not found for this
[INFO] [stdout] ...
[INFO] [stdout] 203 |         self.0.p2_index()
[INFO] [stdout]     |                ^^^^^^^^ method not found in `addr::VirtAddr`
[INFO] [stdout] 
[INFO] [stdout] 
[INFO] [stdout] error[E0599]: no method named `p1_index` found for struct `addr::VirtAddr` in the current scope
[INFO] [stdout]    --> /opt/rustwide/cargo-home/git/checkouts/riscv-ab2abd16c438337b/c62af46/src/addr.rs:207:16
[INFO] [stdout]     |
[INFO] [stdout] 4   | pub struct VirtAddr(usize);
[INFO] [stdout]     | --------------------------- method `p1_index` not found for this
[INFO] [stdout] ...
[INFO] [stdout] 207 |         self.0.p1_index()
[INFO] [stdout]     |                ^^^^^^^^ method not found in `addr::VirtAddr`
[INFO] [stdout] 
[INFO] [stdout] 
[INFO] [stdout] error[E0599]: no method named `page_number` found for struct `addr::VirtAddr` in the current scope
[INFO] [stdout]    --> /opt/rustwide/cargo-home/git/checkouts/riscv-ab2abd16c438337b/c62af46/src/addr.rs:211:16
[INFO] [stdout]     |
[INFO] [stdout] 4   | pub struct VirtAddr(usize);
[INFO] [stdout]     | --------------------------- method `page_number` not found for this
[INFO] [stdout] ...
[INFO] [stdout] 211 |         self.0.page_number()
[INFO] [stdout]     |                ^^^^^^^^^^^ method not found in `addr::VirtAddr`
[INFO] [stdout] 
[INFO] [stdout] 
[INFO] [stdout] error[E0599]: no function or associated item named `new` found for struct `addr::PhysAddr` in the current scope
[INFO] [stdout]    --> /opt/rustwide/cargo-home/git/checkouts/riscv-ab2abd16c438337b/c62af46/src/addr.rs:253:25
[INFO] [stdout]     |
[INFO] [stdout] 111 | pub struct PhysAddr(usize);
[INFO] [stdout]     | --------------------------- function or associated item `new` not found for this
[INFO] [stdout] ...
[INFO] [stdout] 253 |         Frame(PhysAddr::new(ppn << 12))
[INFO] [stdout]     |                         ^^^ function or associated item not found in `addr::PhysAddr`
[INFO] [stdout] 
[INFO] [stdout] 
[INFO] [stdout] error[E0599]: no method named `p2_index` found for struct `addr::PhysAddr` in the current scope
[INFO] [stdout]    --> /opt/rustwide/cargo-home/git/checkouts/riscv-ab2abd16c438337b/c62af46/src/addr.rs:271:16
[INFO] [stdout]     |
[INFO] [stdout] 111 | pub struct PhysAddr(usize);
[INFO] [stdout]     | --------------------------- method `p2_index` not found for this
[INFO] [stdout] ...
[INFO] [stdout] 271 |         self.0.p2_index()
[INFO] [stdout]     |                ^^^^^^^^ method not found in `addr::PhysAddr`
[INFO] [stdout] 
[INFO] [stdout] 
[INFO] [stdout] error[E0599]: no method named `p1_index` found for struct `addr::PhysAddr` in the current scope
[INFO] [stdout]    --> /opt/rustwide/cargo-home/git/checkouts/riscv-ab2abd16c438337b/c62af46/src/addr.rs:275:16
[INFO] [stdout]     |
[INFO] [stdout] 111 | pub struct PhysAddr(usize);
[INFO] [stdout]     | --------------------------- method `p1_index` not found for this
[INFO] [stdout] ...
[INFO] [stdout] 275 |         self.0.p1_index()
[INFO] [stdout]     |                ^^^^^^^^ method not found in `addr::PhysAddr`
[INFO] [stdout] 
[INFO] [stdout] 
[INFO] [stdout] error[E0599]: no method named `page_number` found for struct `addr::PhysAddr` in the current scope
[INFO] [stdout]    --> /opt/rustwide/cargo-home/git/checkouts/riscv-ab2abd16c438337b/c62af46/src/addr.rs:279:16
[INFO] [stdout]     |
[INFO] [stdout] 111 | pub struct PhysAddr(usize);
[INFO] [stdout]     | --------------------------- method `page_number` not found for this
[INFO] [stdout] ...
[INFO] [stdout] 279 |         self.0.page_number()
[INFO] [stdout]     |                ^^^^^^^^^^^ method not found in `addr::PhysAddr`
[INFO] [stdout] 
[INFO] [stdout] 
[INFO] [stdout] error[E0599]: no function or associated item named `new` found for struct `addr::PhysAddr` in the current scope
[INFO] [stdout]    --> /opt/rustwide/cargo-home/git/checkouts/riscv-ab2abd16c438337b/c62af46/src/paging/page_table.rs:72:19
[INFO] [stdout]     |
[INFO] [stdout] 72  |         PhysAddr::new(self.ppn() << 12)
[INFO] [stdout]     |                   ^^^ function or associated item not found in `addr::PhysAddr`
[INFO] [stdout]     |
[INFO] [stdout]    ::: /opt/rustwide/cargo-home/git/checkouts/riscv-ab2abd16c438337b/c62af46/src/addr.rs:111:1
[INFO] [stdout]     |
[INFO] [stdout] 111 | pub struct PhysAddr(usize);
[INFO] [stdout]     | --------------------------- function or associated item `new` not found for this
[INFO] [stdout] 
[INFO] [stdout] 
[INFO] [stdout] error[E0599]: no function or associated item named `new` found for struct `addr::VirtAddr` in the current scope
[INFO] [stdout]   --> /opt/rustwide/cargo-home/git/checkouts/riscv-ab2abd16c438337b/c62af46/src/paging/recursive.rs:59:44
[INFO] [stdout]    |
[INFO] [stdout] 59 |         let page = Page::of_addr(VirtAddr::new(frame.start_address().as_usize()));
[INFO] [stdout]    |                                            ^^^ function or associated item not found in `addr::VirtAddr`
[INFO] [stdout]    |
[INFO] [stdout]   ::: /opt/rustwide/cargo-home/git/checkouts/riscv-ab2abd16c438337b/c62af46/src/addr.rs:4:1
[INFO] [stdout]    |
[INFO] [stdout] 4  | pub struct VirtAddr(usize);
[INFO] [stdout]    | --------------------------- function or associated item `new` not found for this
[INFO] [stdout] 
[INFO] [stdout] 
[INFO] [stdout] error: aborting due to 13 previous errors
[INFO] [stdout] 
[INFO] [stdout] 
[INFO] [stdout] Some errors have detailed explanations: E0425, E0554, E0599.
[INFO] [stdout] 
[INFO] [stdout] For more information about an error, try `rustc --explain E0425`.
[INFO] [stdout] 
[INFO] [stderr] error: could not compile `riscv` due to 14 previous errors
[INFO] running `Command { std: "docker" "inspect" "e0ec64bedd3c6d26b128bd3ad7d11687d7eb9378c7970216b17042d35373b9f9", kill_on_drop: false }`
[INFO] running `Command { std: "docker" "rm" "-f" "e0ec64bedd3c6d26b128bd3ad7d11687d7eb9378c7970216b17042d35373b9f9", kill_on_drop: false }`
[INFO] [stdout] e0ec64bedd3c6d26b128bd3ad7d11687d7eb9378c7970216b17042d35373b9f9
