[INFO] cloning repository https://github.com/dahai-f/leetcode
[INFO] running `Command { std: "git" "-c" "credential.helper=" "-c" "credential.helper=/workspace/cargo-home/bin/git-credential-null" "clone" "--bare" "https://github.com/dahai-f/leetcode" "/workspace/cache/git-repos/https%3A%2F%2Fgithub.com%2Fdahai-f%2Fleetcode", kill_on_drop: false }`
[INFO] [stderr] Cloning into bare repository '/workspace/cache/git-repos/https%3A%2F%2Fgithub.com%2Fdahai-f%2Fleetcode'...
[INFO] running `Command { std: "git" "rev-parse" "HEAD", kill_on_drop: false }`
[INFO] [stdout] 61ba3d28069792f6caeb20c3f685a8cc446c0461
[INFO] checking dahai-f/leetcode against 1.55.0 for beta-1.56-3
[INFO] running `Command { std: "git" "clone" "/workspace/cache/git-repos/https%3A%2F%2Fgithub.com%2Fdahai-f%2Fleetcode" "/workspace/builds/worker-95/source", kill_on_drop: false }`
[INFO] [stderr] Cloning into '/workspace/builds/worker-95/source'...
[INFO] [stderr] done.
[INFO] validating manifest of git repo https://github.com/dahai-f/leetcode on toolchain 1.55.0
[INFO] running `Command { std: "/workspace/cargo-home/bin/cargo" "+1.55.0" "metadata" "--manifest-path" "Cargo.toml" "--no-deps", kill_on_drop: false }`
[INFO] started tweaking git repo https://github.com/dahai-f/leetcode
[INFO] finished tweaking git repo https://github.com/dahai-f/leetcode
[INFO] tweaked toml for git repo https://github.com/dahai-f/leetcode written to /workspace/builds/worker-95/source/Cargo.toml
[INFO] crate git repo https://github.com/dahai-f/leetcode already has a lockfile, it will not be regenerated
[INFO] running `Command { std: "/workspace/cargo-home/bin/cargo" "+1.55.0" "fetch" "--manifest-path" "Cargo.toml", kill_on_drop: false }`
[INFO] [stderr]     Blocking waiting for file lock on package cache
[INFO] [stderr]     Blocking waiting for file lock on package cache
[INFO] running `Command { std: "docker" "create" "-v" "/var/lib/crater-agent-workspace/builds/worker-95/target:/opt/rustwide/target:rw,Z" "-v" "/var/lib/crater-agent-workspace/builds/worker-95/source:/opt/rustwide/workdir:ro,Z" "-v" "/var/lib/crater-agent-workspace/cargo-home:/opt/rustwide/cargo-home:ro,Z" "-v" "/var/lib/crater-agent-workspace/rustup-home:/opt/rustwide/rustup-home:ro,Z" "-e" "SOURCE_DIR=/opt/rustwide/workdir" "-e" "CARGO_TARGET_DIR=/opt/rustwide/target" "-e" "CARGO_HOME=/opt/rustwide/cargo-home" "-e" "RUSTUP_HOME=/opt/rustwide/rustup-home" "-w" "/opt/rustwide/workdir" "-m" "1610612736" "--user" "0:0" "--network" "none" "ghcr.io/rust-lang/crates-build-env/linux@sha256:a89201d6b5b9fd45c15d5952ece0a0129e7e80cb26ec023fd59cf09bc26f1604" "/opt/rustwide/cargo-home/bin/cargo" "+1.55.0" "metadata" "--no-deps" "--format-version=1", kill_on_drop: false }`
[INFO] [stdout] b7808309045fcfd0d77b23a124f3f4daaef867e7ba5821b4fdbfceb19b824e4d
[INFO] running `Command { std: "docker" "start" "-a" "b7808309045fcfd0d77b23a124f3f4daaef867e7ba5821b4fdbfceb19b824e4d", kill_on_drop: false }`
[INFO] running `Command { std: "docker" "inspect" "b7808309045fcfd0d77b23a124f3f4daaef867e7ba5821b4fdbfceb19b824e4d", kill_on_drop: false }`
[INFO] running `Command { std: "docker" "rm" "-f" "b7808309045fcfd0d77b23a124f3f4daaef867e7ba5821b4fdbfceb19b824e4d", kill_on_drop: false }`
[INFO] [stdout] b7808309045fcfd0d77b23a124f3f4daaef867e7ba5821b4fdbfceb19b824e4d
[INFO] running `Command { std: "docker" "create" "-v" "/var/lib/crater-agent-workspace/builds/worker-95/target:/opt/rustwide/target:rw,Z" "-v" "/var/lib/crater-agent-workspace/builds/worker-95/source:/opt/rustwide/workdir:ro,Z" "-v" "/var/lib/crater-agent-workspace/cargo-home:/opt/rustwide/cargo-home:ro,Z" "-v" "/var/lib/crater-agent-workspace/rustup-home:/opt/rustwide/rustup-home:ro,Z" "-e" "SOURCE_DIR=/opt/rustwide/workdir" "-e" "CARGO_TARGET_DIR=/opt/rustwide/target" "-e" "CARGO_INCREMENTAL=0" "-e" "RUST_BACKTRACE=full" "-e" "RUSTFLAGS=--cap-lints=warn" "-e" "CARGO_HOME=/opt/rustwide/cargo-home" "-e" "RUSTUP_HOME=/opt/rustwide/rustup-home" "-w" "/opt/rustwide/workdir" "-m" "1610612736" "--user" "0:0" "--network" "none" "ghcr.io/rust-lang/crates-build-env/linux@sha256:a89201d6b5b9fd45c15d5952ece0a0129e7e80cb26ec023fd59cf09bc26f1604" "/opt/rustwide/cargo-home/bin/cargo" "+1.55.0" "check" "--frozen" "--all" "--all-targets" "--message-format=json", kill_on_drop: false }`
[INFO] [stdout] 6c71d0189bb42349d4b742a4c3d53aa02ee557a68edf3fc9d4b4910b4b8954c3
[INFO] running `Command { std: "docker" "start" "-a" "6c71d0189bb42349d4b742a4c3d53aa02ee557a68edf3fc9d4b4910b4b8954c3", kill_on_drop: false }`
[INFO] [stderr]     Blocking waiting for file lock on package cache
[INFO] [stderr]    Compiling libc v0.2.101
[INFO] [stderr]     Checking cfg-if v1.0.0
[INFO] [stderr]     Checking ppv-lite86 v0.2.10
[INFO] [stderr]     Checking getrandom v0.2.3
[INFO] [stderr]     Checking rand_core v0.6.3
[INFO] [stderr]     Checking rand_chacha v0.3.1
[INFO] [stderr]     Checking rand v0.8.4
[INFO] [stderr]     Checking leetcode v0.1.0 (/opt/rustwide/workdir)
[INFO] [stdout] error: invalid character ` ` in crate name: `136_只出现一次的数字 `
[INFO] [stdout] 
[INFO] [stdout] 
[INFO] [stdout] error: aborting due to previous error
[INFO] [stdout] 
[INFO] [stdout] 
[INFO] [stdout] warning: method `isBadVersion` should have a snake case name
[INFO] [stdout]   --> examples/278_第一个错误的版本.rs:23:8
[INFO] [stdout]    |
[INFO] [stdout] 23 |     fn isBadVersion(&self, version: i32) -> bool {
[INFO] [stdout]    |        ^^^^^^^^^^^^ help: convert the identifier to snake case: `is_bad_version`
[INFO] [stdout]    |
[INFO] [stdout]    = note: `#[warn(non_snake_case)]` on by default
[INFO] [stdout] 
[INFO] [stdout] 
[INFO] [stderr] error: could not compile `leetcode` due to 2 previous errors
[INFO] [stderr] warning: build failed, waiting for other jobs to finish...
[INFO] [stdout] warning: associated function is never used: `is_power_of_two`
[INFO] [stdout]  --> examples/231_2的幂.rs:4:12
[INFO] [stdout]   |
[INFO] [stdout] 4 |     pub fn is_power_of_two(n: i32) -> bool {
[INFO] [stdout]   |            ^^^^^^^^^^^^^^^
[INFO] [stdout]   |
[INFO] [stdout]   = note: `#[warn(dead_code)]` on by default
[INFO] [stdout] 
[INFO] [stdout] 
[INFO] [stdout] warning: struct is never constructed: `Solution`
[INFO] [stdout]   --> examples/231_2的幂.rs:10:8
[INFO] [stdout]    |
[INFO] [stdout] 10 | struct Solution;
[INFO] [stdout]    |        ^^^^^^^^
[INFO] [stdout] 
[INFO] [stdout] 
[INFO] [stdout] error[E0308]: mismatched types
[INFO] [stdout]  --> examples/1970_你能穿过矩阵的最后一天.rs:3:77
[INFO] [stdout]   |
[INFO] [stdout] 3 |     pub fn latest_day_to_cross(row: i32, col: i32, cells: Vec<Vec<i32>>) -> i32 {}
[INFO] [stdout]   |            -------------------                                              ^^^ expected `i32`, found `()`
[INFO] [stdout]   |            |
[INFO] [stdout]   |            implicitly returns `()` as its body has no tail or `return` expression
[INFO] [stdout] 
[INFO] [stdout] 
[INFO] [stdout] error: aborting due to previous error
[INFO] [stdout] 
[INFO] [stdout] 
[INFO] [stdout] For more information about this error, try `rustc --explain E0308`.
[INFO] [stdout] 
[INFO] [stdout] warning: 2 warnings emitted
[INFO] [stdout] 
[INFO] [stdout] 
[INFO] [stdout] warning: 1 warning emitted
[INFO] [stdout] 
[INFO] [stdout] 
[INFO] [stdout] warning: crate `1337_矩阵中战斗力最弱的K行` should have a snake case name
[INFO] [stdout]   |
[INFO] [stdout]   = note: `#[warn(non_snake_case)]` on by default
[INFO] [stdout]   = help: convert the identifier to snake case: `1337_矩阵中战斗力最弱的_k行`
[INFO] [stdout] 
[INFO] [stdout] 
[INFO] [stdout] error[E0308]: mismatched types
[INFO] [stdout]  --> examples/1969_数组元素的最小非零乘积.rs:3:44
[INFO] [stdout]   |
[INFO] [stdout] 3 |     pub fn min_non_zero_product(p: i32) -> i32 {}
[INFO] [stdout]   |            --------------------            ^^^ expected `i32`, found `()`
[INFO] [stdout]   |            |
[INFO] [stdout]   |            implicitly returns `()` as its body has no tail or `return` expression
[INFO] [stdout] 
[INFO] [stdout] 
[INFO] [stdout] warning: 1 warning emitted
[INFO] [stdout] 
[INFO] [stdout] 
[INFO] [stdout] warning: crate `1337_矩阵中战斗力最弱的K行_分割法` should have a snake case name
[INFO] [stdout]   |
[INFO] [stdout]   = note: `#[warn(non_snake_case)]` on by default
[INFO] [stdout]   = help: convert the identifier to snake case: `1337_矩阵中战斗力最弱的_k行_分割法`
[INFO] [stdout] 
[INFO] [stdout] 
[INFO] [stdout] error[E0599]: no function or associated item named `rearrange_array` found for struct `Solution` in the current scope
[INFO] [stdout]  --> examples/1969_数组元素的最小非零乘积.rs:9:26
[INFO] [stdout]   |
[INFO] [stdout] 6 | struct Solution;
[INFO] [stdout]   | ---------------- function or associated item `rearrange_array` not found for this
[INFO] [stdout] ...
[INFO] [stdout] 9 |     assert_eq!(Solution::rearrange_array(vec![]), vec![]);
[INFO] [stdout]   |                          ^^^^^^^^^^^^^^^ function or associated item not found in `Solution`
[INFO] [stdout] 
[INFO] [stdout] 
[INFO] [stdout] error[E0599]: no function or associated item named `num_of_strings` found for struct `Solution` in the current scope
[INFO] [stdout]   --> examples/1969_数组元素的最小非零乘积.rs:11:19
[INFO] [stdout]    |
[INFO] [stdout] 6  | struct Solution;
[INFO] [stdout]    | ---------------- function or associated item `num_of_strings` not found for this
[INFO] [stdout] ...
[INFO] [stdout] 11 |         Solution::num_of_strings(
[INFO] [stdout]    |                   ^^^^^^^^^^^^^^ function or associated item not found in `Solution`
[INFO] [stdout] 
[INFO] [stdout] 
[INFO] [stdout] error: aborting due to 3 previous errors
[INFO] [stdout] 
[INFO] [stdout] 
[INFO] [stdout] Some errors have detailed explanations: E0308, E0599.
[INFO] [stdout] 
[INFO] [stdout] For more information about an error, try `rustc --explain E0308`.
[INFO] [stdout] 
[INFO] [stdout] warning: 1 warning emitted
[INFO] [stdout] 
[INFO] [stdout] 
[INFO] [stdout] warning: struct is never constructed: `Solution`
[INFO] [stdout]  --> examples/0_empty_template.rs:3:8
[INFO] [stdout]   |
[INFO] [stdout] 3 | struct Solution;
[INFO] [stdout]   |        ^^^^^^^^
[INFO] [stdout]   |
[INFO] [stdout]   = note: `#[warn(dead_code)]` on by default
[INFO] [stdout] 
[INFO] [stdout] 
[INFO] [stdout] warning: crate `552_学生出勤记录_II_矩阵快速幂` should have a snake case name
[INFO] [stdout]   |
[INFO] [stdout]   = note: `#[warn(non_snake_case)]` on by default
[INFO] [stdout]   = help: convert the identifier to snake case: `552_学生出勤记录_ii_矩阵快速幂`
[INFO] [stdout] 
[INFO] [stdout] 
[INFO] [stdout] warning: 1 warning emitted
[INFO] [stdout] 
[INFO] [stdout] 
[INFO] [stdout] warning: crate `552_学生出勤记录_II` should have a snake case name
[INFO] [stdout]   |
[INFO] [stdout]   = note: `#[warn(non_snake_case)]` on by default
[INFO] [stdout]   = help: convert the identifier to snake case: `552_学生出勤记录_ii`
[INFO] [stdout] 
[INFO] [stdout] 
[INFO] [stdout] warning: associated function is never used: `hammingWeight`
[INFO] [stdout]  --> examples/191_位1的个数.rs:4:12
[INFO] [stdout]   |
[INFO] [stdout] 4 |     pub fn hammingWeight(mut n: u32) -> i32 {
[INFO] [stdout]   |            ^^^^^^^^^^^^^
[INFO] [stdout]   |
[INFO] [stdout]   = note: `#[warn(dead_code)]` on by default
[INFO] [stdout] 
[INFO] [stdout] 
[INFO] [stdout] warning: struct is never constructed: `Solution`
[INFO] [stdout]   --> examples/191_位1的个数.rs:14:8
[INFO] [stdout]    |
[INFO] [stdout] 14 | struct Solution;
[INFO] [stdout]    |        ^^^^^^^^
[INFO] [stdout] 
[INFO] [stdout] 
[INFO] [stdout] warning: method `hammingWeight` should have a snake case name
[INFO] [stdout]  --> examples/191_位1的个数.rs:4:12
[INFO] [stdout]   |
[INFO] [stdout] 4 |     pub fn hammingWeight(mut n: u32) -> i32 {
[INFO] [stdout]   |            ^^^^^^^^^^^^^ help: convert the identifier to snake case: `hamming_weight`
[INFO] [stdout]   |
[INFO] [stdout]   = note: `#[warn(non_snake_case)]` on by default
[INFO] [stdout] 
[INFO] [stdout] 
[INFO] [stdout] warning: crate `551_学生出勤记录_I` should have a snake case name
[INFO] [stdout]   |
[INFO] [stdout]   = note: `#[warn(non_snake_case)]` on by default
[INFO] [stdout]   = help: convert the identifier to snake case: `551_学生出勤记录_i`
[INFO] [stdout] 
[INFO] [stdout] 
[INFO] [stdout] warning: crate `167_两数之和_II_输入有序数组` should have a snake case name
[INFO] [stdout]   |
[INFO] [stdout]   = note: `#[warn(non_snake_case)]` on by default
[INFO] [stdout]   = help: convert the identifier to snake case: `167_两数之和_ii_输入有序数组`
[INFO] [stdout] 
[INFO] [stdout] 
[INFO] [stdout] warning: crate `19_删除链表的倒数第N个结点` should have a snake case name
[INFO] [stdout]   |
[INFO] [stdout]   = note: `#[warn(non_snake_case)]` on by default
[INFO] [stdout]   = help: convert the identifier to snake case: `19_删除链表的倒数第_n个结点`
[INFO] [stdout] 
[INFO] [stdout] 
[INFO] [stdout] warning: crate `541_反转字符串_II` should have a snake case name
[INFO] [stdout]   |
[INFO] [stdout]   = note: `#[warn(non_snake_case)]` on by default
[INFO] [stdout]   = help: convert the identifier to snake case: `541_反转字符串_ii`
[INFO] [stdout] 
[INFO] [stdout] 
[INFO] [stdout] warning: associated function is never used: `reverse_bits`
[INFO] [stdout]  --> examples/190_颠倒二进制位.rs:4:12
[INFO] [stdout]   |
[INFO] [stdout] 4 |     pub fn reverse_bits(mut x: u32) -> u32 {
[INFO] [stdout]   |            ^^^^^^^^^^^^
[INFO] [stdout]   |
[INFO] [stdout]   = note: `#[warn(dead_code)]` on by default
[INFO] [stdout] 
[INFO] [stdout] 
[INFO] [stdout] warning: crate `557_反转字符串中的单词_III` should have a snake case name
[INFO] [stdout]   |
[INFO] [stdout]   = note: `#[warn(non_snake_case)]` on by default
[INFO] [stdout]   = help: convert the identifier to snake case: `557_反转字符串中的单词_iii`
[INFO] [stdout] 
[INFO] [stdout] 
[INFO] [stdout] warning: struct is never constructed: `Solution`
[INFO] [stdout]   --> examples/190_颠倒二进制位.rs:19:8
[INFO] [stdout]    |
[INFO] [stdout] 19 | struct Solution;
[INFO] [stdout]    |        ^^^^^^^^
[INFO] [stdout] 
[INFO] [stdout] 
[INFO] [stdout] warning: 1 warning emitted
[INFO] [stdout] 
[INFO] [stdout] 
[INFO] [stdout] warning: 1 warning emitted
[INFO] [stdout] 
[INFO] [stdout] 
[INFO] [stdout] warning: 3 warnings emitted
[INFO] [stdout] 
[INFO] [stdout] 
[INFO] [stdout] warning: 1 warning emitted
[INFO] [stdout] 
[INFO] [stdout] 
[INFO] [stdout] warning: 1 warning emitted
[INFO] [stdout] 
[INFO] [stdout] 
[INFO] [stdout] warning: 1 warning emitted
[INFO] [stdout] 
[INFO] [stdout] 
[INFO] [stdout] warning: 1 warning emitted
[INFO] [stdout] 
[INFO] [stdout] 
[INFO] [stdout] warning: 1 warning emitted
[INFO] [stdout] 
[INFO] [stdout] 
[INFO] [stdout] warning: 2 warnings emitted
[INFO] [stdout] 
[INFO] [stdout] 
[INFO] [stderr] error: build failed
[INFO] running `Command { std: "docker" "inspect" "6c71d0189bb42349d4b742a4c3d53aa02ee557a68edf3fc9d4b4910b4b8954c3", kill_on_drop: false }`
[INFO] running `Command { std: "docker" "rm" "-f" "6c71d0189bb42349d4b742a4c3d53aa02ee557a68edf3fc9d4b4910b4b8954c3", kill_on_drop: false }`
[INFO] [stdout] 6c71d0189bb42349d4b742a4c3d53aa02ee557a68edf3fc9d4b4910b4b8954c3
