[INFO] cloning repository https://github.com/cyrex562/elastic_oxide
[INFO] running `Command { std: "git" "-c" "credential.helper=" "-c" "credential.helper=/workspace/cargo-home/bin/git-credential-null" "clone" "--bare" "https://github.com/cyrex562/elastic_oxide" "/workspace/cache/git-repos/https%3A%2F%2Fgithub.com%2Fcyrex562%2Felastic_oxide", kill_on_drop: false }`
[INFO] [stderr] Cloning into bare repository '/workspace/cache/git-repos/https%3A%2F%2Fgithub.com%2Fcyrex562%2Felastic_oxide'...
[INFO] running `Command { std: "git" "rev-parse" "HEAD", kill_on_drop: false }`
[INFO] [stdout] e4be53563697744b47618f05c40e7a71d8d5a085
[INFO] checking cyrex562/elastic_oxide against beta-2021-10-15 for beta-1.56-3
[INFO] running `Command { std: "git" "clone" "/workspace/cache/git-repos/https%3A%2F%2Fgithub.com%2Fcyrex562%2Felastic_oxide" "/workspace/builds/worker-26/source", kill_on_drop: false }`
[INFO] [stderr] Cloning into '/workspace/builds/worker-26/source'...
[INFO] [stderr] done.
[INFO] [stderr] Updating files:  72% (6770/9352)
Updating files:  73% (6827/9352)
Updating files:  74% (6921/9352)
Updating files:  75% (7014/9352)
Updating files:  76% (7108/9352)
Updating files:  77% (7202/9352)
Updating files:  78% (7295/9352)
Updating files:  79% (7389/9352)
Updating files:  80% (7482/9352)
Updating files:  81% (7576/9352)
Updating files:  82% (7669/9352)
Updating files:  83% (7763/9352)
Updating files:  84% (7856/9352)
Updating files:  85% (7950/9352)
Updating files:  86% (8043/9352)
Updating files:  87% (8137/9352)
Updating files:  88% (8230/9352)
Updating files:  89% (8324/9352)
Updating files:  90% (8417/9352)
Updating files:  91% (8511/9352)
Updating files:  92% (8604/9352)
Updating files:  93% (8698/9352)
Updating files:  94% (8791/9352)
Updating files:  95% (8885/9352)
Updating files:  96% (8978/9352)
Updating files:  97% (9072/9352)
Updating files:  98% (9165/9352)
Updating files:  99% (9259/9352)
Updating files: 100% (9352/9352)
Updating files: 100% (9352/9352), done.
[INFO] validating manifest of git repo https://github.com/cyrex562/elastic_oxide on toolchain beta-2021-10-15
[INFO] running `Command { std: "/workspace/cargo-home/bin/cargo" "+beta-2021-10-15" "metadata" "--manifest-path" "Cargo.toml" "--no-deps", kill_on_drop: false }`
[INFO] started tweaking git repo https://github.com/cyrex562/elastic_oxide
[INFO] finished tweaking git repo https://github.com/cyrex562/elastic_oxide
[INFO] tweaked toml for git repo https://github.com/cyrex562/elastic_oxide written to /workspace/builds/worker-26/source/Cargo.toml
[INFO] crate git repo https://github.com/cyrex562/elastic_oxide already has a lockfile, it will not be regenerated
[INFO] running `Command { std: "/workspace/cargo-home/bin/cargo" "+beta-2021-10-15" "fetch" "--manifest-path" "Cargo.toml", kill_on_drop: false }`
[INFO] [stderr]     Blocking waiting for file lock on package cache
[INFO] [stderr]     Blocking waiting for file lock on package cache
[INFO] running `Command { std: "docker" "create" "-v" "/var/lib/crater-agent-workspace/builds/worker-26/target:/opt/rustwide/target:rw,Z" "-v" "/var/lib/crater-agent-workspace/builds/worker-26/source:/opt/rustwide/workdir:ro,Z" "-v" "/var/lib/crater-agent-workspace/cargo-home:/opt/rustwide/cargo-home:ro,Z" "-v" "/var/lib/crater-agent-workspace/rustup-home:/opt/rustwide/rustup-home:ro,Z" "-e" "SOURCE_DIR=/opt/rustwide/workdir" "-e" "CARGO_TARGET_DIR=/opt/rustwide/target" "-e" "CARGO_HOME=/opt/rustwide/cargo-home" "-e" "RUSTUP_HOME=/opt/rustwide/rustup-home" "-w" "/opt/rustwide/workdir" "-m" "1610612736" "--user" "0:0" "--network" "none" "ghcr.io/rust-lang/crates-build-env/linux@sha256:a89201d6b5b9fd45c15d5952ece0a0129e7e80cb26ec023fd59cf09bc26f1604" "/opt/rustwide/cargo-home/bin/cargo" "+beta-2021-10-15" "metadata" "--no-deps" "--format-version=1", kill_on_drop: false }`
[INFO] [stdout] 9f694c5cbc70638171e589de899e29b9d5dc7977fe0985ca9a35d5a8fbcc9d80
[INFO] running `Command { std: "docker" "start" "-a" "9f694c5cbc70638171e589de899e29b9d5dc7977fe0985ca9a35d5a8fbcc9d80", kill_on_drop: false }`
[INFO] running `Command { std: "docker" "inspect" "9f694c5cbc70638171e589de899e29b9d5dc7977fe0985ca9a35d5a8fbcc9d80", kill_on_drop: false }`
[INFO] running `Command { std: "docker" "rm" "-f" "9f694c5cbc70638171e589de899e29b9d5dc7977fe0985ca9a35d5a8fbcc9d80", kill_on_drop: false }`
[INFO] [stdout] 9f694c5cbc70638171e589de899e29b9d5dc7977fe0985ca9a35d5a8fbcc9d80
[INFO] running `Command { std: "docker" "create" "-v" "/var/lib/crater-agent-workspace/builds/worker-26/target:/opt/rustwide/target:rw,Z" "-v" "/var/lib/crater-agent-workspace/builds/worker-26/source:/opt/rustwide/workdir:ro,Z" "-v" "/var/lib/crater-agent-workspace/cargo-home:/opt/rustwide/cargo-home:ro,Z" "-v" "/var/lib/crater-agent-workspace/rustup-home:/opt/rustwide/rustup-home:ro,Z" "-e" "SOURCE_DIR=/opt/rustwide/workdir" "-e" "CARGO_TARGET_DIR=/opt/rustwide/target" "-e" "CARGO_INCREMENTAL=0" "-e" "RUST_BACKTRACE=full" "-e" "RUSTFLAGS=--cap-lints=warn" "-e" "CARGO_HOME=/opt/rustwide/cargo-home" "-e" "RUSTUP_HOME=/opt/rustwide/rustup-home" "-w" "/opt/rustwide/workdir" "-m" "1610612736" "--user" "0:0" "--network" "none" "ghcr.io/rust-lang/crates-build-env/linux@sha256:a89201d6b5b9fd45c15d5952ece0a0129e7e80cb26ec023fd59cf09bc26f1604" "/opt/rustwide/cargo-home/bin/cargo" "+beta-2021-10-15" "check" "--frozen" "--all" "--all-targets" "--message-format=json", kill_on_drop: false }`
[INFO] [stdout] f1b3da025379f911cdd93081bbb9e7f7bb64dbdbb201f156b887dade2aed788d
[INFO] running `Command { std: "docker" "start" "-a" "f1b3da025379f911cdd93081bbb9e7f7bb64dbdbb201f156b887dade2aed788d", kill_on_drop: false }`
[INFO] [stderr]     Checking elasitc-oxide v0.1.0 (/opt/rustwide/workdir)
[INFO] [stdout] error[E0433]: failed to resolve: use of undeclared crate or module `fmt`
[INFO] [stdout]   --> src/server/errors.rs:14:6
[INFO] [stdout]    |
[INFO] [stdout] 14 | impl fmt::Display for RuntimeError {
[INFO] [stdout]    |      ^^^ use of undeclared crate or module `fmt`
[INFO] [stdout] 
[INFO] [stdout] 
[INFO] [stdout] error[E0433]: failed to resolve: use of undeclared crate or module `fmt`
[INFO] [stdout]   --> src/server/errors.rs:15:27
[INFO] [stdout]    |
[INFO] [stdout] 15 |     fn fmt(&self, f: &mut fmt::Formatter) -> fmt::Result {
[INFO] [stdout]    |                           ^^^ use of undeclared crate or module `fmt`
[INFO] [stdout] 
[INFO] [stdout] 
[INFO] [stdout] error[E0433]: failed to resolve: use of undeclared crate or module `fmt`
[INFO] [stdout]   --> src/server/errors.rs:15:46
[INFO] [stdout]    |
[INFO] [stdout] 15 |     fn fmt(&self, f: &mut fmt::Formatter) -> fmt::Result {
[INFO] [stdout]    |                                              ^^^ use of undeclared crate or module `fmt`
[INFO] [stdout] 
[INFO] [stdout] 
[INFO] [stdout] error[E0433]: failed to resolve: use of undeclared crate or module `fmt`
[INFO] [stdout]   --> src/server/errors.rs:23:6
[INFO] [stdout]    |
[INFO] [stdout] 23 | impl fmt::Display for AbortedSnapshotException {
[INFO] [stdout]    |      ^^^ use of undeclared crate or module `fmt`
[INFO] [stdout] 
[INFO] [stdout] 
[INFO] [stdout] error[E0433]: failed to resolve: use of undeclared crate or module `fmt`
[INFO] [stdout]   --> src/server/errors.rs:24:27
[INFO] [stdout]    |
[INFO] [stdout] 24 |     fn fmt(&self, f: &mut fmt::Formatter) -> fmt::Result {
[INFO] [stdout]    |                           ^^^ use of undeclared crate or module `fmt`
[INFO] [stdout] 
[INFO] [stdout] 
[INFO] [stdout] error[E0433]: failed to resolve: use of undeclared crate or module `fmt`
[INFO] [stdout]   --> src/server/errors.rs:24:46
[INFO] [stdout]    |
[INFO] [stdout] 24 |     fn fmt(&self, f: &mut fmt::Formatter) -> fmt::Result {
[INFO] [stdout]    |                                              ^^^ use of undeclared crate or module `fmt`
[INFO] [stdout] 
[INFO] [stdout] 
[INFO] [stdout] error[E0433]: failed to resolve: use of undeclared crate or module `fmt`
[INFO] [stdout]   --> src/server/errors.rs:14:6
[INFO] [stdout]    |
[INFO] [stdout] 14 | impl fmt::Display for RuntimeError {
[INFO] [stdout]    |      ^^^ use of undeclared crate or module `fmt`
[INFO] [stdout] 
[INFO] [stdout] 
[INFO] [stdout] error[E0433]: failed to resolve: use of undeclared crate or module `fmt`
[INFO] [stdout]   --> src/server/errors.rs:15:27
[INFO] [stdout]    |
[INFO] [stdout] 15 |     fn fmt(&self, f: &mut fmt::Formatter) -> fmt::Result {
[INFO] [stdout]    |                           ^^^ use of undeclared crate or module `fmt`
[INFO] [stdout] 
[INFO] [stdout] 
[INFO] [stdout] error[E0433]: failed to resolve: use of undeclared crate or module `fmt`
[INFO] [stdout]   --> src/server/errors.rs:15:46
[INFO] [stdout]    |
[INFO] [stdout] 15 |     fn fmt(&self, f: &mut fmt::Formatter) -> fmt::Result {
[INFO] [stdout]    |                                              ^^^ use of undeclared crate or module `fmt`
[INFO] [stdout] 
[INFO] [stdout] 
[INFO] [stdout] error[E0433]: failed to resolve: use of undeclared crate or module `fmt`
[INFO] [stdout]   --> src/server/errors.rs:23:6
[INFO] [stdout]    |
[INFO] [stdout] 23 | impl fmt::Display for AbortedSnapshotException {
[INFO] [stdout]    |      ^^^ use of undeclared crate or module `fmt`
[INFO] [stdout] 
[INFO] [stdout] 
[INFO] [stdout] error[E0433]: failed to resolve: use of undeclared crate or module `fmt`
[INFO] [stdout]   --> src/server/errors.rs:24:27
[INFO] [stdout]    |
[INFO] [stdout] 24 |     fn fmt(&self, f: &mut fmt::Formatter) -> fmt::Result {
[INFO] [stdout]    |                           ^^^ use of undeclared crate or module `fmt`
[INFO] [stdout] 
[INFO] [stdout] 
[INFO] [stdout] error[E0433]: failed to resolve: use of undeclared crate or module `fmt`
[INFO] [stdout]   --> src/server/errors.rs:24:46
[INFO] [stdout]    |
[INFO] [stdout] 24 |     fn fmt(&self, f: &mut fmt::Formatter) -> fmt::Result {
[INFO] [stdout]    |                                              ^^^ use of undeclared crate or module `fmt`
[INFO] [stdout] 
[INFO] [stdout] 
[INFO] [stdout] error[E0412]: cannot find type `Version` in this scope
[INFO] [stdout]  --> src/server/stream_input.rs:3:18
[INFO] [stdout]   |
[INFO] [stdout] 3 |     pub version: Version,
[INFO] [stdout]   |                  ^^^^^^^ not found in this scope
[INFO] [stdout] 
[INFO] [stdout] 
[INFO] [stdout] warning: unused import: `core::fmt`
[INFO] [stdout]  --> src/server/mod.rs:1:5
[INFO] [stdout]   |
[INFO] [stdout] 1 | use core::fmt;
[INFO] [stdout]   |     ^^^^^^^^^
[INFO] [stdout]   |
[INFO] [stdout]   = note: `#[warn(unused_imports)]` on by default
[INFO] [stdout] 
[INFO] [stdout] 
[INFO] [stdout] error: aborting due to 7 previous errors; 1 warning emitted
[INFO] [stdout] 
[INFO] [stdout] 
[INFO] [stdout] Some errors have detailed explanations: E0412, E0433.
[INFO] [stdout] 
[INFO] [stdout] For more information about an error, try `rustc --explain E0412`.
[INFO] [stdout] 
[INFO] [stderr] error: could not compile `elasitc-oxide` due to 8 previous errors; 1 warning emitted
[INFO] [stdout] error[E0412]: cannot find type `Version` in this scope
[INFO] [stdout]  --> src/server/stream_input.rs:3:18
[INFO] [stdout]   |
[INFO] [stdout] 3 |     pub version: Version,
[INFO] [stdout]   |                  ^^^^^^^ not found in this scope
[INFO] [stdout] 
[INFO] [stdout] 
[INFO] [stderr] warning: build failed, waiting for other jobs to finish...
[INFO] [stdout] warning: unused import: `core::fmt`
[INFO] [stdout]  --> src/server/mod.rs:1:5
[INFO] [stdout]   |
[INFO] [stdout] 1 | use core::fmt;
[INFO] [stdout]   |     ^^^^^^^^^
[INFO] [stdout]   |
[INFO] [stdout]   = note: `#[warn(unused_imports)]` on by default
[INFO] [stdout] 
[INFO] [stdout] 
[INFO] [stdout] error: aborting due to 7 previous errors; 1 warning emitted
[INFO] [stdout] 
[INFO] [stdout] 
[INFO] [stdout] Some errors have detailed explanations: E0412, E0433.
[INFO] [stdout] 
[INFO] [stdout] For more information about an error, try `rustc --explain E0412`.
[INFO] [stdout] 
[INFO] [stderr] error: build failed
[INFO] running `Command { std: "docker" "inspect" "f1b3da025379f911cdd93081bbb9e7f7bb64dbdbb201f156b887dade2aed788d", kill_on_drop: false }`
[INFO] running `Command { std: "docker" "rm" "-f" "f1b3da025379f911cdd93081bbb9e7f7bb64dbdbb201f156b887dade2aed788d", kill_on_drop: false }`
[INFO] [stdout] f1b3da025379f911cdd93081bbb9e7f7bb64dbdbb201f156b887dade2aed788d
