[INFO] cloning repository https://github.com/cvgore/kapitan-dupa-the-game
[INFO] running `Command { std: "git" "-c" "credential.helper=" "-c" "credential.helper=/workspace/cargo-home/bin/git-credential-null" "clone" "--bare" "https://github.com/cvgore/kapitan-dupa-the-game" "/workspace/cache/git-repos/https%3A%2F%2Fgithub.com%2Fcvgore%2Fkapitan-dupa-the-game", kill_on_drop: false }`
[INFO] [stderr] Cloning into bare repository '/workspace/cache/git-repos/https%3A%2F%2Fgithub.com%2Fcvgore%2Fkapitan-dupa-the-game'...
[INFO] running `Command { std: "git" "rev-parse" "HEAD", kill_on_drop: false }`
[INFO] [stdout] dc51c0b5b5ac0d922e2d732170634a263d4ca4c8
[INFO] checking cvgore/kapitan-dupa-the-game against beta-2021-10-15 for beta-1.56-3
[INFO] running `Command { std: "git" "clone" "/workspace/cache/git-repos/https%3A%2F%2Fgithub.com%2Fcvgore%2Fkapitan-dupa-the-game" "/workspace/builds/worker-0/source", kill_on_drop: false }`
[INFO] [stderr] Cloning into '/workspace/builds/worker-0/source'...
[INFO] [stderr] done.
[INFO] validating manifest of git repo https://github.com/cvgore/kapitan-dupa-the-game on toolchain beta-2021-10-15
[INFO] running `Command { std: "/workspace/cargo-home/bin/cargo" "+beta-2021-10-15" "metadata" "--manifest-path" "Cargo.toml" "--no-deps", kill_on_drop: false }`
[INFO] started tweaking git repo https://github.com/cvgore/kapitan-dupa-the-game
[INFO] finished tweaking git repo https://github.com/cvgore/kapitan-dupa-the-game
[INFO] tweaked toml for git repo https://github.com/cvgore/kapitan-dupa-the-game written to /workspace/builds/worker-0/source/Cargo.toml
[INFO] crate git repo https://github.com/cvgore/kapitan-dupa-the-game already has a lockfile, it will not be regenerated
[INFO] running `Command { std: "/workspace/cargo-home/bin/cargo" "+beta-2021-10-15" "fetch" "--manifest-path" "Cargo.toml", kill_on_drop: false }`
[INFO] [stderr]     Blocking waiting for file lock on package cache
[INFO] [stderr]     Blocking waiting for file lock on package cache
[INFO] running `Command { std: "docker" "create" "-v" "/var/lib/crater-agent-workspace/builds/worker-0/target:/opt/rustwide/target:rw,Z" "-v" "/var/lib/crater-agent-workspace/builds/worker-0/source:/opt/rustwide/workdir:ro,Z" "-v" "/var/lib/crater-agent-workspace/cargo-home:/opt/rustwide/cargo-home:ro,Z" "-v" "/var/lib/crater-agent-workspace/rustup-home:/opt/rustwide/rustup-home:ro,Z" "-e" "SOURCE_DIR=/opt/rustwide/workdir" "-e" "CARGO_TARGET_DIR=/opt/rustwide/target" "-e" "CARGO_HOME=/opt/rustwide/cargo-home" "-e" "RUSTUP_HOME=/opt/rustwide/rustup-home" "-w" "/opt/rustwide/workdir" "-m" "1610612736" "--user" "0:0" "--network" "none" "ghcr.io/rust-lang/crates-build-env/linux@sha256:a89201d6b5b9fd45c15d5952ece0a0129e7e80cb26ec023fd59cf09bc26f1604" "/opt/rustwide/cargo-home/bin/cargo" "+beta-2021-10-15" "metadata" "--no-deps" "--format-version=1", kill_on_drop: false }`
[INFO] [stdout] ba62dde6c7776145510f63992a4b968d202b37514af547842090cb9715575485
[INFO] [stderr] WARNING: Your kernel does not support swap limit capabilities or the cgroup is not mounted. Memory limited without swap.
[INFO] running `Command { std: "docker" "start" "-a" "ba62dde6c7776145510f63992a4b968d202b37514af547842090cb9715575485", kill_on_drop: false }`
[INFO] running `Command { std: "docker" "inspect" "ba62dde6c7776145510f63992a4b968d202b37514af547842090cb9715575485", kill_on_drop: false }`
[INFO] running `Command { std: "docker" "rm" "-f" "ba62dde6c7776145510f63992a4b968d202b37514af547842090cb9715575485", kill_on_drop: false }`
[INFO] [stdout] ba62dde6c7776145510f63992a4b968d202b37514af547842090cb9715575485
[INFO] running `Command { std: "docker" "create" "-v" "/var/lib/crater-agent-workspace/builds/worker-0/target:/opt/rustwide/target:rw,Z" "-v" "/var/lib/crater-agent-workspace/builds/worker-0/source:/opt/rustwide/workdir:ro,Z" "-v" "/var/lib/crater-agent-workspace/cargo-home:/opt/rustwide/cargo-home:ro,Z" "-v" "/var/lib/crater-agent-workspace/rustup-home:/opt/rustwide/rustup-home:ro,Z" "-e" "SOURCE_DIR=/opt/rustwide/workdir" "-e" "CARGO_TARGET_DIR=/opt/rustwide/target" "-e" "CARGO_INCREMENTAL=0" "-e" "RUST_BACKTRACE=full" "-e" "RUSTFLAGS=--cap-lints=warn" "-e" "CARGO_HOME=/opt/rustwide/cargo-home" "-e" "RUSTUP_HOME=/opt/rustwide/rustup-home" "-w" "/opt/rustwide/workdir" "-m" "1610612736" "--user" "0:0" "--network" "none" "ghcr.io/rust-lang/crates-build-env/linux@sha256:a89201d6b5b9fd45c15d5952ece0a0129e7e80cb26ec023fd59cf09bc26f1604" "/opt/rustwide/cargo-home/bin/cargo" "+beta-2021-10-15" "check" "--frozen" "--all" "--all-targets" "--message-format=json", kill_on_drop: false }`
[INFO] [stdout] 08a93c025a4f2c61575e5d05365a2460fc19bee2e3b23f93bf917866d5e278ef
[INFO] [stderr] WARNING: Your kernel does not support swap limit capabilities or the cgroup is not mounted. Memory limited without swap.
[INFO] running `Command { std: "docker" "start" "-a" "08a93c025a4f2c61575e5d05365a2460fc19bee2e3b23f93bf917866d5e278ef", kill_on_drop: false }`
[INFO] [stderr]     Blocking waiting for file lock on package cache
[INFO] [stderr]    Compiling quad-alsa-sys v0.3.2
[INFO] [stderr]    Compiling sapp-linux v0.1.13
[INFO] [stderr]     Checking dasp_sample v0.11.0
[INFO] [stderr]    Compiling quad-snd v0.2.2
[INFO] [stderr]     Checking ttf-parser v0.12.3
[INFO] [stderr]     Checking quad-rand v0.2.1
[INFO] [stderr]     Checking bumpalo v3.7.0
[INFO] [stderr]     Checking glam v0.14.0
[INFO] [stderr]    Compiling macroquad_macro v0.1.5
[INFO] [stderr]     Checking ogg v0.7.1
[INFO] [stderr]     Checking png v0.16.8
[INFO] [stderr]     Checking lewton v0.9.4
[INFO] [stderr]     Checking dasp_frame v0.11.0
[INFO] [stderr]     Checking image v0.23.14
[INFO] [stderr]     Checking fontdue v0.5.2
[INFO] [stderr]     Checking audrey v0.3.0
[INFO] [stderr]     Checking miniquad v0.3.0-alpha.37
[INFO] [stderr]     Checking macroquad v0.3.8
[INFO] [stderr]     Checking kapitan-dupa-the-game v0.1.0 (/opt/rustwide/workdir)
[INFO] [stdout] error[E0405]: cannot find trait `GameState` in this scope
[INFO] [stdout]  --> src/game.rs:3:16
[INFO] [stdout]   |
[INFO] [stdout] 3 |     state: dyn GameState,
[INFO] [stdout]   |                ^^^^^^^^^ not found in this scope
[INFO] [stdout]   |
[INFO] [stdout] help: consider importing this trait
[INFO] [stdout]   |
[INFO] [stdout] 1 | use crate::states::GameState;
[INFO] [stdout]   |
[INFO] [stdout] 
[INFO] [stdout] 
[INFO] [stdout] error[E0412]: cannot find type `Game` in this scope
[INFO] [stdout]  --> src/states.rs:2:25
[INFO] [stdout]   |
[INFO] [stdout] 2 |     fn apply(data: &mut Game);
[INFO] [stdout]   |                         ^^^^ not found in this scope
[INFO] [stdout]   |
[INFO] [stdout] help: consider importing this struct
[INFO] [stdout]   |
[INFO] [stdout] 1 | use crate::game::Game;
[INFO] [stdout]   |
[INFO] [stdout] 
[INFO] [stdout] 
[INFO] [stdout] error[E0412]: cannot find type `Game` in this scope
[INFO] [stdout]  --> src/states.rs:3:32
[INFO] [stdout]   |
[INFO] [stdout] 3 |     fn render_frame(data: &mut Game);
[INFO] [stdout]   |                                ^^^^ not found in this scope
[INFO] [stdout]   |
[INFO] [stdout] help: consider importing this struct
[INFO] [stdout]   |
[INFO] [stdout] 1 | use crate::game::Game;
[INFO] [stdout]   |
[INFO] [stdout] 
[INFO] [stdout] 
[INFO] [stdout] error: aborting due to 3 previous errors
[INFO] [stdout] 
[INFO] [stdout] 
[INFO] [stdout] Some errors have detailed explanations: E0405, E0412.
[INFO] [stdout] 
[INFO] [stdout] For more information about an error, try `rustc --explain E0405`.
[INFO] [stdout] 
[INFO] [stderr] error: could not compile `kapitan-dupa-the-game` due to 4 previous errors
[INFO] [stderr] warning: build failed, waiting for other jobs to finish...
[INFO] [stdout] error[E0405]: cannot find trait `GameState` in this scope
[INFO] [stdout]  --> src/game.rs:3:16
[INFO] [stdout]   |
[INFO] [stdout] 3 |     state: dyn GameState,
[INFO] [stdout]   |                ^^^^^^^^^ not found in this scope
[INFO] [stdout]   |
[INFO] [stdout] help: consider importing this trait
[INFO] [stdout]   |
[INFO] [stdout] 1 | use crate::states::GameState;
[INFO] [stdout]   |
[INFO] [stdout] 
[INFO] [stdout] 
[INFO] [stdout] error[E0412]: cannot find type `Game` in this scope
[INFO] [stdout]  --> src/states.rs:2:25
[INFO] [stdout]   |
[INFO] [stdout] 2 |     fn apply(data: &mut Game);
[INFO] [stdout]   |                         ^^^^ not found in this scope
[INFO] [stdout]   |
[INFO] [stdout] help: consider importing this struct
[INFO] [stdout]   |
[INFO] [stdout] 1 | use crate::game::Game;
[INFO] [stdout]   |
[INFO] [stdout] 
[INFO] [stdout] 
[INFO] [stdout] error[E0412]: cannot find type `Game` in this scope
[INFO] [stdout]  --> src/states.rs:3:32
[INFO] [stdout]   |
[INFO] [stdout] 3 |     fn render_frame(data: &mut Game);
[INFO] [stdout]   |                                ^^^^ not found in this scope
[INFO] [stdout]   |
[INFO] [stdout] help: consider importing this struct
[INFO] [stdout]   |
[INFO] [stdout] 1 | use crate::game::Game;
[INFO] [stdout]   |
[INFO] [stdout] 
[INFO] [stdout] 
[INFO] [stdout] error: aborting due to 3 previous errors
[INFO] [stdout] 
[INFO] [stdout] 
[INFO] [stdout] Some errors have detailed explanations: E0405, E0412.
[INFO] [stdout] 
[INFO] [stdout] For more information about an error, try `rustc --explain E0405`.
[INFO] [stdout] 
[INFO] [stderr] error: build failed
[INFO] running `Command { std: "docker" "inspect" "08a93c025a4f2c61575e5d05365a2460fc19bee2e3b23f93bf917866d5e278ef", kill_on_drop: false }`
[INFO] running `Command { std: "docker" "rm" "-f" "08a93c025a4f2c61575e5d05365a2460fc19bee2e3b23f93bf917866d5e278ef", kill_on_drop: false }`
[INFO] [stdout] 08a93c025a4f2c61575e5d05365a2460fc19bee2e3b23f93bf917866d5e278ef
