[INFO] cloning repository https://github.com/currysoup/tyrant
[INFO] running `Command { std: "git" "-c" "credential.helper=" "-c" "credential.helper=/workspace/cargo-home/bin/git-credential-null" "clone" "--bare" "https://github.com/currysoup/tyrant" "/workspace/cache/git-repos/https%3A%2F%2Fgithub.com%2Fcurrysoup%2Ftyrant", kill_on_drop: false }`
[INFO] [stderr] Cloning into bare repository '/workspace/cache/git-repos/https%3A%2F%2Fgithub.com%2Fcurrysoup%2Ftyrant'...
[INFO] running `Command { std: "git" "rev-parse" "HEAD", kill_on_drop: false }`
[INFO] [stdout] 49e4c5c78946894ca8dc89dff66e415932aa210c
[INFO] checking currysoup/tyrant against beta-2021-10-15 for beta-1.56-3
[INFO] running `Command { std: "git" "clone" "/workspace/cache/git-repos/https%3A%2F%2Fgithub.com%2Fcurrysoup%2Ftyrant" "/workspace/builds/worker-2/source", kill_on_drop: false }`
[INFO] [stderr] Cloning into '/workspace/builds/worker-2/source'...
[INFO] [stderr] done.
[INFO] validating manifest of git repo https://github.com/currysoup/tyrant on toolchain beta-2021-10-15
[INFO] running `Command { std: "/workspace/cargo-home/bin/cargo" "+beta-2021-10-15" "metadata" "--manifest-path" "Cargo.toml" "--no-deps", kill_on_drop: false }`
[INFO] started tweaking git repo https://github.com/currysoup/tyrant
[INFO] finished tweaking git repo https://github.com/currysoup/tyrant
[INFO] tweaked toml for git repo https://github.com/currysoup/tyrant written to /workspace/builds/worker-2/source/Cargo.toml
[INFO] crate git repo https://github.com/currysoup/tyrant already has a lockfile, it will not be regenerated
[INFO] running `Command { std: "/workspace/cargo-home/bin/cargo" "+beta-2021-10-15" "fetch" "--manifest-path" "Cargo.toml", kill_on_drop: false }`
[INFO] [stderr]     Blocking waiting for file lock on package cache
[INFO] [stderr]  Downloading crates ...
[INFO] [stderr]   Downloaded time v0.1.32
[INFO] [stderr]   Downloaded image v0.3.11
[INFO] [stderr]   Downloaded gl v0.0.12
[INFO] [stderr]   Downloaded advapi32-sys v0.1.2
[INFO] [stderr]   Downloaded rand v0.3.9
[INFO] [stderr]   Downloaded rustc-serialize v0.3.15
[INFO] [stderr]   Downloaded bitflags v0.2.1
[INFO] [stderr]   Downloaded glob v0.2.10
[INFO] [stderr]   Downloaded log v0.3.1
[INFO] [stderr]   Downloaded xml-rs v0.1.25
[INFO] [stderr]   Downloaded byteorder v0.3.11
[INFO] [stderr]   Downloaded winapi v0.2.1
[INFO] [stderr]   Downloaded enum_primitive v0.0.1
[INFO] [stderr]   Downloaded num v0.1.25
[INFO] [stderr]   Downloaded libc v0.1.8
[INFO] [stderr]   Downloaded lzw v0.8.0
[INFO] [stderr]   Downloaded gl_common v0.0.4
[INFO] [stderr]   Downloaded sdl2 v0.6.1
[INFO] [stderr]   Downloaded khronos_api v0.0.7
[INFO] [stderr]   Downloaded khronos_api v0.0.5
[INFO] [stderr]   Downloaded kernel32-sys v0.1.3
[INFO] [stderr]   Downloaded gl_generator v0.0.27
[INFO] [stderr]   Downloaded gif v0.5.0
[INFO] [stderr]   Downloaded sdl2-sys v0.6.1
[INFO] running `Command { std: "docker" "create" "-v" "/var/lib/crater-agent-workspace/builds/worker-2/target:/opt/rustwide/target:rw,Z" "-v" "/var/lib/crater-agent-workspace/builds/worker-2/source:/opt/rustwide/workdir:ro,Z" "-v" "/var/lib/crater-agent-workspace/cargo-home:/opt/rustwide/cargo-home:ro,Z" "-v" "/var/lib/crater-agent-workspace/rustup-home:/opt/rustwide/rustup-home:ro,Z" "-e" "SOURCE_DIR=/opt/rustwide/workdir" "-e" "CARGO_TARGET_DIR=/opt/rustwide/target" "-e" "CARGO_HOME=/opt/rustwide/cargo-home" "-e" "RUSTUP_HOME=/opt/rustwide/rustup-home" "-w" "/opt/rustwide/workdir" "-m" "1610612736" "--user" "0:0" "--network" "none" "ghcr.io/rust-lang/crates-build-env/linux@sha256:a89201d6b5b9fd45c15d5952ece0a0129e7e80cb26ec023fd59cf09bc26f1604" "/opt/rustwide/cargo-home/bin/cargo" "+beta-2021-10-15" "metadata" "--no-deps" "--format-version=1", kill_on_drop: false }`
[INFO] [stderr] WARNING: Your kernel does not support swap limit capabilities or the cgroup is not mounted. Memory limited without swap.
[INFO] [stdout] b3ac1144c1707d5f7056165d6a1d1cb7ae09ca5d8b3f35dab339d53a7d246c1c
[INFO] running `Command { std: "docker" "start" "-a" "b3ac1144c1707d5f7056165d6a1d1cb7ae09ca5d8b3f35dab339d53a7d246c1c", kill_on_drop: false }`
[INFO] running `Command { std: "docker" "inspect" "b3ac1144c1707d5f7056165d6a1d1cb7ae09ca5d8b3f35dab339d53a7d246c1c", kill_on_drop: false }`
[INFO] running `Command { std: "docker" "rm" "-f" "b3ac1144c1707d5f7056165d6a1d1cb7ae09ca5d8b3f35dab339d53a7d246c1c", kill_on_drop: false }`
[INFO] [stdout] b3ac1144c1707d5f7056165d6a1d1cb7ae09ca5d8b3f35dab339d53a7d246c1c
[INFO] running `Command { std: "docker" "create" "-v" "/var/lib/crater-agent-workspace/builds/worker-2/target:/opt/rustwide/target:rw,Z" "-v" "/var/lib/crater-agent-workspace/builds/worker-2/source:/opt/rustwide/workdir:ro,Z" "-v" "/var/lib/crater-agent-workspace/cargo-home:/opt/rustwide/cargo-home:ro,Z" "-v" "/var/lib/crater-agent-workspace/rustup-home:/opt/rustwide/rustup-home:ro,Z" "-e" "SOURCE_DIR=/opt/rustwide/workdir" "-e" "CARGO_TARGET_DIR=/opt/rustwide/target" "-e" "CARGO_INCREMENTAL=0" "-e" "RUST_BACKTRACE=full" "-e" "RUSTFLAGS=--cap-lints=warn" "-e" "CARGO_HOME=/opt/rustwide/cargo-home" "-e" "RUSTUP_HOME=/opt/rustwide/rustup-home" "-w" "/opt/rustwide/workdir" "-m" "1610612736" "--user" "0:0" "--network" "none" "ghcr.io/rust-lang/crates-build-env/linux@sha256:a89201d6b5b9fd45c15d5952ece0a0129e7e80cb26ec023fd59cf09bc26f1604" "/opt/rustwide/cargo-home/bin/cargo" "+beta-2021-10-15" "check" "--frozen" "--all" "--all-targets" "--message-format=json", kill_on_drop: false }`
[INFO] [stdout] 01834a9d35f92088d1864df1efa5ae5a8e1acd3d18e71d789e57fa43c23ae89e
[INFO] [stderr] WARNING: Your kernel does not support swap limit capabilities or the cgroup is not mounted. Memory limited without swap.
[INFO] running `Command { std: "docker" "start" "-a" "01834a9d35f92088d1864df1efa5ae5a8e1acd3d18e71d789e57fa43c23ae89e", kill_on_drop: false }`
[INFO] [stderr]     Checking winapi v0.2.1
[INFO] [stderr]     Checking libc v0.1.8
[INFO] [stderr]     Checking rustc-serialize v0.3.15
[INFO] [stderr]    Compiling bitflags v0.1.1
[INFO] [stderr]    Compiling sdl2-sys v0.6.1
[INFO] [stderr]     Checking byteorder v0.3.11
[INFO] [stderr]    Compiling kernel32-sys v0.1.3
[INFO] [stderr]     Checking gif v0.5.0
[INFO] [stderr]    Compiling xml-rs v0.1.25
[INFO] [stdout] error[E0642]: patterns aren't allowed in functions without bodies
[INFO] [stdout]    --> /opt/rustwide/cargo-home/registry/src/github.com-1ecc6299db9ec823/rustc-serialize-0.3.15/src/serialize.rs:145:45
[INFO] [stdout]     |
[INFO] [stdout] 145 | ...                   &f_name: &str,
[INFO] [stdout]     |                       ^^^^^^^ pattern not allowed in function without body
[INFO] [stdout] 
[INFO] [stdout] 
[INFO] [stderr]     Checking advapi32-sys v0.1.2
[INFO] [stdout] error[E0277]: the size for values of type `Self` cannot be known at compilation time
[INFO] [stdout]    --> /opt/rustwide/cargo-home/registry/src/github.com-1ecc6299db9ec823/rustc-serialize-0.3.15/src/serialize.rs:201:41
[INFO] [stdout]     |
[INFO] [stdout] 201 |     fn decode<D: Decoder>(d: &mut D) -> Result<Self, D::Error>;
[INFO] [stdout]     |                                         ^^^^^^^^^^^^^^^^^^^^^^ doesn't have a size known at compile-time
[INFO] [stdout]     |
[INFO] [stdout] note: required by a bound in `Result`
[INFO] [stdout] help: consider further restricting `Self`
[INFO] [stdout]     |
[INFO] [stdout] 201 |     fn decode<D: Decoder>(d: &mut D) -> Result<Self, D::Error> where Self: Sized;
[INFO] [stdout]     |                                                                +++++++++++++++++
[INFO] [stdout] 
[INFO] [stdout] 
[INFO] [stderr]    Compiling log v0.3.1
[INFO] [stdout] error: aborting due to 2 previous errors
[INFO] [stdout] 
[INFO] [stdout] 
[INFO] [stdout] Some errors have detailed explanations: E0277, E0642.
[INFO] [stdout] 
[INFO] [stdout] For more information about an error, try `rustc --explain E0277`.
[INFO] [stdout] 
[INFO] [stderr] error: could not compile `rustc-serialize` due to 3 previous errors
[INFO] [stderr] warning: build failed, waiting for other jobs to finish...
[INFO] [stdout] error[E0277]: the size for values of type `Self` cannot be known at compilation time
[INFO] [stdout]   --> /opt/rustwide/cargo-home/registry/src/github.com-1ecc6299db9ec823/xml-rs-0.1.25/src/util.rs:15:33
[INFO] [stdout]    |
[INFO] [stdout] 15 |     fn cloned_pairwise(self) -> ClonedPairwise<Self>;
[INFO] [stdout]    |                                 ^^^^^^^^^^^^^^^^^^^^ doesn't have a size known at compile-time
[INFO] [stdout]    |
[INFO] [stdout] note: required by a bound in `ClonedPairwise`
[INFO] [stdout]   --> /opt/rustwide/cargo-home/registry/src/github.com-1ecc6299db9ec823/xml-rs-0.1.25/src/util.rs:27:27
[INFO] [stdout]    |
[INFO] [stdout] 27 | pub struct ClonedPairwise<I>(I);
[INFO] [stdout]    |                           ^ required by this bound in `ClonedPairwise`
[INFO] [stdout] help: you could relax the implicit `Sized` bound on `I` if it were used through indirection like `&I` or `Box<I>`
[INFO] [stdout]   --> /opt/rustwide/cargo-home/registry/src/github.com-1ecc6299db9ec823/xml-rs-0.1.25/src/util.rs:27:27
[INFO] [stdout]    |
[INFO] [stdout] 27 | pub struct ClonedPairwise<I>(I);
[INFO] [stdout]    |                           ^  - ...if indirection were used here: `Box<I>`
[INFO] [stdout]    |                           |
[INFO] [stdout]    |                           this could be changed to `I: ?Sized`...
[INFO] [stdout] help: consider further restricting `Self`
[INFO] [stdout]    |
[INFO] [stdout] 15 |     fn cloned_pairwise(self) -> ClonedPairwise<Self> where Self: Sized;
[INFO] [stdout]    |                                                      +++++++++++++++++
[INFO] [stdout] 
[INFO] [stdout] 
[INFO] [stdout] error: aborting due to previous error
[INFO] [stdout] 
[INFO] [stdout] 
[INFO] [stdout] For more information about this error, try `rustc --explain E0277`.
[INFO] [stdout] 
[INFO] [stderr] error: build failed
[INFO] running `Command { std: "docker" "inspect" "01834a9d35f92088d1864df1efa5ae5a8e1acd3d18e71d789e57fa43c23ae89e", kill_on_drop: false }`
[INFO] running `Command { std: "docker" "rm" "-f" "01834a9d35f92088d1864df1efa5ae5a8e1acd3d18e71d789e57fa43c23ae89e", kill_on_drop: false }`
[INFO] [stdout] 01834a9d35f92088d1864df1efa5ae5a8e1acd3d18e71d789e57fa43c23ae89e
