[INFO] cloning repository https://github.com/cumet04/csProject-rust
[INFO] running `Command { std: "git" "-c" "credential.helper=" "-c" "credential.helper=/workspace/cargo-home/bin/git-credential-null" "clone" "--bare" "https://github.com/cumet04/csProject-rust" "/workspace/cache/git-repos/https%3A%2F%2Fgithub.com%2Fcumet04%2FcsProject-rust", kill_on_drop: false }`
[INFO] [stderr] Cloning into bare repository '/workspace/cache/git-repos/https%3A%2F%2Fgithub.com%2Fcumet04%2FcsProject-rust'...
[INFO] running `Command { std: "git" "rev-parse" "HEAD", kill_on_drop: false }`
[INFO] [stdout] 1495ccfdf2380dd9a87a954d15074d986266fc53
[INFO] checking cumet04/csProject-rust against beta-2021-10-15 for beta-1.56-3
[INFO] running `Command { std: "git" "clone" "/workspace/cache/git-repos/https%3A%2F%2Fgithub.com%2Fcumet04%2FcsProject-rust" "/workspace/builds/worker-7/source", kill_on_drop: false }`
[INFO] [stderr] Cloning into '/workspace/builds/worker-7/source'...
[INFO] [stderr] done.
[INFO] validating manifest of git repo https://github.com/cumet04/csProject-rust on toolchain beta-2021-10-15
[INFO] running `Command { std: "/workspace/cargo-home/bin/cargo" "+beta-2021-10-15" "metadata" "--manifest-path" "Cargo.toml" "--no-deps", kill_on_drop: false }`
[INFO] started tweaking git repo https://github.com/cumet04/csProject-rust
[INFO] finished tweaking git repo https://github.com/cumet04/csProject-rust
[INFO] tweaked toml for git repo https://github.com/cumet04/csProject-rust written to /workspace/builds/worker-7/source/Cargo.toml
[INFO] crate git repo https://github.com/cumet04/csProject-rust already has a lockfile, it will not be regenerated
[INFO] running `Command { std: "/workspace/cargo-home/bin/cargo" "+beta-2021-10-15" "fetch" "--manifest-path" "Cargo.toml", kill_on_drop: false }`
[INFO] [stderr]  Downloading crates ...
[INFO] [stderr]   Downloaded quote v1.0.5
[INFO] [stderr]   Downloaded proc-macro2 v1.0.13
[INFO] [stderr]   Downloaded include_dir_impl v0.6.0
[INFO] [stderr]   Downloaded syn v1.0.22
[INFO] [stderr]   Downloaded xml-rs v0.8.3
[INFO] [stderr]   Downloaded jpeg-decoder v0.1.19
[INFO] [stderr]   Downloaded include_dir v0.6.0
[INFO] running `Command { std: "docker" "create" "-v" "/var/lib/crater-agent-workspace/builds/worker-7/target:/opt/rustwide/target:rw,Z" "-v" "/var/lib/crater-agent-workspace/builds/worker-7/source:/opt/rustwide/workdir:ro,Z" "-v" "/var/lib/crater-agent-workspace/cargo-home:/opt/rustwide/cargo-home:ro,Z" "-v" "/var/lib/crater-agent-workspace/rustup-home:/opt/rustwide/rustup-home:ro,Z" "-e" "SOURCE_DIR=/opt/rustwide/workdir" "-e" "CARGO_TARGET_DIR=/opt/rustwide/target" "-e" "CARGO_HOME=/opt/rustwide/cargo-home" "-e" "RUSTUP_HOME=/opt/rustwide/rustup-home" "-w" "/opt/rustwide/workdir" "-m" "1610612736" "--user" "0:0" "--network" "none" "ghcr.io/rust-lang/crates-build-env/linux@sha256:a89201d6b5b9fd45c15d5952ece0a0129e7e80cb26ec023fd59cf09bc26f1604" "/opt/rustwide/cargo-home/bin/cargo" "+beta-2021-10-15" "metadata" "--no-deps" "--format-version=1", kill_on_drop: false }`
[INFO] [stdout] 9502f52bd488470dec526e2087c603b94d6a5420e7f12cbbfd9378505be1b3ff
[INFO] [stderr] WARNING: Your kernel does not support swap limit capabilities or the cgroup is not mounted. Memory limited without swap.
[INFO] running `Command { std: "docker" "start" "-a" "9502f52bd488470dec526e2087c603b94d6a5420e7f12cbbfd9378505be1b3ff", kill_on_drop: false }`
[INFO] running `Command { std: "docker" "inspect" "9502f52bd488470dec526e2087c603b94d6a5420e7f12cbbfd9378505be1b3ff", kill_on_drop: false }`
[INFO] running `Command { std: "docker" "rm" "-f" "9502f52bd488470dec526e2087c603b94d6a5420e7f12cbbfd9378505be1b3ff", kill_on_drop: false }`
[INFO] [stdout] 9502f52bd488470dec526e2087c603b94d6a5420e7f12cbbfd9378505be1b3ff
[INFO] running `Command { std: "docker" "create" "-v" "/var/lib/crater-agent-workspace/builds/worker-7/target:/opt/rustwide/target:rw,Z" "-v" "/var/lib/crater-agent-workspace/builds/worker-7/source:/opt/rustwide/workdir:ro,Z" "-v" "/var/lib/crater-agent-workspace/cargo-home:/opt/rustwide/cargo-home:ro,Z" "-v" "/var/lib/crater-agent-workspace/rustup-home:/opt/rustwide/rustup-home:ro,Z" "-e" "SOURCE_DIR=/opt/rustwide/workdir" "-e" "CARGO_TARGET_DIR=/opt/rustwide/target" "-e" "CARGO_INCREMENTAL=0" "-e" "RUST_BACKTRACE=full" "-e" "RUSTFLAGS=--cap-lints=warn" "-e" "CARGO_HOME=/opt/rustwide/cargo-home" "-e" "RUSTUP_HOME=/opt/rustwide/rustup-home" "-w" "/opt/rustwide/workdir" "-m" "1610612736" "--user" "0:0" "--network" "none" "ghcr.io/rust-lang/crates-build-env/linux@sha256:a89201d6b5b9fd45c15d5952ece0a0129e7e80cb26ec023fd59cf09bc26f1604" "/opt/rustwide/cargo-home/bin/cargo" "+beta-2021-10-15" "check" "--frozen" "--all" "--all-targets" "--message-format=json", kill_on_drop: false }`
[INFO] [stderr] WARNING: Your kernel does not support swap limit capabilities or the cgroup is not mounted. Memory limited without swap.
[INFO] [stdout] 1720919d18e651e0d523f04d0fed11cbbe98b86e6739cf8cd54d6de064aeea13
[INFO] running `Command { std: "docker" "start" "-a" "1720919d18e651e0d523f04d0fed11cbbe98b86e6739cf8cd54d6de064aeea13", kill_on_drop: false }`
[INFO] [stderr]    Compiling syn v1.0.22
[INFO] [stderr]    Compiling cmake v0.1.42
[INFO] [stderr]     Checking rand_os v0.1.3
[INFO] [stderr]    Compiling anyhow v1.0.31
[INFO] [stderr]     Checking raw-window-handle v0.3.3
[INFO] [stderr]    Compiling gl_generator v0.14.0
[INFO] [stderr]     Checking deflate v0.8.4
[INFO] [stderr]     Checking tiff v0.4.0
[INFO] [stderr]     Checking num-rational v0.2.4
[INFO] [stderr]     Checking jpeg-decoder v0.1.19
[INFO] [stderr]     Checking rand v0.6.5
[INFO] [stderr]    Compiling glfw-sys v3.3.2
[INFO] [stderr]     Checking png v0.16.3
[INFO] [stderr]    Compiling gl v0.14.0
[INFO] [stderr]     Checking image v0.23.4
[INFO] [stderr]     Checking cgmath v0.17.0
[INFO] [stderr]    Compiling include_dir_impl v0.6.0
[INFO] [stderr]     Checking glfw v0.37.0
[INFO] [stderr]     Checking include_dir v0.6.0
[INFO] [stderr]     Checking cs_project-rust v0.1.0 (/opt/rustwide/workdir)
[INFO] [stdout] error[E0499]: cannot borrow `*self` as mutable more than once at a time
[INFO] [stdout]   --> src/world/sphere.rs:17:27
[INFO] [stdout]    |
[INFO] [stdout] 17 |         (self.timer_func)(self, delta);
[INFO] [stdout]    |         ----------------- ^^^^ second mutable borrow occurs here
[INFO] [stdout]    |         |
[INFO] [stdout]    |         first mutable borrow occurs here
[INFO] [stdout]    |         first borrow later used by call
[INFO] [stdout] 
[INFO] [stdout] 
[INFO] [stdout] error[E0499]: cannot borrow `*self` as mutable more than once at a time
[INFO] [stdout]   --> src/world/mod.rs:31:27
[INFO] [stdout]    |
[INFO] [stdout] 31 |         (self.timer_func)(self, delta);
[INFO] [stdout]    |         ----------------- ^^^^ second mutable borrow occurs here
[INFO] [stdout]    |         |
[INFO] [stdout]    |         first mutable borrow occurs here
[INFO] [stdout]    |         first borrow later used by call
[INFO] [stdout] 
[INFO] [stdout] 
[INFO] [stdout] error[E0499]: cannot borrow `*self` as mutable more than once at a time
[INFO] [stdout]   --> src/world/mod.rs:48:27
[INFO] [stdout]    |
[INFO] [stdout] 48 |         (self.timer_func)(self, delta);
[INFO] [stdout]    |         ----------------- ^^^^ second mutable borrow occurs here
[INFO] [stdout]    |         |
[INFO] [stdout]    |         first mutable borrow occurs here
[INFO] [stdout]    |         first borrow later used by call
[INFO] [stdout] 
[INFO] [stdout] 
[INFO] [stdout] error[E0499]: cannot borrow `*self` as mutable more than once at a time
[INFO] [stdout]   --> src/world/sphere.rs:17:27
[INFO] [stdout]    |
[INFO] [stdout] 17 |         (self.timer_func)(self, delta);
[INFO] [stdout]    |         ----------------- ^^^^ second mutable borrow occurs here
[INFO] [stdout]    |         |
[INFO] [stdout]    |         first mutable borrow occurs here
[INFO] [stdout]    |         first borrow later used by call
[INFO] [stdout] 
[INFO] [stdout] 
[INFO] [stdout] error[E0499]: cannot borrow `*self` as mutable more than once at a time
[INFO] [stdout]   --> src/world/mod.rs:31:27
[INFO] [stdout]    |
[INFO] [stdout] 31 |         (self.timer_func)(self, delta);
[INFO] [stdout]    |         ----------------- ^^^^ second mutable borrow occurs here
[INFO] [stdout]    |         |
[INFO] [stdout]    |         first mutable borrow occurs here
[INFO] [stdout]    |         first borrow later used by call
[INFO] [stdout] 
[INFO] [stdout] 
[INFO] [stdout] error[E0507]: cannot move out of `objects`, a captured variable in an `FnMut` closure
[INFO] [stdout]    --> src/world/mod.rs:117:22
[INFO] [stdout]     |
[INFO] [stdout] 103 |         let objects = self.objects;
[INFO] [stdout]     |             ------- captured outer variable
[INFO] [stdout] ...
[INFO] [stdout] 117 |             for o in objects {
[INFO] [stdout]     |                      ^^^^^^^ move occurs because `objects` has type `Vec<Box<dyn world::Object>>`, which does not implement the `Copy` trait
[INFO] [stdout]     |
[INFO] [stdout] help: consider iterating over a slice of the `Vec<Box<dyn world::Object>>`'s content
[INFO] [stdout]     |
[INFO] [stdout] 117 |             for o in &objects {
[INFO] [stdout]     |                      +
[INFO] [stdout] 
[INFO] [stdout] 
[INFO] [stdout] error[E0596]: cannot borrow `*o` as mutable, as `o` is not declared as mutable
[INFO] [stdout]    --> src/world/mod.rs:118:17
[INFO] [stdout]     |
[INFO] [stdout] 117 |             for o in objects {
[INFO] [stdout]     |                 - help: consider changing this to be mutable: `mut o`
[INFO] [stdout] 118 |                 o.elapse_time(delta);
[INFO] [stdout]     |                 ^ cannot borrow as mutable
[INFO] [stdout] 
[INFO] [stdout] 
[INFO] [stdout] error[E0499]: cannot borrow `*self` as mutable more than once at a time
[INFO] [stdout]   --> src/world/mod.rs:48:27
[INFO] [stdout]    |
[INFO] [stdout] 48 |         (self.timer_func)(self, delta);
[INFO] [stdout]    |         ----------------- ^^^^ second mutable borrow occurs here
[INFO] [stdout]    |         |
[INFO] [stdout]    |         first mutable borrow occurs here
[INFO] [stdout]    |         first borrow later used by call
[INFO] [stdout] 
[INFO] [stdout] 
[INFO] [stdout] error[E0507]: cannot move out of `objects`, a captured variable in an `FnMut` closure
[INFO] [stdout]    --> src/world/mod.rs:117:22
[INFO] [stdout]     |
[INFO] [stdout] 103 |         let objects = self.objects;
[INFO] [stdout]     |             ------- captured outer variable
[INFO] [stdout] ...
[INFO] [stdout] 117 |             for o in objects {
[INFO] [stdout]     |                      ^^^^^^^ move occurs because `objects` has type `Vec<Box<dyn world::Object>>`, which does not implement the `Copy` trait
[INFO] [stdout]     |
[INFO] [stdout] help: consider iterating over a slice of the `Vec<Box<dyn world::Object>>`'s content
[INFO] [stdout]     |
[INFO] [stdout] 117 |             for o in &objects {
[INFO] [stdout]     |                      +
[INFO] [stdout] 
[INFO] [stdout] 
[INFO] [stdout] error[E0596]: cannot borrow `*o` as mutable, as `o` is not declared as mutable
[INFO] [stdout]    --> src/world/mod.rs:118:17
[INFO] [stdout]     |
[INFO] [stdout] 117 |             for o in objects {
[INFO] [stdout]     |                 - help: consider changing this to be mutable: `mut o`
[INFO] [stdout] 118 |                 o.elapse_time(delta);
[INFO] [stdout]     |                 ^ cannot borrow as mutable
[INFO] [stdout] 
[INFO] [stdout] 
[INFO] [stdout] error: aborting due to 5 previous errors
[INFO] [stdout] 
[INFO] [stdout] 
[INFO] [stdout] Some errors have detailed explanations: E0499, E0507, E0596.
[INFO] [stdout] 
[INFO] [stdout] For more information about an error, try `rustc --explain E0499`.
[INFO] [stdout] 
[INFO] [stdout] error: aborting due to 5 previous errors
[INFO] [stdout] 
[INFO] [stdout] 
[INFO] [stdout] Some errors have detailed explanations: E0499, E0507, E0596.
[INFO] [stdout] 
[INFO] [stdout] For more information about an error, try `rustc --explain E0499`.
[INFO] [stdout] 
[INFO] [stderr] error: could not compile `cs_project-rust` due to 6 previous errors
[INFO] [stderr] warning: build failed, waiting for other jobs to finish...
[INFO] [stderr] error: build failed
[INFO] running `Command { std: "docker" "inspect" "1720919d18e651e0d523f04d0fed11cbbe98b86e6739cf8cd54d6de064aeea13", kill_on_drop: false }`
[INFO] running `Command { std: "docker" "rm" "-f" "1720919d18e651e0d523f04d0fed11cbbe98b86e6739cf8cd54d6de064aeea13", kill_on_drop: false }`
[INFO] [stdout] 1720919d18e651e0d523f04d0fed11cbbe98b86e6739cf8cd54d6de064aeea13
