[INFO] cloning repository https://github.com/crome110/iiif_images_sample
[INFO] running `Command { std: "git" "-c" "credential.helper=" "-c" "credential.helper=/workspace/cargo-home/bin/git-credential-null" "clone" "--bare" "https://github.com/crome110/iiif_images_sample" "/workspace/cache/git-repos/https%3A%2F%2Fgithub.com%2Fcrome110%2Fiiif_images_sample", kill_on_drop: false }`
[INFO] [stderr] Cloning into bare repository '/workspace/cache/git-repos/https%3A%2F%2Fgithub.com%2Fcrome110%2Fiiif_images_sample'...
[INFO] running `Command { std: "git" "rev-parse" "HEAD", kill_on_drop: false }`
[INFO] [stdout] adbd1c06271db2b4b3fa78578613bd6f6d319883
[INFO] checking crome110/iiif_images_sample against 1.55.0 for beta-1.56-3
[INFO] running `Command { std: "git" "clone" "/workspace/cache/git-repos/https%3A%2F%2Fgithub.com%2Fcrome110%2Fiiif_images_sample" "/workspace/builds/worker-5/source", kill_on_drop: false }`
[INFO] [stderr] Cloning into '/workspace/builds/worker-5/source'...
[INFO] [stderr] done.
[INFO] validating manifest of git repo https://github.com/crome110/iiif_images_sample on toolchain 1.55.0
[INFO] running `Command { std: "/workspace/cargo-home/bin/cargo" "+1.55.0" "metadata" "--manifest-path" "Cargo.toml" "--no-deps", kill_on_drop: false }`
[INFO] started tweaking git repo https://github.com/crome110/iiif_images_sample
[INFO] finished tweaking git repo https://github.com/crome110/iiif_images_sample
[INFO] tweaked toml for git repo https://github.com/crome110/iiif_images_sample written to /workspace/builds/worker-5/source/Cargo.toml
[INFO] crate git repo https://github.com/crome110/iiif_images_sample already has a lockfile, it will not be regenerated
[INFO] running `Command { std: "/workspace/cargo-home/bin/cargo" "+1.55.0" "fetch" "--manifest-path" "Cargo.toml", kill_on_drop: false }`
[INFO] running `Command { std: "docker" "create" "-v" "/var/lib/crater-agent-workspace/builds/worker-5/target:/opt/rustwide/target:rw,Z" "-v" "/var/lib/crater-agent-workspace/builds/worker-5/source:/opt/rustwide/workdir:ro,Z" "-v" "/var/lib/crater-agent-workspace/cargo-home:/opt/rustwide/cargo-home:ro,Z" "-v" "/var/lib/crater-agent-workspace/rustup-home:/opt/rustwide/rustup-home:ro,Z" "-e" "SOURCE_DIR=/opt/rustwide/workdir" "-e" "CARGO_TARGET_DIR=/opt/rustwide/target" "-e" "CARGO_HOME=/opt/rustwide/cargo-home" "-e" "RUSTUP_HOME=/opt/rustwide/rustup-home" "-w" "/opt/rustwide/workdir" "-m" "1610612736" "--user" "0:0" "--network" "none" "ghcr.io/rust-lang/crates-build-env/linux@sha256:a89201d6b5b9fd45c15d5952ece0a0129e7e80cb26ec023fd59cf09bc26f1604" "/opt/rustwide/cargo-home/bin/cargo" "+1.55.0" "metadata" "--no-deps" "--format-version=1", kill_on_drop: false }`
[INFO] [stdout] 81c56ae48f5430aec114f53bc9e7fb79182ac0d9c283d3ea6bf8445efdcd6b24
[INFO] [stderr] WARNING: Your kernel does not support swap limit capabilities or the cgroup is not mounted. Memory limited without swap.
[INFO] running `Command { std: "docker" "start" "-a" "81c56ae48f5430aec114f53bc9e7fb79182ac0d9c283d3ea6bf8445efdcd6b24", kill_on_drop: false }`
[INFO] running `Command { std: "docker" "inspect" "81c56ae48f5430aec114f53bc9e7fb79182ac0d9c283d3ea6bf8445efdcd6b24", kill_on_drop: false }`
[INFO] running `Command { std: "docker" "rm" "-f" "81c56ae48f5430aec114f53bc9e7fb79182ac0d9c283d3ea6bf8445efdcd6b24", kill_on_drop: false }`
[INFO] [stdout] 81c56ae48f5430aec114f53bc9e7fb79182ac0d9c283d3ea6bf8445efdcd6b24
[INFO] running `Command { std: "docker" "create" "-v" "/var/lib/crater-agent-workspace/builds/worker-5/target:/opt/rustwide/target:rw,Z" "-v" "/var/lib/crater-agent-workspace/builds/worker-5/source:/opt/rustwide/workdir:ro,Z" "-v" "/var/lib/crater-agent-workspace/cargo-home:/opt/rustwide/cargo-home:ro,Z" "-v" "/var/lib/crater-agent-workspace/rustup-home:/opt/rustwide/rustup-home:ro,Z" "-e" "SOURCE_DIR=/opt/rustwide/workdir" "-e" "CARGO_TARGET_DIR=/opt/rustwide/target" "-e" "CARGO_INCREMENTAL=0" "-e" "RUST_BACKTRACE=full" "-e" "RUSTFLAGS=--cap-lints=warn" "-e" "CARGO_HOME=/opt/rustwide/cargo-home" "-e" "RUSTUP_HOME=/opt/rustwide/rustup-home" "-w" "/opt/rustwide/workdir" "-m" "1610612736" "--user" "0:0" "--network" "none" "ghcr.io/rust-lang/crates-build-env/linux@sha256:a89201d6b5b9fd45c15d5952ece0a0129e7e80cb26ec023fd59cf09bc26f1604" "/opt/rustwide/cargo-home/bin/cargo" "+1.55.0" "check" "--frozen" "--all" "--all-targets" "--message-format=json", kill_on_drop: false }`
[INFO] [stdout] 681ac18fd122c62d23bee960973101f04b607cfb58da303147c892c04c3cba0d
[INFO] [stderr] WARNING: Your kernel does not support swap limit capabilities or the cgroup is not mounted. Memory limited without swap.
[INFO] running `Command { std: "docker" "start" "-a" "681ac18fd122c62d23bee960973101f04b607cfb58da303147c892c04c3cba0d", kill_on_drop: false }`
[INFO] [stderr]    Compiling syn v0.15.34
[INFO] [stderr]     Checking num_cpus v1.10.0
[INFO] [stderr]     Checking bytes v0.4.12
[INFO] [stderr]     Checking cookie v0.12.0
[INFO] [stderr]     Checking parking_lot_core v0.4.0
[INFO] [stderr]     Checking publicsuffix v1.5.2
[INFO] [stderr]     Checking tokio-threadpool v0.1.14
[INFO] [stderr]     Checking futures-cpupool v0.1.8
[INFO] [stderr]     Checking parking_lot v0.7.1
[INFO] [stderr]     Checking tokio-io v0.1.12
[INFO] [stderr]     Checking http v0.1.17
[INFO] [stderr]     Checking string v0.2.0
[INFO] [stderr]     Checking tokio-buf v0.1.1
[INFO] [stderr]     Checking tokio-reactor v0.1.9
[INFO] [stderr]     Checking tokio-tcp v0.1.3
[INFO] [stderr]     Checking tokio v0.1.21
[INFO] [stderr]     Checking h2 v0.1.23
[INFO] [stderr]     Checking http-body v0.1.0
[INFO] [stderr]    Compiling synstructure v0.10.2
[INFO] [stderr]    Compiling serde_derive v1.0.92
[INFO] [stderr]    Compiling failure_derive v0.1.5
[INFO] [stderr]     Checking hyper v0.12.29
[INFO] [stderr]     Checking failure v0.1.5
[INFO] [stderr]     Checking hyper-tls v0.3.2
[INFO] [stderr]     Checking serde v1.0.92
[INFO] [stderr]     Checking serde_json v1.0.39
[INFO] [stderr]     Checking serde_urlencoded v0.5.5
[INFO] [stderr]     Checking cookie_store v0.7.0
[INFO] [stderr]     Checking reqwest v0.9.17
[INFO] [stderr]     Checking iiif_images v0.1.0 (/opt/rustwide/workdir)
[INFO] [stdout] error[E0557]: feature has been removed
[INFO] [stdout]  --> src/main.rs:1:12
[INFO] [stdout]   |
[INFO] [stdout] 1 | #![feature(custom_attribute)]
[INFO] [stdout]   |            ^^^^^^^^^^^^^^^^ feature has been removed
[INFO] [stdout]   |
[INFO] [stdout]   = note: removed in favor of `#![register_tool]` and `#![register_attr]`
[INFO] [stdout] 
[INFO] [stdout] 
[INFO] [stdout] error[E0557]: feature has been removed
[INFO] [stdout]  --> src/main.rs:1:12
[INFO] [stdout]   |
[INFO] [stdout] 1 | #![feature(custom_attribute)]
[INFO] [stdout]   |            ^^^^^^^^^^^^^^^^ feature has been removed
[INFO] [stdout]   |
[INFO] [stdout]   = note: removed in favor of `#![register_tool]` and `#![register_attr]`
[INFO] [stdout] 
[INFO] [stdout] 
[INFO] [stdout] error[E0554]: `#![feature]` may not be used on the stable release channel
[INFO] [stdout]  --> src/main.rs:1:1
[INFO] [stdout]   |
[INFO] [stdout] 1 | #![feature(custom_attribute)]
[INFO] [stdout]   | ^^^^^^^^^^^^^^^^^^^^^^^^^^^^^
[INFO] [stdout] 
[INFO] [stdout] 
[INFO] [stdout] error[E0554]: `#![feature]` may not be used on the stable release channel
[INFO] [stdout]  --> src/main.rs:1:1
[INFO] [stdout]   |
[INFO] [stdout] 1 | #![feature(custom_attribute)]
[INFO] [stdout]   | ^^^^^^^^^^^^^^^^^^^^^^^^^^^^^
[INFO] [stdout] 
[INFO] [stdout] 
[INFO] [stdout] error: aborting due to 2 previous errors
[INFO] [stdout] 
[INFO] [stdout] 
[INFO] [stdout] Some errors have detailed explanations: E0554, E0557.
[INFO] [stdout] 
[INFO] [stdout] For more information about an error, try `rustc --explain E0554`.
[INFO] [stdout] 
[INFO] [stderr] error: could not compile `iiif_images` due to 3 previous errors
[INFO] [stderr] warning: build failed, waiting for other jobs to finish...
[INFO] [stdout] error: aborting due to 2 previous errors
[INFO] [stdout] 
[INFO] [stdout] 
[INFO] [stdout] Some errors have detailed explanations: E0554, E0557.
[INFO] [stdout] 
[INFO] [stdout] For more information about an error, try `rustc --explain E0554`.
[INFO] [stdout] 
[INFO] [stderr] error: build failed
[INFO] running `Command { std: "docker" "inspect" "681ac18fd122c62d23bee960973101f04b607cfb58da303147c892c04c3cba0d", kill_on_drop: false }`
[INFO] running `Command { std: "docker" "rm" "-f" "681ac18fd122c62d23bee960973101f04b607cfb58da303147c892c04c3cba0d", kill_on_drop: false }`
[INFO] [stdout] 681ac18fd122c62d23bee960973101f04b607cfb58da303147c892c04c3cba0d
