[INFO] cloning repository https://github.com/crocinc/aurora-rust-gui
[INFO] running `Command { std: "git" "-c" "credential.helper=" "-c" "credential.helper=/workspace/cargo-home/bin/git-credential-null" "clone" "--bare" "https://github.com/crocinc/aurora-rust-gui" "/workspace/cache/git-repos/https%3A%2F%2Fgithub.com%2Fcrocinc%2Faurora-rust-gui", kill_on_drop: false }`
[INFO] [stderr] Cloning into bare repository '/workspace/cache/git-repos/https%3A%2F%2Fgithub.com%2Fcrocinc%2Faurora-rust-gui'...
[INFO] running `Command { std: "git" "rev-parse" "HEAD", kill_on_drop: false }`
[INFO] [stdout] 67736d7c662f30519ba3157873cdd89aa87db91b
[INFO] checking crocinc/aurora-rust-gui against 1.55.0 for beta-1.56-3
[INFO] running `Command { std: "git" "clone" "/workspace/cache/git-repos/https%3A%2F%2Fgithub.com%2Fcrocinc%2Faurora-rust-gui" "/workspace/builds/worker-7/source", kill_on_drop: false }`
[INFO] [stderr] Cloning into '/workspace/builds/worker-7/source'...
[INFO] [stderr] done.
[INFO] [stderr] Updating files:  99% (4875/4898)
Updating files: 100% (4898/4898)
Updating files: 100% (4898/4898), done.
[INFO] validating manifest of git repo https://github.com/crocinc/aurora-rust-gui on toolchain 1.55.0
[INFO] running `Command { std: "/workspace/cargo-home/bin/cargo" "+1.55.0" "metadata" "--manifest-path" "Cargo.toml" "--no-deps", kill_on_drop: false }`
[INFO] removed /workspace/builds/worker-7/source/.cargo/config.toml
[INFO] started tweaking git repo https://github.com/crocinc/aurora-rust-gui
[INFO] finished tweaking git repo https://github.com/crocinc/aurora-rust-gui
[INFO] tweaked toml for git repo https://github.com/crocinc/aurora-rust-gui written to /workspace/builds/worker-7/source/Cargo.toml
[INFO] crate git repo https://github.com/crocinc/aurora-rust-gui already has a lockfile, it will not be regenerated
[INFO] running `Command { std: "/workspace/cargo-home/bin/cargo" "+1.55.0" "fetch" "--manifest-path" "Cargo.toml", kill_on_drop: false }`
[INFO] [stderr]     Blocking waiting for file lock on package cache
[INFO] [stderr]     Blocking waiting for file lock on package cache
[INFO] [stderr]  Downloading crates ...
[INFO] [stderr]   Downloaded cpp v0.5.6
[INFO] [stderr]   Downloaded cpp_macros v0.5.6
[INFO] [stderr]   Downloaded cpp_common v0.5.6
[INFO] [stderr]   Downloaded cpp_build v0.5.6
[INFO] running `Command { std: "docker" "create" "-v" "/var/lib/crater-agent-workspace/builds/worker-7/target:/opt/rustwide/target:rw,Z" "-v" "/var/lib/crater-agent-workspace/builds/worker-7/source:/opt/rustwide/workdir:ro,Z" "-v" "/var/lib/crater-agent-workspace/cargo-home:/opt/rustwide/cargo-home:ro,Z" "-v" "/var/lib/crater-agent-workspace/rustup-home:/opt/rustwide/rustup-home:ro,Z" "-e" "SOURCE_DIR=/opt/rustwide/workdir" "-e" "CARGO_TARGET_DIR=/opt/rustwide/target" "-e" "CARGO_HOME=/opt/rustwide/cargo-home" "-e" "RUSTUP_HOME=/opt/rustwide/rustup-home" "-w" "/opt/rustwide/workdir" "-m" "1610612736" "--user" "0:0" "--network" "none" "ghcr.io/rust-lang/crates-build-env/linux@sha256:a89201d6b5b9fd45c15d5952ece0a0129e7e80cb26ec023fd59cf09bc26f1604" "/opt/rustwide/cargo-home/bin/cargo" "+1.55.0" "metadata" "--no-deps" "--format-version=1", kill_on_drop: false }`
[INFO] [stdout] 05b32031115d69b7d51cb7e9add55fac6d28df486a61885e4aa45952374226a0
[INFO] [stderr] WARNING: Your kernel does not support swap limit capabilities or the cgroup is not mounted. Memory limited without swap.
[INFO] running `Command { std: "docker" "start" "-a" "05b32031115d69b7d51cb7e9add55fac6d28df486a61885e4aa45952374226a0", kill_on_drop: false }`
[INFO] running `Command { std: "docker" "inspect" "05b32031115d69b7d51cb7e9add55fac6d28df486a61885e4aa45952374226a0", kill_on_drop: false }`
[INFO] running `Command { std: "docker" "rm" "-f" "05b32031115d69b7d51cb7e9add55fac6d28df486a61885e4aa45952374226a0", kill_on_drop: false }`
[INFO] [stdout] 05b32031115d69b7d51cb7e9add55fac6d28df486a61885e4aa45952374226a0
[INFO] running `Command { std: "docker" "create" "-v" "/var/lib/crater-agent-workspace/builds/worker-7/target:/opt/rustwide/target:rw,Z" "-v" "/var/lib/crater-agent-workspace/builds/worker-7/source:/opt/rustwide/workdir:ro,Z" "-v" "/var/lib/crater-agent-workspace/cargo-home:/opt/rustwide/cargo-home:ro,Z" "-v" "/var/lib/crater-agent-workspace/rustup-home:/opt/rustwide/rustup-home:ro,Z" "-e" "SOURCE_DIR=/opt/rustwide/workdir" "-e" "CARGO_TARGET_DIR=/opt/rustwide/target" "-e" "CARGO_INCREMENTAL=0" "-e" "RUST_BACKTRACE=full" "-e" "RUSTFLAGS=--cap-lints=warn" "-e" "CARGO_HOME=/opt/rustwide/cargo-home" "-e" "RUSTUP_HOME=/opt/rustwide/rustup-home" "-w" "/opt/rustwide/workdir" "-m" "1610612736" "--user" "0:0" "--network" "none" "ghcr.io/rust-lang/crates-build-env/linux@sha256:a89201d6b5b9fd45c15d5952ece0a0129e7e80cb26ec023fd59cf09bc26f1604" "/opt/rustwide/cargo-home/bin/cargo" "+1.55.0" "check" "--frozen" "--all" "--all-targets" "--message-format=json", kill_on_drop: false }`
[INFO] [stdout] c3d7fc81e512e7968e0f848890b792681433e93ef5c9a65a1d092e165951f145
[INFO] [stderr] WARNING: Your kernel does not support swap limit capabilities or the cgroup is not mounted. Memory limited without swap.
[INFO] running `Command { std: "docker" "start" "-a" "c3d7fc81e512e7968e0f848890b792681433e93ef5c9a65a1d092e165951f145", kill_on_drop: false }`
[INFO] [stderr]     Blocking waiting for file lock on package cache
[INFO] [stderr]    Compiling syn v1.0.60
[INFO] [stderr]    Compiling thread_local v1.1.3
[INFO] [stderr]    Compiling regex v1.4.3
[INFO] [stderr]    Compiling cpp_common v0.5.6
[INFO] [stderr]    Compiling cpp_build v0.5.6
[INFO] [stderr]    Compiling aurora-rust-gui v0.1.0 (/opt/rustwide/workdir)
[INFO] [stderr]    Compiling cpp_macros v0.5.6
[INFO] [stderr] The following warnings were emitted during compilation:
[INFO] [stderr] 
[INFO] [stderr] warning: c++: error: unrecognized command line option '-mfloat-abi=hard'
[INFO] [stderr] warning: c++: error: unrecognized command line option '-mfpu=neon'
[INFO] [stderr] warning: c++: error: unrecognized command line option '-mthumb'
[INFO] [stderr] 
[INFO] [stderr] error: failed to run custom build command for `aurora-rust-gui v0.1.0 (/opt/rustwide/workdir)`
[INFO] [stderr] 
[INFO] [stderr] Caused by:
[INFO] [stderr]   process didn't exit successfully: `/opt/rustwide/target/debug/build/aurora-rust-gui-45ac0bf86f780154/build-script-build` (exit status: 1)
[INFO] [stderr]   --- stdout
[INFO] [stderr]   TARGET = Some("x86_64-unknown-linux-gnu")
[INFO] [stderr]   HOST = Some("x86_64-unknown-linux-gnu")
[INFO] [stderr]   CXX_x86_64-unknown-linux-gnu = None
[INFO] [stderr]   CXX_x86_64_unknown_linux_gnu = None
[INFO] [stderr]   HOST_CXX = None
[INFO] [stderr]   CXX = None
[INFO] [stderr]   CXXFLAGS_x86_64-unknown-linux-gnu = None
[INFO] [stderr]   CXXFLAGS_x86_64_unknown_linux_gnu = None
[INFO] [stderr]   HOST_CXXFLAGS = None
[INFO] [stderr]   CXXFLAGS = None
[INFO] [stderr]   CRATE_CC_NO_DEFAULTS = None
[INFO] [stderr]   DEBUG = Some("true")
[INFO] [stderr]   CARGO_CFG_TARGET_FEATURE = Some("fxsr,sse,sse2")
[INFO] [stderr]   running: "c++" "-O2" "-ffunction-sections" "-fdata-sections" "-fPIC" "-g" "-fno-omit-frame-pointer" "-m64" "-I" "/opt/rustwide/workdir" "-I" "include" "-I" "include/qt5" "-I" "include/sailfishapp" "-Wall" "-Wextra" "-std=gnu++1y" "-mfloat-abi=hard" "-mfpu=neon" "-mthumb" "-o" "/opt/rustwide/target/debug/build/aurora-rust-gui-1551ce697bce4faa/out/rust_cpp/cpp_closures.o" "-c" "/opt/rustwide/target/debug/build/aurora-rust-gui-1551ce697bce4faa/out/rust_cpp/cpp_closures.cpp"
[INFO] [stderr]   cargo:warning=c++: error: unrecognized command line option '-mfloat-abi=hard'
[INFO] [stderr]   cargo:warning=c++: error: unrecognized command line option '-mfpu=neon'
[INFO] [stderr]   cargo:warning=c++: error: unrecognized command line option '-mthumb'
[INFO] [stderr]   exit status: 1
[INFO] [stderr] 
[INFO] [stderr]   --- stderr
[INFO] [stderr] 
[INFO] [stderr] 
[INFO] [stderr]   error occurred: ToolExecError: Command "c++" "-O2" "-ffunction-sections" "-fdata-sections" "-fPIC" "-g" "-fno-omit-frame-pointer" "-m64" "-I" "/opt/rustwide/workdir" "-I" "include" "-I" "include/qt5" "-I" "include/sailfishapp" "-Wall" "-Wextra" "-std=gnu++1y" "-mfloat-abi=hard" "-mfpu=neon" "-mthumb" "-o" "/opt/rustwide/target/debug/build/aurora-rust-gui-1551ce697bce4faa/out/rust_cpp/cpp_closures.o" "-c" "/opt/rustwide/target/debug/build/aurora-rust-gui-1551ce697bce4faa/out/rust_cpp/cpp_closures.cpp" with args "c++" did not execute successfully (status code exit status: 1).
[INFO] [stderr] 
[INFO] [stderr] 
[INFO] [stderr] warning: build failed, waiting for other jobs to finish...
[INFO] [stderr] error: build failed
[INFO] running `Command { std: "docker" "inspect" "c3d7fc81e512e7968e0f848890b792681433e93ef5c9a65a1d092e165951f145", kill_on_drop: false }`
[INFO] running `Command { std: "docker" "rm" "-f" "c3d7fc81e512e7968e0f848890b792681433e93ef5c9a65a1d092e165951f145", kill_on_drop: false }`
[INFO] [stdout] c3d7fc81e512e7968e0f848890b792681433e93ef5c9a65a1d092e165951f145
