[INFO] cloning repository https://github.com/crochee/build_rust
[INFO] running `Command { std: "git" "-c" "credential.helper=" "-c" "credential.helper=/workspace/cargo-home/bin/git-credential-null" "clone" "--bare" "https://github.com/crochee/build_rust" "/workspace/cache/git-repos/https%3A%2F%2Fgithub.com%2Fcrochee%2Fbuild_rust", kill_on_drop: false }`
[INFO] [stderr] Cloning into bare repository '/workspace/cache/git-repos/https%3A%2F%2Fgithub.com%2Fcrochee%2Fbuild_rust'...
[INFO] running `Command { std: "git" "rev-parse" "HEAD", kill_on_drop: false }`
[INFO] [stdout] 9a51add228166200bf052be2d238486f19aa58a3
[INFO] checking crochee/build_rust against 1.55.0 for beta-1.56-3
[INFO] running `Command { std: "git" "clone" "/workspace/cache/git-repos/https%3A%2F%2Fgithub.com%2Fcrochee%2Fbuild_rust" "/workspace/builds/worker-4/source", kill_on_drop: false }`
[INFO] [stderr] Cloning into '/workspace/builds/worker-4/source'...
[INFO] [stderr] done.
[INFO] validating manifest of git repo https://github.com/crochee/build_rust on toolchain 1.55.0
[INFO] running `Command { std: "/workspace/cargo-home/bin/cargo" "+1.55.0" "metadata" "--manifest-path" "Cargo.toml" "--no-deps", kill_on_drop: false }`
[INFO] started tweaking git repo https://github.com/crochee/build_rust
[INFO] finished tweaking git repo https://github.com/crochee/build_rust
[INFO] tweaked toml for git repo https://github.com/crochee/build_rust written to /workspace/builds/worker-4/source/Cargo.toml
[INFO] crate git repo https://github.com/crochee/build_rust already has a lockfile, it will not be regenerated
[INFO] running `Command { std: "/workspace/cargo-home/bin/cargo" "+1.55.0" "fetch" "--manifest-path" "Cargo.toml", kill_on_drop: false }`
[INFO] [stderr]     Blocking waiting for file lock on package cache
[INFO] running `Command { std: "docker" "create" "-v" "/var/lib/crater-agent-workspace/builds/worker-4/target:/opt/rustwide/target:rw,Z" "-v" "/var/lib/crater-agent-workspace/builds/worker-4/source:/opt/rustwide/workdir:ro,Z" "-v" "/var/lib/crater-agent-workspace/cargo-home:/opt/rustwide/cargo-home:ro,Z" "-v" "/var/lib/crater-agent-workspace/rustup-home:/opt/rustwide/rustup-home:ro,Z" "-e" "SOURCE_DIR=/opt/rustwide/workdir" "-e" "CARGO_TARGET_DIR=/opt/rustwide/target" "-e" "CARGO_HOME=/opt/rustwide/cargo-home" "-e" "RUSTUP_HOME=/opt/rustwide/rustup-home" "-w" "/opt/rustwide/workdir" "-m" "1610612736" "--user" "0:0" "--network" "none" "ghcr.io/rust-lang/crates-build-env/linux@sha256:a89201d6b5b9fd45c15d5952ece0a0129e7e80cb26ec023fd59cf09bc26f1604" "/opt/rustwide/cargo-home/bin/cargo" "+1.55.0" "metadata" "--no-deps" "--format-version=1", kill_on_drop: false }`
[INFO] [stderr] WARNING: Your kernel does not support swap limit capabilities or the cgroup is not mounted. Memory limited without swap.
[INFO] [stdout] 19f4feffc1544a6a029f562c594e7438c5dba26bfbac6bf2650144a5e7c53c91
[INFO] running `Command { std: "docker" "start" "-a" "19f4feffc1544a6a029f562c594e7438c5dba26bfbac6bf2650144a5e7c53c91", kill_on_drop: false }`
[INFO] running `Command { std: "docker" "inspect" "19f4feffc1544a6a029f562c594e7438c5dba26bfbac6bf2650144a5e7c53c91", kill_on_drop: false }`
[INFO] running `Command { std: "docker" "rm" "-f" "19f4feffc1544a6a029f562c594e7438c5dba26bfbac6bf2650144a5e7c53c91", kill_on_drop: false }`
[INFO] [stdout] 19f4feffc1544a6a029f562c594e7438c5dba26bfbac6bf2650144a5e7c53c91
[INFO] running `Command { std: "docker" "create" "-v" "/var/lib/crater-agent-workspace/builds/worker-4/target:/opt/rustwide/target:rw,Z" "-v" "/var/lib/crater-agent-workspace/builds/worker-4/source:/opt/rustwide/workdir:ro,Z" "-v" "/var/lib/crater-agent-workspace/cargo-home:/opt/rustwide/cargo-home:ro,Z" "-v" "/var/lib/crater-agent-workspace/rustup-home:/opt/rustwide/rustup-home:ro,Z" "-e" "SOURCE_DIR=/opt/rustwide/workdir" "-e" "CARGO_TARGET_DIR=/opt/rustwide/target" "-e" "CARGO_INCREMENTAL=0" "-e" "RUST_BACKTRACE=full" "-e" "RUSTFLAGS=--cap-lints=warn" "-e" "CARGO_HOME=/opt/rustwide/cargo-home" "-e" "RUSTUP_HOME=/opt/rustwide/rustup-home" "-w" "/opt/rustwide/workdir" "-m" "1610612736" "--user" "0:0" "--network" "none" "ghcr.io/rust-lang/crates-build-env/linux@sha256:a89201d6b5b9fd45c15d5952ece0a0129e7e80cb26ec023fd59cf09bc26f1604" "/opt/rustwide/cargo-home/bin/cargo" "+1.55.0" "check" "--frozen" "--all" "--all-targets" "--message-format=json", kill_on_drop: false }`
[INFO] [stdout] 922b3660938e174ba2c0199f5d550acc7ff5eeb919032b304bcffa56a7c9004e
[INFO] [stderr] WARNING: Your kernel does not support swap limit capabilities or the cgroup is not mounted. Memory limited without swap.
[INFO] running `Command { std: "docker" "start" "-a" "922b3660938e174ba2c0199f5d550acc7ff5eeb919032b304bcffa56a7c9004e", kill_on_drop: false }`
[INFO] [stderr]     Blocking waiting for file lock on package cache
[INFO] [stderr]    Compiling log v0.4.11
[INFO] [stderr]     Checking futures-io v0.3.7
[INFO] [stderr]     Checking crochee_plugin v0.1.0
[INFO] [stderr]    Compiling time v0.2.22
[INFO] [stderr]     Checking libloading v0.6.5
[INFO] [stderr]     Checking futures-task v0.3.7
[INFO] [stderr]     Checking parking_lot_core v0.8.0
[INFO] [stderr]     Checking hostname v0.3.1
[INFO] [stderr]     Checking thread-id v3.3.0
[INFO] [stderr]     Checking threadpool v1.8.1
[INFO] [stderr]     Checking brotli-sys v0.3.2
[INFO] [stderr]     Checking backtrace v0.3.54
[INFO] [stderr]     Checking flate2 v1.0.18
[INFO] [stderr]     Checking ordered-float v1.1.0
[INFO] [stderr]    Compiling derive_more v0.99.11
[INFO] [stderr]    Compiling actix-macros v0.1.2
[INFO] [stderr]     Checking rand_chacha v0.2.2
[INFO] [stderr]    Compiling time-macros-impl v0.1.1
[INFO] [stderr]    Compiling async-trait v0.1.41
[INFO] [stderr]    Compiling enum-as-inner v0.3.3
[INFO] [stderr]    Compiling actix-web-codegen v0.4.0
[INFO] [stderr]     Checking chrono v0.4.19
[INFO] [stderr]     Checking resolv-conf v0.6.3
[INFO] [stderr]     Checking brotli2 v0.3.2
[INFO] [stderr]     Checking serde_yaml v0.8.14
[INFO] [stderr]     Checking futures-util v0.3.7
[INFO] [stderr]     Checking serde-value v0.6.0
[INFO] [stderr]     Checking parking_lot v0.11.0
[INFO] [stderr]     Checking rand v0.7.3
[INFO] [stderr]     Checking mio v0.6.22
[INFO] [stderr]     Checking tracing v0.1.21
[INFO] [stderr]     Checking actix-router v0.2.5
[INFO] [stderr]     Checking tracing-futures v0.2.4
[INFO] [stderr]     Checking log4rs v0.13.0
[INFO] [stderr]     Checking time-macros v0.1.1
[INFO] [stderr]     Checking mio-uds v0.6.8
[INFO] [stderr]     Checking tokio v0.2.22
[INFO] [stderr]     Checking cookie v0.14.2
[INFO] [stderr]     Checking actix-service v1.0.6
[INFO] [stderr]     Checking futures v0.3.7
[INFO] [stderr]     Checking actix-threadpool v0.3.3
[INFO] [stderr]     Checking tokio-util v0.3.1
[INFO] [stderr]     Checking actix-rt v1.1.1
[INFO] [stderr]     Checking trust-dns-proto v0.19.5
[INFO] [stderr]     Checking actix-codec v0.3.0
[INFO] [stderr]     Checking h2 v0.2.7
[INFO] [stderr]     Checking actix-utils v2.0.0
[INFO] [stderr]     Checking actix-server v1.0.4
[INFO] [stderr]     Checking actix-tls v2.0.0
[INFO] [stderr]     Checking trust-dns-resolver v0.19.5
[INFO] [stderr]     Checking actix-testing v1.0.1
[INFO] [stderr]     Checking actix-connect v2.0.0
[INFO] [stderr]     Checking actix-http v2.1.0
[INFO] [stderr]     Checking awc v2.0.1
[INFO] [stderr]     Checking actix-web v3.2.0
[INFO] [stderr]     Checking system-build-rust v0.1.0 (/opt/rustwide/workdir)
[INFO] [stdout] error[E0412]: cannot find type `Result` in crate `lib`
[INFO] [stdout]   --> src/controller/build.rs:35:59
[INFO] [stdout]    |
[INFO] [stdout] 35 | fn call_dynamic(name: String, plu: PluginContent) -> lib::Result<impl Plugin> {
[INFO] [stdout]    |                                                           ^^^^^^ not found in `lib`
[INFO] [stdout]    |
[INFO] [stdout] help: consider importing one of these items
[INFO] [stdout]    |
[INFO] [stdout] 1  | use actix_web::Result;
[INFO] [stdout]    |
[INFO] [stdout] 1  | use core::fmt::Result;
[INFO] [stdout]    |
[INFO] [stdout] 1  | use core::result::Result;
[INFO] [stdout]    |
[INFO] [stdout] 1  | use serde::export::Result;
[INFO] [stdout]    |
[INFO] [stdout]      and 5 other candidates
[INFO] [stdout] 
[INFO] [stdout] 
[INFO] [stdout] error[E0562]: `impl Trait` not allowed outside of function and method return types
[INFO] [stdout]   --> src/controller/build.rs:38:82
[INFO] [stdout]    |
[INFO] [stdout] 38 |         let plugin_func: lib::Symbol<unsafe fn(String, usize, String, String) -> impl Plugin>
[INFO] [stdout]    |                                                                                  ^^^^^^^^^^^
[INFO] [stdout] 
[INFO] [stdout] 
[INFO] [stdout] error[E0412]: cannot find type `Result` in crate `lib`
[INFO] [stdout]   --> src/controller/build.rs:35:59
[INFO] [stdout]    |
[INFO] [stdout] 35 | fn call_dynamic(name: String, plu: PluginContent) -> lib::Result<impl Plugin> {
[INFO] [stdout]    |                                                           ^^^^^^ not found in `lib`
[INFO] [stdout]    |
[INFO] [stdout] help: consider importing one of these items
[INFO] [stdout]    |
[INFO] [stdout] 1  | use actix_web::Result;
[INFO] [stdout]    |
[INFO] [stdout] 1  | use core::fmt::Result;
[INFO] [stdout]    |
[INFO] [stdout] 1  | use core::result::Result;
[INFO] [stdout]    |
[INFO] [stdout] 1  | use serde::export::Result;
[INFO] [stdout]    |
[INFO] [stdout]      and 5 other candidates
[INFO] [stdout] 
[INFO] [stdout] 
[INFO] [stdout] error[E0562]: `impl Trait` not allowed outside of function and method return types
[INFO] [stdout]   --> src/controller/build.rs:38:82
[INFO] [stdout]    |
[INFO] [stdout] 38 |         let plugin_func: lib::Symbol<unsafe fn(String, usize, String, String) -> impl Plugin>
[INFO] [stdout]    |                                                                                  ^^^^^^^^^^^
[INFO] [stdout] 
[INFO] [stdout] 
[INFO] [stdout] error: aborting due to 2 previous errors
[INFO] [stdout] 
[INFO] [stdout] 
[INFO] [stdout] Some errors have detailed explanations: E0412, E0562.
[INFO] [stdout] 
[INFO] [stdout] For more information about an error, try `rustc --explain E0412`.
[INFO] [stdout] 
[INFO] [stderr] error: could not compile `system-build-rust` due to 3 previous errors
[INFO] [stderr] warning: build failed, waiting for other jobs to finish...
[INFO] [stdout] error: aborting due to 2 previous errors
[INFO] [stdout] 
[INFO] [stdout] 
[INFO] [stdout] Some errors have detailed explanations: E0412, E0562.
[INFO] [stdout] 
[INFO] [stdout] For more information about an error, try `rustc --explain E0412`.
[INFO] [stdout] 
[INFO] [stderr] error: build failed
[INFO] running `Command { std: "docker" "inspect" "922b3660938e174ba2c0199f5d550acc7ff5eeb919032b304bcffa56a7c9004e", kill_on_drop: false }`
[INFO] running `Command { std: "docker" "rm" "-f" "922b3660938e174ba2c0199f5d550acc7ff5eeb919032b304bcffa56a7c9004e", kill_on_drop: false }`
[INFO] [stdout] 922b3660938e174ba2c0199f5d550acc7ff5eeb919032b304bcffa56a7c9004e
