[INFO] cloning repository https://github.com/cowboy8625/RustyRain
[INFO] running `Command { std: "git" "-c" "credential.helper=" "-c" "credential.helper=/workspace/cargo-home/bin/git-credential-null" "clone" "--bare" "https://github.com/cowboy8625/RustyRain" "/workspace/cache/git-repos/https%3A%2F%2Fgithub.com%2Fcowboy8625%2FRustyRain", kill_on_drop: false }`
[INFO] [stderr] Cloning into bare repository '/workspace/cache/git-repos/https%3A%2F%2Fgithub.com%2Fcowboy8625%2FRustyRain'...
[INFO] running `Command { std: "git" "rev-parse" "HEAD", kill_on_drop: false }`
[INFO] [stdout] ec4b5a9f8ebd11c5c721c7c98b43ade8681521f7
[INFO] checking cowboy8625/RustyRain against beta-2021-10-15 for beta-1.56-3
[INFO] running `Command { std: "git" "clone" "/workspace/cache/git-repos/https%3A%2F%2Fgithub.com%2Fcowboy8625%2FRustyRain" "/workspace/builds/worker-13/source", kill_on_drop: false }`
[INFO] [stderr] Cloning into '/workspace/builds/worker-13/source'...
[INFO] [stderr] done.
[INFO] validating manifest of git repo https://github.com/cowboy8625/RustyRain on toolchain beta-2021-10-15
[INFO] running `Command { std: "/workspace/cargo-home/bin/cargo" "+beta-2021-10-15" "metadata" "--manifest-path" "Cargo.toml" "--no-deps", kill_on_drop: false }`
[INFO] started tweaking git repo https://github.com/cowboy8625/RustyRain
[INFO] finished tweaking git repo https://github.com/cowboy8625/RustyRain
[INFO] tweaked toml for git repo https://github.com/cowboy8625/RustyRain written to /workspace/builds/worker-13/source/Cargo.toml
[INFO] running `Command { std: "/workspace/cargo-home/bin/cargo" "+beta-2021-10-15" "generate-lockfile" "--manifest-path" "Cargo.toml" "-Zno-index-update", kill_on_drop: false }`
[INFO] running `Command { std: "/workspace/cargo-home/bin/cargo" "+beta-2021-10-15" "fetch" "--manifest-path" "Cargo.toml", kill_on_drop: false }`
[INFO] [stderr]     Blocking waiting for file lock on package cache
[INFO] [stderr]  Downloading crates ...
[INFO] [stderr]   Downloaded ezemoji v0.2.1
[INFO] running `Command { std: "docker" "create" "-v" "/var/lib/crater-agent-workspace/builds/worker-13/target:/opt/rustwide/target:rw,Z" "-v" "/var/lib/crater-agent-workspace/builds/worker-13/source:/opt/rustwide/workdir:ro,Z" "-v" "/var/lib/crater-agent-workspace/cargo-home:/opt/rustwide/cargo-home:ro,Z" "-v" "/var/lib/crater-agent-workspace/rustup-home:/opt/rustwide/rustup-home:ro,Z" "-e" "SOURCE_DIR=/opt/rustwide/workdir" "-e" "CARGO_TARGET_DIR=/opt/rustwide/target" "-e" "CARGO_HOME=/opt/rustwide/cargo-home" "-e" "RUSTUP_HOME=/opt/rustwide/rustup-home" "-w" "/opt/rustwide/workdir" "-m" "1610612736" "--user" "0:0" "--network" "none" "ghcr.io/rust-lang/crates-build-env/linux@sha256:a89201d6b5b9fd45c15d5952ece0a0129e7e80cb26ec023fd59cf09bc26f1604" "/opt/rustwide/cargo-home/bin/cargo" "+beta-2021-10-15" "metadata" "--no-deps" "--format-version=1", kill_on_drop: false }`
[INFO] [stderr] WARNING: Your kernel does not support swap limit capabilities or the cgroup is not mounted. Memory limited without swap.
[INFO] [stdout] 8694fd720795b80c36364ff550973725361b8a79d771bef3c1597b4fbb14e635
[INFO] running `Command { std: "docker" "start" "-a" "8694fd720795b80c36364ff550973725361b8a79d771bef3c1597b4fbb14e635", kill_on_drop: false }`
[INFO] running `Command { std: "docker" "inspect" "8694fd720795b80c36364ff550973725361b8a79d771bef3c1597b4fbb14e635", kill_on_drop: false }`
[INFO] running `Command { std: "docker" "rm" "-f" "8694fd720795b80c36364ff550973725361b8a79d771bef3c1597b4fbb14e635", kill_on_drop: false }`
[INFO] [stdout] 8694fd720795b80c36364ff550973725361b8a79d771bef3c1597b4fbb14e635
[INFO] running `Command { std: "docker" "create" "-v" "/var/lib/crater-agent-workspace/builds/worker-13/target:/opt/rustwide/target:rw,Z" "-v" "/var/lib/crater-agent-workspace/builds/worker-13/source:/opt/rustwide/workdir:ro,Z" "-v" "/var/lib/crater-agent-workspace/cargo-home:/opt/rustwide/cargo-home:ro,Z" "-v" "/var/lib/crater-agent-workspace/rustup-home:/opt/rustwide/rustup-home:ro,Z" "-e" "SOURCE_DIR=/opt/rustwide/workdir" "-e" "CARGO_TARGET_DIR=/opt/rustwide/target" "-e" "CARGO_INCREMENTAL=0" "-e" "RUST_BACKTRACE=full" "-e" "RUSTFLAGS=--cap-lints=warn" "-e" "CARGO_HOME=/opt/rustwide/cargo-home" "-e" "RUSTUP_HOME=/opt/rustwide/rustup-home" "-w" "/opt/rustwide/workdir" "-m" "1610612736" "--user" "0:0" "--network" "none" "ghcr.io/rust-lang/crates-build-env/linux@sha256:a89201d6b5b9fd45c15d5952ece0a0129e7e80cb26ec023fd59cf09bc26f1604" "/opt/rustwide/cargo-home/bin/cargo" "+beta-2021-10-15" "check" "--frozen" "--all" "--all-targets" "--message-format=json", kill_on_drop: false }`
[INFO] [stdout] e007a37f4002c11c5c521e157581ce211e607131eea7c3d00b540976dc2df8d7
[INFO] [stderr] WARNING: Your kernel does not support swap limit capabilities or the cgroup is not mounted. Memory limited without swap.
[INFO] running `Command { std: "docker" "start" "-a" "e007a37f4002c11c5c521e157581ce211e607131eea7c3d00b540976dc2df8d7", kill_on_drop: false }`
[INFO] [stderr]     Checking ezemoji v0.2.1
[INFO] [stderr]     Checking mio v0.7.14
[INFO] [stderr]     Checking signal-hook v0.1.17
[INFO] [stderr]     Checking crossterm v0.19.0
[INFO] [stderr]     Checking rusty-rain v0.3.4 (/opt/rustwide/workdir)
[INFO] [stdout] error[E0432]: unresolved import `crate::UserSettings`
[INFO] [stdout]  --> src/arguments.rs:1:13
[INFO] [stdout]   |
[INFO] [stdout] 1 | use crate::{UserSettings, AUTHOR, MAXSPEED, MINSPEED};
[INFO] [stdout]   |             ^^^^^^^^^^^^
[INFO] [stdout]   |             |
[INFO] [stdout]   |             no `UserSettings` in the root
[INFO] [stdout]   |             help: a similar name exists in the module: `user_settings`
[INFO] [stdout] 
[INFO] [stdout] 
[INFO] [stdout] error[E0432]: unresolved import `crate::UserSettings`
[INFO] [stdout]  --> src/rain.rs:1:75
[INFO] [stdout]   |
[INFO] [stdout] 1 | use crate::{gen_charater_vecs, gen_colors, gen_lengths, gen_times, style, UserSettings};
[INFO] [stdout]   |                                                                           ^^^^^^^^^^^^
[INFO] [stdout]   |                                                                           |
[INFO] [stdout]   |                                                                           no `UserSettings` in the root
[INFO] [stdout]   |                                                                           help: a similar name exists in the module: `user_settings`
[INFO] [stdout] 
[INFO] [stdout] 
[INFO] [stdout] error[E0432]: unresolved import `crate::UserSettings`
[INFO] [stdout]  --> src/update.rs:1:62
[INFO] [stdout]   |
[INFO] [stdout] 1 | use crate::{create_drop_chars, style, thread_rng, Rain, Rng, UserSettings};
[INFO] [stdout]   |                                                              ^^^^^^^^^^^^
[INFO] [stdout]   |                                                              |
[INFO] [stdout]   |                                                              no `UserSettings` in the root
[INFO] [stdout]   |                                                              help: a similar name exists in the module: `user_settings`
[INFO] [stdout] 
[INFO] [stdout] 
[INFO] [stdout] error[E0432]: unresolved import `crate::UserSettings`
[INFO] [stdout]  --> src/arguments.rs:1:13
[INFO] [stdout]   |
[INFO] [stdout] 1 | use crate::{UserSettings, AUTHOR, MAXSPEED, MINSPEED};
[INFO] [stdout]   |             ^^^^^^^^^^^^
[INFO] [stdout]   |             |
[INFO] [stdout]   |             no `UserSettings` in the root
[INFO] [stdout]   |             help: a similar name exists in the module: `user_settings`
[INFO] [stdout] 
[INFO] [stdout] 
[INFO] [stdout] error[E0432]: unresolved import `crate::UserSettings`
[INFO] [stdout]  --> src/rain.rs:1:75
[INFO] [stdout]   |
[INFO] [stdout] 1 | use crate::{gen_charater_vecs, gen_colors, gen_lengths, gen_times, style, UserSettings};
[INFO] [stdout]   |                                                                           ^^^^^^^^^^^^
[INFO] [stdout]   |                                                                           |
[INFO] [stdout]   |                                                                           no `UserSettings` in the root
[INFO] [stdout]   |                                                                           help: a similar name exists in the module: `user_settings`
[INFO] [stdout] 
[INFO] [stdout] 
[INFO] [stdout] error[E0432]: unresolved import `crate::UserSettings`
[INFO] [stdout]  --> src/update.rs:1:62
[INFO] [stdout]   |
[INFO] [stdout] 1 | use crate::{create_drop_chars, style, thread_rng, Rain, Rng, UserSettings};
[INFO] [stdout]   |                                                              ^^^^^^^^^^^^
[INFO] [stdout]   |                                                              |
[INFO] [stdout]   |                                                              no `UserSettings` in the root
[INFO] [stdout]   |                                                              help: a similar name exists in the module: `user_settings`
[INFO] [stdout] 
[INFO] [stdout] 
[INFO] [stdout] error: aborting due to 3 previous errors
[INFO] [stdout] 
[INFO] [stdout] 
[INFO] [stdout] For more information about this error, try `rustc --explain E0432`.
[INFO] [stdout] 
[INFO] [stderr] error: could not compile `rusty-rain` due to 4 previous errors
[INFO] [stderr] warning: build failed, waiting for other jobs to finish...
[INFO] [stdout] error: aborting due to 3 previous errors
[INFO] [stdout] 
[INFO] [stdout] 
[INFO] [stdout] For more information about this error, try `rustc --explain E0432`.
[INFO] [stdout] 
[INFO] [stderr] error: build failed
[INFO] running `Command { std: "docker" "inspect" "e007a37f4002c11c5c521e157581ce211e607131eea7c3d00b540976dc2df8d7", kill_on_drop: false }`
[INFO] running `Command { std: "docker" "rm" "-f" "e007a37f4002c11c5c521e157581ce211e607131eea7c3d00b540976dc2df8d7", kill_on_drop: false }`
[INFO] [stdout] e007a37f4002c11c5c521e157581ce211e607131eea7c3d00b540976dc2df8d7
