[INFO] cloning repository https://github.com/coord-e/sats
[INFO] running `Command { std: "git" "-c" "credential.helper=" "-c" "credential.helper=/workspace/cargo-home/bin/git-credential-null" "clone" "--bare" "https://github.com/coord-e/sats" "/workspace/cache/git-repos/https%3A%2F%2Fgithub.com%2Fcoord-e%2Fsats", kill_on_drop: false }`
[INFO] [stderr] Cloning into bare repository '/workspace/cache/git-repos/https%3A%2F%2Fgithub.com%2Fcoord-e%2Fsats'...
[INFO] running `Command { std: "git" "rev-parse" "HEAD", kill_on_drop: false }`
[INFO] [stdout] f747c398e41f4cdf7d0cb4508fd5c7aa5b5b466f
[INFO] checking coord-e/sats against beta-2021-10-15 for beta-1.56-3
[INFO] running `Command { std: "git" "clone" "/workspace/cache/git-repos/https%3A%2F%2Fgithub.com%2Fcoord-e%2Fsats" "/workspace/builds/worker-34/source", kill_on_drop: false }`
[INFO] [stderr] Cloning into '/workspace/builds/worker-34/source'...
[INFO] [stderr] done.
[INFO] validating manifest of git repo https://github.com/coord-e/sats on toolchain beta-2021-10-15
[INFO] running `Command { std: "/workspace/cargo-home/bin/cargo" "+beta-2021-10-15" "metadata" "--manifest-path" "Cargo.toml" "--no-deps", kill_on_drop: false }`
[INFO] started tweaking git repo https://github.com/coord-e/sats
[INFO] finished tweaking git repo https://github.com/coord-e/sats
[INFO] tweaked toml for git repo https://github.com/coord-e/sats written to /workspace/builds/worker-34/source/Cargo.toml
[INFO] crate git repo https://github.com/coord-e/sats already has a lockfile, it will not be regenerated
[INFO] running `Command { std: "/workspace/cargo-home/bin/cargo" "+beta-2021-10-15" "fetch" "--manifest-path" "Cargo.toml", kill_on_drop: false }`
[INFO] [stderr]     Blocking waiting for file lock on package cache
[INFO] [stderr]     Blocking waiting for file lock on package cache
[INFO] [stderr]  Downloading crates ...
[INFO] [stderr]   Downloaded wasm-bindgen v0.2.62
[INFO] [stderr]   Downloaded wasm-bindgen-macro v0.2.62
[INFO] [stderr]   Downloaded indexmap v1.3.2
[INFO] [stderr]   Downloaded wasm-bindgen-shared v0.2.62
[INFO] [stderr]   Downloaded syn v1.0.18
[INFO] [stderr]   Downloaded wasm-bindgen-backend v0.2.62
[INFO] [stderr]   Downloaded proc-macro2 v1.0.12
[INFO] [stderr]   Downloaded structopt-derive v0.4.7
[INFO] [stderr]   Downloaded structopt v0.3.14
[INFO] [stderr]   Downloaded criterion v0.3.2
[INFO] [stderr]   Downloaded peg-runtime v0.6.2
[INFO] [stderr]   Downloaded oorandom v11.1.1
[INFO] [stderr]   Downloaded ryu v1.0.4
[INFO] [stderr]   Downloaded quote v1.0.4
[INFO] [stderr]   Downloaded bumpalo v3.2.1
[INFO] [stderr]   Downloaded serde_derive v1.0.106
[INFO] [stderr]   Downloaded peg v0.6.2
[INFO] [stderr]   Downloaded serde_json v1.0.52
[INFO] [stderr]   Downloaded peg-macros v0.6.2
[INFO] [stderr]   Downloaded criterion-plot v0.4.2
[INFO] [stderr]   Downloaded regex v1.3.7
[INFO] [stderr]   Downloaded hermit-abi v0.1.12
[INFO] [stderr]   Downloaded wasm-bindgen-macro-support v0.2.62
[INFO] [stderr]   Downloaded serde v1.0.106
[INFO] [stderr]   Downloaded js-sys v0.3.39
[INFO] [stderr]   Downloaded bstr v0.2.12
[INFO] [stderr]   Downloaded web-sys v0.3.39
[INFO] [stderr]   Downloaded fern v0.6.0
[INFO] [stderr]   Downloaded libc v0.2.69
[INFO] [stderr]   Downloaded csv v1.1.3
[INFO] [stderr]   Downloaded plotters v0.2.14
[INFO] [stderr]   Downloaded tinytemplate v1.0.4
[INFO] running `Command { std: "docker" "create" "-v" "/var/lib/crater-agent-workspace/builds/worker-34/target:/opt/rustwide/target:rw,Z" "-v" "/var/lib/crater-agent-workspace/builds/worker-34/source:/opt/rustwide/workdir:ro,Z" "-v" "/var/lib/crater-agent-workspace/cargo-home:/opt/rustwide/cargo-home:ro,Z" "-v" "/var/lib/crater-agent-workspace/rustup-home:/opt/rustwide/rustup-home:ro,Z" "-e" "SOURCE_DIR=/opt/rustwide/workdir" "-e" "CARGO_TARGET_DIR=/opt/rustwide/target" "-e" "CARGO_HOME=/opt/rustwide/cargo-home" "-e" "RUSTUP_HOME=/opt/rustwide/rustup-home" "-w" "/opt/rustwide/workdir" "-m" "1610612736" "--user" "0:0" "--network" "none" "ghcr.io/rust-lang/crates-build-env/linux@sha256:a89201d6b5b9fd45c15d5952ece0a0129e7e80cb26ec023fd59cf09bc26f1604" "/opt/rustwide/cargo-home/bin/cargo" "+beta-2021-10-15" "metadata" "--no-deps" "--format-version=1", kill_on_drop: false }`
[INFO] [stdout] fbc4f1367550ee86ac9ec6ed02a52945df6a64a05f4dc6d4c61c4f8c327e60fc
[INFO] running `Command { std: "docker" "start" "-a" "fbc4f1367550ee86ac9ec6ed02a52945df6a64a05f4dc6d4c61c4f8c327e60fc", kill_on_drop: false }`
[INFO] running `Command { std: "docker" "inspect" "fbc4f1367550ee86ac9ec6ed02a52945df6a64a05f4dc6d4c61c4f8c327e60fc", kill_on_drop: false }`
[INFO] running `Command { std: "docker" "rm" "-f" "fbc4f1367550ee86ac9ec6ed02a52945df6a64a05f4dc6d4c61c4f8c327e60fc", kill_on_drop: false }`
[INFO] [stdout] fbc4f1367550ee86ac9ec6ed02a52945df6a64a05f4dc6d4c61c4f8c327e60fc
[INFO] running `Command { std: "docker" "create" "-v" "/var/lib/crater-agent-workspace/builds/worker-34/target:/opt/rustwide/target:rw,Z" "-v" "/var/lib/crater-agent-workspace/builds/worker-34/source:/opt/rustwide/workdir:ro,Z" "-v" "/var/lib/crater-agent-workspace/cargo-home:/opt/rustwide/cargo-home:ro,Z" "-v" "/var/lib/crater-agent-workspace/rustup-home:/opt/rustwide/rustup-home:ro,Z" "-e" "SOURCE_DIR=/opt/rustwide/workdir" "-e" "CARGO_TARGET_DIR=/opt/rustwide/target" "-e" "CARGO_INCREMENTAL=0" "-e" "RUST_BACKTRACE=full" "-e" "RUSTFLAGS=--cap-lints=warn" "-e" "CARGO_HOME=/opt/rustwide/cargo-home" "-e" "RUSTUP_HOME=/opt/rustwide/rustup-home" "-w" "/opt/rustwide/workdir" "-m" "1610612736" "--user" "0:0" "--network" "none" "ghcr.io/rust-lang/crates-build-env/linux@sha256:a89201d6b5b9fd45c15d5952ece0a0129e7e80cb26ec023fd59cf09bc26f1604" "/opt/rustwide/cargo-home/bin/cargo" "+beta-2021-10-15" "check" "--frozen" "--all" "--all-targets" "--message-format=json", kill_on_drop: false }`
[INFO] [stdout] 69832ff4e09bf6140aa9f7e74962afdd832452e99531e20be207e7021276ee69
[INFO] running `Command { std: "docker" "start" "-a" "69832ff4e09bf6140aa9f7e74962afdd832452e99531e20be207e7021276ee69", kill_on_drop: false }`
[INFO] [stderr]     Blocking waiting for file lock on package cache
[INFO] [stderr]    Compiling proc-macro2 v1.0.12
[INFO] [stderr]    Compiling libc v0.2.69
[INFO] [stderr]    Compiling syn v1.0.18
[INFO] [stderr]    Compiling semver-parser v0.7.0
[INFO] [stderr]    Compiling serde v1.0.106
[INFO] [stderr]    Compiling memchr v2.3.3
[INFO] [stderr]     Checking either v1.5.3
[INFO] [stderr]    Compiling byteorder v1.3.4
[INFO] [stderr]    Compiling rayon-core v1.7.0
[INFO] [stderr]    Compiling peg-runtime v0.6.2
[INFO] [stderr]     Checking fixedbitset v0.2.0
[INFO] [stderr]     Checking regex-syntax v0.6.17
[INFO] [stderr]     Checking oorandom v11.1.1
[INFO] [stderr]    Compiling crossbeam-utils v0.7.2
[INFO] [stderr]    Compiling memoffset v0.5.4
[INFO] [stderr]    Compiling crossbeam-epoch v0.8.2
[INFO] [stderr]    Compiling num-traits v0.2.11
[INFO] [stderr]    Compiling proc-macro-error-attr v1.0.2
[INFO] [stderr]    Compiling proc-macro-error v1.0.2
[INFO] [stderr]     Checking indexmap v1.3.2
[INFO] [stderr]     Checking fern v0.6.0
[INFO] [stderr]     Checking itertools v0.9.0
[INFO] [stderr]    Compiling semver v0.9.0
[INFO] [stderr]     Checking petgraph v0.5.0
[INFO] [stderr]     Checking regex v1.3.7
[INFO] [stderr]    Compiling quote v1.0.4
[INFO] [stderr]     Checking csv-core v0.1.10
[INFO] [stderr]     Checking atty v0.2.14
[INFO] [stderr]     Checking num_cpus v1.13.0
[INFO] [stderr]     Checking regex-automata v0.1.9
[INFO] [stderr]     Checking plotters v0.2.14
[INFO] [stderr]     Checking crossbeam-queue v0.2.1
[INFO] [stderr]     Checking clap v2.33.0
[INFO] [stderr]    Compiling rustc_version v0.2.3
[INFO] [stderr]     Checking serde_json v1.0.52
[INFO] [stderr]    Compiling cast v0.2.3
[INFO] [stderr]     Checking bstr v0.2.12
[INFO] [stderr]     Checking crossbeam-deque v0.7.3
[INFO] [stderr]    Compiling peg-macros v0.6.2
[INFO] [stderr]     Checking criterion-plot v0.4.2
[INFO] [stderr]     Checking tinytemplate v1.0.4
[INFO] [stderr]     Checking csv v1.1.3
[INFO] [stderr]     Checking rayon v1.3.0
[INFO] [stderr]     Checking peg v0.6.2
[INFO] [stderr]    Compiling syn-mid v0.5.0
[INFO] [stderr]    Compiling serde_derive v1.0.106
[INFO] [stderr]    Compiling structopt-derive v0.4.7
[INFO] [stderr]     Checking structopt v0.3.14
[INFO] [stderr]     Checking sats v0.1.0 (/opt/rustwide/workdir)
[INFO] [stdout] error[E0554]: `#![feature]` may not be used on the beta release channel
[INFO] [stdout]  --> src/sats.rs:1:1
[INFO] [stdout]   |
[INFO] [stdout] 1 | #![feature(str_strip)]
[INFO] [stdout]   | ^^^^^^^^^^^^^^^^^^^^^^
[INFO] [stdout] 
[INFO] [stdout] 
[INFO] [stdout] error[E0554]: `#![feature]` may not be used on the beta release channel
[INFO] [stdout]  --> src/sats.rs:2:1
[INFO] [stdout]   |
[INFO] [stdout] 2 | #![feature(box_patterns)]
[INFO] [stdout]   | ^^^^^^^^^^^^^^^^^^^^^^^^^
[INFO] [stdout] 
[INFO] [stdout] 
[INFO] [stdout] error[E0554]: `#![feature]` may not be used on the beta release channel
[INFO] [stdout]  --> src/sats.rs:3:1
[INFO] [stdout]   |
[INFO] [stdout] 3 | #![feature(box_syntax)]
[INFO] [stdout]   | ^^^^^^^^^^^^^^^^^^^^^^^
[INFO] [stdout] 
[INFO] [stdout] 
[INFO] [stdout] error[E0554]: `#![feature]` may not be used on the beta release channel
[INFO] [stdout]  --> src/sats.rs:4:1
[INFO] [stdout]   |
[INFO] [stdout] 4 | #![feature(vec_remove_item)]
[INFO] [stdout]   | ^^^^^^^^^^^^^^^^^^^^^^^^^^^^
[INFO] [stdout] 
[INFO] [stdout] 
[INFO] [stdout] error: aborting due to 4 previous errors
[INFO] [stdout] 
[INFO] [stdout] 
[INFO] [stdout] For more information about this error, try `rustc --explain E0554`.
[INFO] [stdout] 
[INFO] [stderr] error: could not compile `sats` due to 5 previous errors
[INFO] [stderr] warning: build failed, waiting for other jobs to finish...
[INFO] [stderr] error: build failed
[INFO] running `Command { std: "docker" "inspect" "69832ff4e09bf6140aa9f7e74962afdd832452e99531e20be207e7021276ee69", kill_on_drop: false }`
[INFO] running `Command { std: "docker" "rm" "-f" "69832ff4e09bf6140aa9f7e74962afdd832452e99531e20be207e7021276ee69", kill_on_drop: false }`
[INFO] [stdout] 69832ff4e09bf6140aa9f7e74962afdd832452e99531e20be207e7021276ee69
