[INFO] cloning repository https://github.com/cohama/tapl
[INFO] running `Command { std: "git" "-c" "credential.helper=" "-c" "credential.helper=/workspace/cargo-home/bin/git-credential-null" "clone" "--bare" "https://github.com/cohama/tapl" "/workspace/cache/git-repos/https%3A%2F%2Fgithub.com%2Fcohama%2Ftapl", kill_on_drop: false }`
[INFO] [stderr] Cloning into bare repository '/workspace/cache/git-repos/https%3A%2F%2Fgithub.com%2Fcohama%2Ftapl'...
[INFO] running `Command { std: "git" "rev-parse" "HEAD", kill_on_drop: false }`
[INFO] [stdout] b6024f7513a17686e8b0eceb0e81c06a07f1d269
[INFO] checking cohama/tapl against beta-2021-10-15 for beta-1.56-3
[INFO] running `Command { std: "git" "clone" "/workspace/cache/git-repos/https%3A%2F%2Fgithub.com%2Fcohama%2Ftapl" "/workspace/builds/worker-75/source", kill_on_drop: false }`
[INFO] [stderr] Cloning into '/workspace/builds/worker-75/source'...
[INFO] [stderr] done.
[INFO] validating manifest of git repo https://github.com/cohama/tapl on toolchain beta-2021-10-15
[INFO] running `Command { std: "/workspace/cargo-home/bin/cargo" "+beta-2021-10-15" "metadata" "--manifest-path" "Cargo.toml" "--no-deps", kill_on_drop: false }`
[INFO] started tweaking git repo https://github.com/cohama/tapl
[INFO] finished tweaking git repo https://github.com/cohama/tapl
[INFO] tweaked toml for git repo https://github.com/cohama/tapl written to /workspace/builds/worker-75/source/Cargo.toml
[INFO] crate git repo https://github.com/cohama/tapl already has a lockfile, it will not be regenerated
[INFO] running `Command { std: "/workspace/cargo-home/bin/cargo" "+beta-2021-10-15" "fetch" "--manifest-path" "Cargo.toml", kill_on_drop: false }`
[INFO] [stderr]     Blocking waiting for file lock on package cache
[INFO] [stderr]     Blocking waiting for file lock on package cache
[INFO] running `Command { std: "docker" "create" "-v" "/var/lib/crater-agent-workspace/builds/worker-75/target:/opt/rustwide/target:rw,Z" "-v" "/var/lib/crater-agent-workspace/builds/worker-75/source:/opt/rustwide/workdir:ro,Z" "-v" "/var/lib/crater-agent-workspace/cargo-home:/opt/rustwide/cargo-home:ro,Z" "-v" "/var/lib/crater-agent-workspace/rustup-home:/opt/rustwide/rustup-home:ro,Z" "-e" "SOURCE_DIR=/opt/rustwide/workdir" "-e" "CARGO_TARGET_DIR=/opt/rustwide/target" "-e" "CARGO_HOME=/opt/rustwide/cargo-home" "-e" "RUSTUP_HOME=/opt/rustwide/rustup-home" "-w" "/opt/rustwide/workdir" "-m" "1610612736" "--user" "0:0" "--network" "none" "ghcr.io/rust-lang/crates-build-env/linux@sha256:a89201d6b5b9fd45c15d5952ece0a0129e7e80cb26ec023fd59cf09bc26f1604" "/opt/rustwide/cargo-home/bin/cargo" "+beta-2021-10-15" "metadata" "--no-deps" "--format-version=1", kill_on_drop: false }`
[INFO] [stdout] c5dd4457ce68792c22f4d65a3e8f24c3cbbd960f189ea030e8baad7800c55d29
[INFO] running `Command { std: "docker" "start" "-a" "c5dd4457ce68792c22f4d65a3e8f24c3cbbd960f189ea030e8baad7800c55d29", kill_on_drop: false }`
[INFO] running `Command { std: "docker" "inspect" "c5dd4457ce68792c22f4d65a3e8f24c3cbbd960f189ea030e8baad7800c55d29", kill_on_drop: false }`
[INFO] running `Command { std: "docker" "rm" "-f" "c5dd4457ce68792c22f4d65a3e8f24c3cbbd960f189ea030e8baad7800c55d29", kill_on_drop: false }`
[INFO] [stdout] c5dd4457ce68792c22f4d65a3e8f24c3cbbd960f189ea030e8baad7800c55d29
[INFO] running `Command { std: "docker" "create" "-v" "/var/lib/crater-agent-workspace/builds/worker-75/target:/opt/rustwide/target:rw,Z" "-v" "/var/lib/crater-agent-workspace/builds/worker-75/source:/opt/rustwide/workdir:ro,Z" "-v" "/var/lib/crater-agent-workspace/cargo-home:/opt/rustwide/cargo-home:ro,Z" "-v" "/var/lib/crater-agent-workspace/rustup-home:/opt/rustwide/rustup-home:ro,Z" "-e" "SOURCE_DIR=/opt/rustwide/workdir" "-e" "CARGO_TARGET_DIR=/opt/rustwide/target" "-e" "CARGO_INCREMENTAL=0" "-e" "RUST_BACKTRACE=full" "-e" "RUSTFLAGS=--cap-lints=warn" "-e" "CARGO_HOME=/opt/rustwide/cargo-home" "-e" "RUSTUP_HOME=/opt/rustwide/rustup-home" "-w" "/opt/rustwide/workdir" "-m" "1610612736" "--user" "0:0" "--network" "none" "ghcr.io/rust-lang/crates-build-env/linux@sha256:a89201d6b5b9fd45c15d5952ece0a0129e7e80cb26ec023fd59cf09bc26f1604" "/opt/rustwide/cargo-home/bin/cargo" "+beta-2021-10-15" "check" "--frozen" "--all" "--all-targets" "--message-format=json", kill_on_drop: false }`
[INFO] [stdout] 17844cdd9662774177708b62587c9d6ccec01e7ba1b005d51bb6419318ef6c64
[INFO] running `Command { std: "docker" "start" "-a" "17844cdd9662774177708b62587c9d6ccec01e7ba1b005d51bb6419318ef6c64", kill_on_drop: false }`
[INFO] [stderr]     Blocking waiting for file lock on package cache
[INFO] [stderr]     Checking tapl v0.1.0 (/opt/rustwide/workdir)
[INFO] [stdout] error[E0554]: `#![feature]` may not be used on the beta release channel
[INFO] [stdout]  --> src/lib.rs:2:1
[INFO] [stdout]   |
[INFO] [stdout] 2 | #![feature(box_syntax, box_patterns)]
[INFO] [stdout]   | ^^^^^^^^^^^^^^^^^^^^^^^^^^^^^^^^^^^^^
[INFO] [stdout] 
[INFO] [stdout] 
[INFO] [stdout] error[E0554]: `#![feature]` may not be used on the beta release channel
[INFO] [stdout]  --> src/lib.rs:2:1
[INFO] [stdout]   |
[INFO] [stdout] 2 | #![feature(box_syntax, box_patterns)]
[INFO] [stdout]   | ^^^^^^^^^^^^^^^^^^^^^^^^^^^^^^^^^^^^^
[INFO] [stdout] 
[INFO] [stdout] 
[INFO] [stdout] error: aborting due to previous error
[INFO] [stdout] 
[INFO] [stdout] 
[INFO] [stdout] For more information about this error, try `rustc --explain E0554`.
[INFO] [stdout] 
[INFO] [stderr] error: could not compile `tapl` due to 2 previous errors
[INFO] [stderr] warning: build failed, waiting for other jobs to finish...
[INFO] [stdout] error[E0034]: multiple applicable items in scope
[INFO] [stdout]    --> src/simplebool.rs:177:32
[INFO] [stdout]     |
[INFO] [stdout] 177 |         let context = Context::new(&["x"]);
[INFO] [stdout]     |                                ^^^ multiple `new` found
[INFO] [stdout]     |
[INFO] [stdout] note: candidate #1 is defined in an impl for the type `simplebool::Context<simplebool::NameBind>`
[INFO] [stdout]    --> src/simplebool.rs:32:5
[INFO] [stdout]     |
[INFO] [stdout] 32  |     pub fn new<U: AsRef<str>>(names: &[U]) -> Context<NameBind> {
[INFO] [stdout]     |     ^^^^^^^^^^^^^^^^^^^^^^^^^^^^^^^^^^^^^^^^^^^^^^^^^^^^^^^^^^^
[INFO] [stdout] note: candidate #2 is defined in an impl for the type `simplebool::Context<VarBind>`
[INFO] [stdout]    --> src/simplebool.rs:51:5
[INFO] [stdout]     |
[INFO] [stdout] 51  |     pub fn new<S: AsRef<str>>(binds: &[(S, VarBind)]) -> Context<VarBind> {
[INFO] [stdout]     |     ^^^^^^^^^^^^^^^^^^^^^^^^^^^^^^^^^^^^^^^^^^^^^^^^^^^^^^^^^^^^^^^^^^^^^
[INFO] [stdout] 
[INFO] [stdout] 
[INFO] [stdout] error: aborting due to 2 previous errors
[INFO] [stdout] 
[INFO] [stdout] 
[INFO] [stdout] Some errors have detailed explanations: E0034, E0554.
[INFO] [stdout] 
[INFO] [stdout] For more information about an error, try `rustc --explain E0034`.
[INFO] [stdout] 
[INFO] [stderr] error: build failed
[INFO] running `Command { std: "docker" "inspect" "17844cdd9662774177708b62587c9d6ccec01e7ba1b005d51bb6419318ef6c64", kill_on_drop: false }`
[INFO] running `Command { std: "docker" "rm" "-f" "17844cdd9662774177708b62587c9d6ccec01e7ba1b005d51bb6419318ef6c64", kill_on_drop: false }`
[INFO] [stdout] 17844cdd9662774177708b62587c9d6ccec01e7ba1b005d51bb6419318ef6c64
