[INFO] cloning repository https://github.com/coder543/gameofstuff_server
[INFO] running `Command { std: "git" "-c" "credential.helper=" "-c" "credential.helper=/workspace/cargo-home/bin/git-credential-null" "clone" "--bare" "https://github.com/coder543/gameofstuff_server" "/workspace/cache/git-repos/https%3A%2F%2Fgithub.com%2Fcoder543%2Fgameofstuff_server", kill_on_drop: false }`
[INFO] [stderr] Cloning into bare repository '/workspace/cache/git-repos/https%3A%2F%2Fgithub.com%2Fcoder543%2Fgameofstuff_server'...
[INFO] running `Command { std: "git" "rev-parse" "HEAD", kill_on_drop: false }`
[INFO] [stdout] 32a5b18ea81ee413008f625cc289c3b2623c85fe
[INFO] checking coder543/gameofstuff_server against 1.55.0 for beta-1.56-3
[INFO] running `Command { std: "git" "clone" "/workspace/cache/git-repos/https%3A%2F%2Fgithub.com%2Fcoder543%2Fgameofstuff_server" "/workspace/builds/worker-50/source", kill_on_drop: false }`
[INFO] [stderr] Cloning into '/workspace/builds/worker-50/source'...
[INFO] [stderr] done.
[INFO] validating manifest of git repo https://github.com/coder543/gameofstuff_server on toolchain 1.55.0
[INFO] running `Command { std: "/workspace/cargo-home/bin/cargo" "+1.55.0" "metadata" "--manifest-path" "Cargo.toml" "--no-deps", kill_on_drop: false }`
[INFO] started tweaking git repo https://github.com/coder543/gameofstuff_server
[INFO] finished tweaking git repo https://github.com/coder543/gameofstuff_server
[INFO] tweaked toml for git repo https://github.com/coder543/gameofstuff_server written to /workspace/builds/worker-50/source/Cargo.toml
[INFO] crate git repo https://github.com/coder543/gameofstuff_server already has a lockfile, it will not be regenerated
[INFO] running `Command { std: "/workspace/cargo-home/bin/cargo" "+1.55.0" "fetch" "--manifest-path" "Cargo.toml", kill_on_drop: false }`
[INFO] [stderr]     Blocking waiting for file lock on package cache
[INFO] [stderr]     Blocking waiting for file lock on package cache
[INFO] [stderr]  Downloading crates ...
[INFO] [stderr]   Downloaded digest-buffer v0.3.1
[INFO] [stderr]   Downloaded byte-tools v0.1.3
[INFO] [stderr]   Downloaded rocket v0.3.2
[INFO] [stderr]   Downloaded postgres-shared v0.4.0
[INFO] [stderr]   Downloaded md5 v0.3.5
[INFO] [stderr]   Downloaded generic-array v0.7.2
[INFO] [stderr]   Downloaded rocket_codegen v0.3.2
[INFO] [stderr]   Downloaded postgres v0.15.1
[INFO] [stderr]   Downloaded fallible-iterator v0.1.3
[INFO] [stderr]   Downloaded hmac v0.1.1
[INFO] [stderr]   Downloaded crypto-mac v0.3.0
[INFO] [stderr]   Downloaded typenum v1.5.2
[INFO] [stderr]   Downloaded nodrop v0.1.9
[INFO] [stderr]   Downloaded r2d2_postgres v0.13.0
[INFO] [stderr]   Downloaded ordermap v0.2.11
[INFO] [stderr]   Downloaded smallvec v0.4.3
[INFO] [stderr]   Downloaded digest v0.5.2
[INFO] [stderr]   Downloaded serde_codegen v0.9.0
[INFO] [stderr]   Downloaded libc v0.2.30
[INFO] [stderr]   Downloaded itoa v0.3.3
[INFO] [stderr]   Downloaded odds v0.2.25
[INFO] [stderr]   Downloaded postgres-protocol v0.3.0
[INFO] [stderr]   Downloaded state v0.3.1
[INFO] [stderr]   Downloaded rocket_contrib v0.3.2
[INFO] [stderr]   Downloaded futures v0.1.15
[INFO] [stderr]   Downloaded gcc v0.3.53
[INFO] [stderr]   Downloaded yansi v0.3.3
[INFO] [stderr]   Downloaded sha2 v0.5.3
[INFO] running `Command { std: "docker" "create" "-v" "/var/lib/crater-agent-workspace/builds/worker-50/target:/opt/rustwide/target:rw,Z" "-v" "/var/lib/crater-agent-workspace/builds/worker-50/source:/opt/rustwide/workdir:ro,Z" "-v" "/var/lib/crater-agent-workspace/cargo-home:/opt/rustwide/cargo-home:ro,Z" "-v" "/var/lib/crater-agent-workspace/rustup-home:/opt/rustwide/rustup-home:ro,Z" "-e" "SOURCE_DIR=/opt/rustwide/workdir" "-e" "CARGO_TARGET_DIR=/opt/rustwide/target" "-e" "CARGO_HOME=/opt/rustwide/cargo-home" "-e" "RUSTUP_HOME=/opt/rustwide/rustup-home" "-w" "/opt/rustwide/workdir" "-m" "1610612736" "--user" "0:0" "--network" "none" "ghcr.io/rust-lang/crates-build-env/linux@sha256:a89201d6b5b9fd45c15d5952ece0a0129e7e80cb26ec023fd59cf09bc26f1604" "/opt/rustwide/cargo-home/bin/cargo" "+1.55.0" "metadata" "--no-deps" "--format-version=1", kill_on_drop: false }`
[INFO] [stdout] 3af9e66119560011e34775ce522e777dcd5a6fa7ee61c9634f64f1db5e007b67
[INFO] running `Command { std: "docker" "start" "-a" "3af9e66119560011e34775ce522e777dcd5a6fa7ee61c9634f64f1db5e007b67", kill_on_drop: false }`
[INFO] running `Command { std: "docker" "inspect" "3af9e66119560011e34775ce522e777dcd5a6fa7ee61c9634f64f1db5e007b67", kill_on_drop: false }`
[INFO] running `Command { std: "docker" "rm" "-f" "3af9e66119560011e34775ce522e777dcd5a6fa7ee61c9634f64f1db5e007b67", kill_on_drop: false }`
[INFO] [stdout] 3af9e66119560011e34775ce522e777dcd5a6fa7ee61c9634f64f1db5e007b67
[INFO] running `Command { std: "docker" "create" "-v" "/var/lib/crater-agent-workspace/builds/worker-50/target:/opt/rustwide/target:rw,Z" "-v" "/var/lib/crater-agent-workspace/builds/worker-50/source:/opt/rustwide/workdir:ro,Z" "-v" "/var/lib/crater-agent-workspace/cargo-home:/opt/rustwide/cargo-home:ro,Z" "-v" "/var/lib/crater-agent-workspace/rustup-home:/opt/rustwide/rustup-home:ro,Z" "-e" "SOURCE_DIR=/opt/rustwide/workdir" "-e" "CARGO_TARGET_DIR=/opt/rustwide/target" "-e" "CARGO_INCREMENTAL=0" "-e" "RUST_BACKTRACE=full" "-e" "RUSTFLAGS=--cap-lints=warn" "-e" "CARGO_HOME=/opt/rustwide/cargo-home" "-e" "RUSTUP_HOME=/opt/rustwide/rustup-home" "-w" "/opt/rustwide/workdir" "-m" "1610612736" "--user" "0:0" "--network" "none" "ghcr.io/rust-lang/crates-build-env/linux@sha256:a89201d6b5b9fd45c15d5952ece0a0129e7e80cb26ec023fd59cf09bc26f1604" "/opt/rustwide/cargo-home/bin/cargo" "+1.55.0" "check" "--frozen" "--all" "--all-targets" "--message-format=json", kill_on_drop: false }`
[INFO] [stdout] f27a939b25bd33209b57f90845280d3e6e04202708daa33730af2ae5019b6dbd
[INFO] running `Command { std: "docker" "start" "-a" "f27a939b25bd33209b57f90845280d3e6e04202708daa33730af2ae5019b6dbd", kill_on_drop: false }`
[INFO] [stderr]     Checking libc v0.2.30
[INFO] [stderr]    Compiling futures v0.1.15
[INFO] [stderr]    Compiling typenum v1.5.2
[INFO] [stderr]     Checking odds v0.2.25
[INFO] [stderr]    Compiling gcc v0.3.53
[INFO] [stderr]    Compiling yansi v0.3.3
[INFO] [stderr]     Checking byte-tools v0.1.3
[INFO] [stderr]     Checking unicode-xid v0.0.4
[INFO] [stderr]     Checking constant_time_eq v0.1.3
[INFO] [stderr]     Checking fallible-iterator v0.1.3
[INFO] [stderr]    Compiling untrusted v0.5.1
[INFO] [stderr]     Checking term v0.4.6
[INFO] [stderr]     Checking md5 v0.3.5
[INFO] [stderr]     Checking serde v1.0.11
[INFO] [stderr]    Compiling pear_codegen v0.0.10
[INFO] [stderr]     Checking bitflags v0.7.0
[INFO] [stderr]     Checking hex v0.2.0
[INFO] [stderr]     Checking quote v0.3.15
[INFO] [stderr]     Checking ordermap v0.2.11
[INFO] [stderr]    Compiling state v0.3.1
[INFO] [stderr]     Checking smallvec v0.4.3
[INFO] [stderr]     Checking itoa v0.3.3
[INFO] [stderr]    Compiling coco v0.1.1
[INFO] [stderr]    Compiling rayon-core v1.2.1
[INFO] [stderr]    Compiling unicode-bidi v0.3.4
[INFO] [stderr]    Compiling base64 v0.6.0
[INFO] [stderr]     Checking phf_shared v0.7.21
[INFO] [stderr]     Checking base64 v0.5.2
[INFO] [stderr]     Checking syntex_pos v0.54.0
[INFO] [stderr]     Checking mime v0.2.6
[INFO] [stderr]     Checking scheduled-thread-pool v0.1.0
[INFO] [stderr]     Checking idna v0.1.4
[INFO] [stderr]     Checking stringprep v0.1.2
[INFO] [stderr]    Compiling unicase v1.4.2
[INFO] [stderr]    Compiling serde_derive_internals v0.15.1
[INFO] [stdout] error[E0557]: feature has been removed
[INFO] [stdout]  --> /opt/rustwide/cargo-home/registry/src/github.com-1ecc6299db9ec823/pear_codegen-0.0.10/src/lib.rs:1:45
[INFO] [stdout]   |
[INFO] [stdout] 1 | #![feature(plugin_registrar, rustc_private, quote)]
[INFO] [stdout]   |                                             ^^^^^ feature has been removed
[INFO] [stdout] 
[INFO] [stdout] 
[INFO] [stdout] error[E0462]: found staticlib `rustc` instead of rlib or dylib
[INFO] [stdout]  --> /opt/rustwide/cargo-home/registry/src/github.com-1ecc6299db9ec823/pear_codegen-0.0.10/src/lib.rs:3:1
[INFO] [stdout]   |
[INFO] [stdout] 3 | extern crate rustc;
[INFO] [stdout]   | ^^^^^^^^^^^^^^^^^^^
[INFO] [stdout]   |
[INFO] [stdout]   = help: please recompile that crate using --crate-type lib
[INFO] [stdout]   = note: the following crate versions were found:
[INFO] [stdout]           crate `rustc`: /opt/rustwide/rustup-home/toolchains/1.55.0-x86_64-unknown-linux-gnu/lib/rustlib/x86_64-unknown-linux-gnu/lib/librustc-stable_rt.msan.a
[INFO] [stdout]           crate `rustc`: /opt/rustwide/rustup-home/toolchains/1.55.0-x86_64-unknown-linux-gnu/lib/rustlib/x86_64-unknown-linux-gnu/lib/librustc-stable_rt.lsan.a
[INFO] [stdout]           crate `rustc`: /opt/rustwide/rustup-home/toolchains/1.55.0-x86_64-unknown-linux-gnu/lib/rustlib/x86_64-unknown-linux-gnu/lib/librustc-stable_rt.tsan.a
[INFO] [stdout]           crate `rustc`: /opt/rustwide/rustup-home/toolchains/1.55.0-x86_64-unknown-linux-gnu/lib/rustlib/x86_64-unknown-linux-gnu/lib/librustc-stable_rt.asan.a
[INFO] [stdout] 
[INFO] [stdout] 
[INFO] [stdout] error: aborting due to 2 previous errors
[INFO] [stdout] 
[INFO] [stdout] 
[INFO] [stdout] For more information about this error, try `rustc --explain E0557`.
[INFO] [stdout] 
[INFO] [stderr] error: could not compile `pear_codegen` due to 3 previous errors
[INFO] [stderr] warning: build failed, waiting for other jobs to finish...
[INFO] [stdout] error[E0557]: feature has been removed
[INFO] [stdout]  --> /opt/rustwide/cargo-home/registry/src/github.com-1ecc6299db9ec823/state-0.3.1/src/lib.rs:1:12
[INFO] [stdout]   |
[INFO] [stdout] 1 | #![feature(const_fn, drop_types_in_const)]
[INFO] [stdout]   |            ^^^^^^^^ feature has been removed
[INFO] [stdout]   |
[INFO] [stdout]   = note: split into finer-grained feature gates
[INFO] [stdout] 
[INFO] [stdout] 
[INFO] [stdout] error[E0557]: feature has been removed
[INFO] [stdout]  --> /opt/rustwide/cargo-home/registry/src/github.com-1ecc6299db9ec823/yansi-0.3.3/src/lib.rs:1:40
[INFO] [stdout]   |
[INFO] [stdout] 1 | #![cfg_attr(feature="nightly", feature(const_fn))]
[INFO] [stdout]   |                                        ^^^^^^^^ feature has been removed
[INFO] [stdout]   |
[INFO] [stdout]   = note: split into finer-grained feature gates
[INFO] [stdout] 
[INFO] [stdout] 
[INFO] [stdout] error[E0554]: `#![feature]` may not be used on the stable release channel
[INFO] [stdout]  --> /opt/rustwide/cargo-home/registry/src/github.com-1ecc6299db9ec823/state-0.3.1/src/lib.rs:1:1
[INFO] [stdout]   |
[INFO] [stdout] 1 | #![feature(const_fn, drop_types_in_const)]
[INFO] [stdout]   | ^^^^^^^^^^^^^^^^^^^^^^^^^^^^^^^^^^^^^^^^^^
[INFO] [stdout]   |
[INFO] [stdout]   = help: the feature `drop_types_in_const` has been stable since 1.22.0 and no longer requires an attribute to enable
[INFO] [stdout] 
[INFO] [stdout] 
[INFO] [stdout] error[E0557]: feature has been removed
[INFO] [stdout]  --> /opt/rustwide/cargo-home/registry/src/github.com-1ecc6299db9ec823/yansi-0.3.3/src/lib.rs:1:40
[INFO] [stdout]   |
[INFO] [stdout] 1 | #![cfg_attr(feature="nightly", feature(const_fn))]
[INFO] [stdout]   |                                        ^^^^^^^^ feature has been removed
[INFO] [stdout]   |
[INFO] [stdout]   = note: split into finer-grained feature gates
[INFO] [stdout] 
[INFO] [stdout] 
[INFO] [stdout] error[E0554]: `#![feature]` may not be used on the stable release channel
[INFO] [stdout]  --> /opt/rustwide/cargo-home/registry/src/github.com-1ecc6299db9ec823/yansi-0.3.3/src/lib.rs:1:32
[INFO] [stdout]   |
[INFO] [stdout] 1 | #![cfg_attr(feature="nightly", feature(const_fn))]
[INFO] [stdout]   |                                ^^^^^^^^^^^^^^^^^
[INFO] [stdout] 
[INFO] [stdout] 
[INFO] [stdout] error[E0554]: `#![feature]` may not be used on the stable release channel
[INFO] [stdout]  --> /opt/rustwide/cargo-home/registry/src/github.com-1ecc6299db9ec823/yansi-0.3.3/src/lib.rs:1:32
[INFO] [stdout]   |
[INFO] [stdout] 1 | #![cfg_attr(feature="nightly", feature(const_fn))]
[INFO] [stdout]   |                                ^^^^^^^^^^^^^^^^^
[INFO] [stdout] 
[INFO] [stdout] 
[INFO] [stdout] error[E0557]: feature has been removed
[INFO] [stdout]  --> /opt/rustwide/cargo-home/registry/src/github.com-1ecc6299db9ec823/state-0.3.1/src/lib.rs:1:12
[INFO] [stdout]   |
[INFO] [stdout] 1 | #![feature(const_fn, drop_types_in_const)]
[INFO] [stdout]   |            ^^^^^^^^ feature has been removed
[INFO] [stdout]   |
[INFO] [stdout]   = note: split into finer-grained feature gates
[INFO] [stdout] 
[INFO] [stdout] 
[INFO] [stdout] error[E0554]: `#![feature]` may not be used on the stable release channel
[INFO] [stdout]  --> /opt/rustwide/cargo-home/registry/src/github.com-1ecc6299db9ec823/state-0.3.1/src/lib.rs:1:1
[INFO] [stdout]   |
[INFO] [stdout] 1 | #![feature(const_fn, drop_types_in_const)]
[INFO] [stdout]   | ^^^^^^^^^^^^^^^^^^^^^^^^^^^^^^^^^^^^^^^^^^
[INFO] [stdout]   |
[INFO] [stdout]   = help: the feature `drop_types_in_const` has been stable since 1.22.0 and no longer requires an attribute to enable
[INFO] [stdout] 
[INFO] [stdout] 
[INFO] [stdout] error: aborting due to 2 previous errors
[INFO] [stdout] 
[INFO] [stdout] 
[INFO] [stdout] Some errors have detailed explanations: E0554, E0557.
[INFO] [stdout] 
[INFO] [stdout] For more information about an error, try `rustc --explain E0554`.
[INFO] [stdout] 
[INFO] [stdout] error: aborting due to 2 previous errors
[INFO] [stdout] 
[INFO] [stdout] 
[INFO] [stdout] Some errors have detailed explanations: E0554, E0557.
[INFO] [stdout] 
[INFO] [stdout] For more information about an error, try `rustc --explain E0554`.
[INFO] [stdout] 
[INFO] [stdout] error: aborting due to 2 previous errors
[INFO] [stdout] 
[INFO] [stdout] 
[INFO] [stdout] Some errors have detailed explanations: E0554, E0557.
[INFO] [stdout] 
[INFO] [stdout] For more information about an error, try `rustc --explain E0554`.
[INFO] [stdout] 
[INFO] [stdout] error: aborting due to 2 previous errors
[INFO] [stdout] 
[INFO] [stdout] 
[INFO] [stdout] Some errors have detailed explanations: E0554, E0557.
[INFO] [stdout] 
[INFO] [stdout] For more information about an error, try `rustc --explain E0554`.
[INFO] [stdout] 
[INFO] [stderr] error: build failed
[INFO] running `Command { std: "docker" "inspect" "f27a939b25bd33209b57f90845280d3e6e04202708daa33730af2ae5019b6dbd", kill_on_drop: false }`
[INFO] running `Command { std: "docker" "rm" "-f" "f27a939b25bd33209b57f90845280d3e6e04202708daa33730af2ae5019b6dbd", kill_on_drop: false }`
[INFO] [stdout] f27a939b25bd33209b57f90845280d3e6e04202708daa33730af2ae5019b6dbd
