[INFO] cloning repository https://github.com/codebje/vtrs20
[INFO] running `Command { std: "git" "-c" "credential.helper=" "-c" "credential.helper=/workspace/cargo-home/bin/git-credential-null" "clone" "--bare" "https://github.com/codebje/vtrs20" "/workspace/cache/git-repos/https%3A%2F%2Fgithub.com%2Fcodebje%2Fvtrs20", kill_on_drop: false }`
[INFO] [stderr] Cloning into bare repository '/workspace/cache/git-repos/https%3A%2F%2Fgithub.com%2Fcodebje%2Fvtrs20'...
[INFO] running `Command { std: "git" "rev-parse" "HEAD", kill_on_drop: false }`
[INFO] [stdout] c2e2c99e5b0748300733cf931ba5656442534971
[INFO] checking codebje/vtrs20 against beta-2021-10-15 for beta-1.56-3
[INFO] running `Command { std: "git" "clone" "/workspace/cache/git-repos/https%3A%2F%2Fgithub.com%2Fcodebje%2Fvtrs20" "/workspace/builds/worker-112/source", kill_on_drop: false }`
[INFO] [stderr] Cloning into '/workspace/builds/worker-112/source'...
[INFO] [stderr] done.
[INFO] validating manifest of git repo https://github.com/codebje/vtrs20 on toolchain beta-2021-10-15
[INFO] running `Command { std: "/workspace/cargo-home/bin/cargo" "+beta-2021-10-15" "metadata" "--manifest-path" "Cargo.toml" "--no-deps", kill_on_drop: false }`
[INFO] started tweaking git repo https://github.com/codebje/vtrs20
[INFO] finished tweaking git repo https://github.com/codebje/vtrs20
[INFO] tweaked toml for git repo https://github.com/codebje/vtrs20 written to /workspace/builds/worker-112/source/Cargo.toml
[INFO] crate git repo https://github.com/codebje/vtrs20 already has a lockfile, it will not be regenerated
[INFO] running `Command { std: "/workspace/cargo-home/bin/cargo" "+beta-2021-10-15" "fetch" "--manifest-path" "Cargo.toml", kill_on_drop: false }`
[INFO] [stderr]     Blocking waiting for file lock on package cache
[INFO] [stderr]     Blocking waiting for file lock on package cache
[INFO] [stderr]  Downloading crates ...
[INFO] [stderr]   Downloaded serialport v3.3.0
[INFO] [stderr]   Downloaded mio-serial v3.3.1
[INFO] [stderr]   Downloaded IOKit-sys v0.1.5
[INFO] [stderr]   Downloaded libudev v0.2.0
[INFO] [stderr]   Downloaded serde v1.0.113
[INFO] [stderr]   Downloaded serde_derive v1.0.113
[INFO] [stderr]   Downloaded CoreFoundation-sys v0.1.4
[INFO] [stderr]   Downloaded mach v0.1.2
[INFO] [stderr]   Downloaded enumset_derive v0.5.0
[INFO] [stderr]   Downloaded enumset v1.0.1
[INFO] [stderr]   Downloaded bitstream-io v0.8.5
[INFO] [stderr]   Downloaded z80emu v0.3.0
[INFO] running `Command { std: "docker" "create" "-v" "/var/lib/crater-agent-workspace/builds/worker-112/target:/opt/rustwide/target:rw,Z" "-v" "/var/lib/crater-agent-workspace/builds/worker-112/source:/opt/rustwide/workdir:ro,Z" "-v" "/var/lib/crater-agent-workspace/cargo-home:/opt/rustwide/cargo-home:ro,Z" "-v" "/var/lib/crater-agent-workspace/rustup-home:/opt/rustwide/rustup-home:ro,Z" "-e" "SOURCE_DIR=/opt/rustwide/workdir" "-e" "CARGO_TARGET_DIR=/opt/rustwide/target" "-e" "CARGO_HOME=/opt/rustwide/cargo-home" "-e" "RUSTUP_HOME=/opt/rustwide/rustup-home" "-w" "/opt/rustwide/workdir" "-m" "1610612736" "--user" "0:0" "--network" "none" "ghcr.io/rust-lang/crates-build-env/linux@sha256:a89201d6b5b9fd45c15d5952ece0a0129e7e80cb26ec023fd59cf09bc26f1604" "/opt/rustwide/cargo-home/bin/cargo" "+beta-2021-10-15" "metadata" "--no-deps" "--format-version=1", kill_on_drop: false }`
[INFO] [stdout] c25a27ffb321309f2eded3356e53c3d66c01b26341c40ba8bfe0f7cfe7884bfa
[INFO] running `Command { std: "docker" "start" "-a" "c25a27ffb321309f2eded3356e53c3d66c01b26341c40ba8bfe0f7cfe7884bfa", kill_on_drop: false }`
[INFO] running `Command { std: "docker" "inspect" "c25a27ffb321309f2eded3356e53c3d66c01b26341c40ba8bfe0f7cfe7884bfa", kill_on_drop: false }`
[INFO] running `Command { std: "docker" "rm" "-f" "c25a27ffb321309f2eded3356e53c3d66c01b26341c40ba8bfe0f7cfe7884bfa", kill_on_drop: false }`
[INFO] [stdout] c25a27ffb321309f2eded3356e53c3d66c01b26341c40ba8bfe0f7cfe7884bfa
[INFO] running `Command { std: "docker" "create" "-v" "/var/lib/crater-agent-workspace/builds/worker-112/target:/opt/rustwide/target:rw,Z" "-v" "/var/lib/crater-agent-workspace/builds/worker-112/source:/opt/rustwide/workdir:ro,Z" "-v" "/var/lib/crater-agent-workspace/cargo-home:/opt/rustwide/cargo-home:ro,Z" "-v" "/var/lib/crater-agent-workspace/rustup-home:/opt/rustwide/rustup-home:ro,Z" "-e" "SOURCE_DIR=/opt/rustwide/workdir" "-e" "CARGO_TARGET_DIR=/opt/rustwide/target" "-e" "CARGO_INCREMENTAL=0" "-e" "RUST_BACKTRACE=full" "-e" "RUSTFLAGS=--cap-lints=warn" "-e" "CARGO_HOME=/opt/rustwide/cargo-home" "-e" "RUSTUP_HOME=/opt/rustwide/rustup-home" "-w" "/opt/rustwide/workdir" "-m" "1610612736" "--user" "0:0" "--network" "none" "ghcr.io/rust-lang/crates-build-env/linux@sha256:a89201d6b5b9fd45c15d5952ece0a0129e7e80cb26ec023fd59cf09bc26f1604" "/opt/rustwide/cargo-home/bin/cargo" "+beta-2021-10-15" "check" "--frozen" "--all" "--all-targets" "--message-format=json", kill_on_drop: false }`
[INFO] [stdout] 9c33a7725de7db1a72111bf647df240a8d27c20f94885b13412f6be5e975e21f
[INFO] running `Command { std: "docker" "start" "-a" "9c33a7725de7db1a72111bf647df240a8d27c20f94885b13412f6be5e975e21f", kill_on_drop: false }`
[INFO] [stderr]     Blocking waiting for file lock on package cache
[INFO] [stderr]    Compiling autocfg v1.0.0
[INFO] [stderr]    Compiling libc v0.2.72
[INFO] [stderr]    Compiling proc-macro2 v1.0.18
[INFO] [stderr]    Compiling bitflags v1.2.1
[INFO] [stderr]    Compiling syn v1.0.31
[INFO] [stderr]    Compiling unicode-xid v0.2.0
[INFO] [stderr]    Compiling pkg-config v0.3.18
[INFO] [stderr]    Compiling log v0.4.8
[INFO] [stderr]    Compiling nix v0.14.1
[INFO] [stderr]    Compiling strsim v0.9.3
[INFO] [stderr]    Compiling ident_case v1.0.1
[INFO] [stderr]    Compiling fnv v1.0.7
[INFO] [stderr]     Checking cfg-if v0.1.10
[INFO] [stderr]    Compiling nix v0.17.0
[INFO] [stderr]     Checking void v1.0.2
[INFO] [stderr]     Checking slab v0.4.2
[INFO] [stderr]    Compiling serde_derive v1.0.113
[INFO] [stderr]    Compiling serde v1.0.113
[INFO] [stderr]     Checking arrayvec v0.5.1
[INFO] [stderr]     Checking unicode-width v0.1.8
[INFO] [stderr]     Checking vec_map v0.8.2
[INFO] [stderr]     Checking ansi_term v0.11.0
[INFO] [stderr]     Checking strsim v0.8.0
[INFO] [stderr]     Checking numtoa v0.1.0
[INFO] [stderr]     Checking bitstream-io v0.8.5
[INFO] [stderr]    Compiling num-traits v0.2.12
[INFO] [stderr]    Compiling num-integer v0.1.43
[INFO] [stderr]    Compiling num-bigint v0.3.0
[INFO] [stderr]    Compiling num-rational v0.3.0
[INFO] [stderr]    Compiling num-iter v0.1.41
[INFO] [stderr]     Checking textwrap v0.11.0
[INFO] [stderr]    Compiling num-complex v0.3.0
[INFO] [stderr]    Compiling libudev-sys v0.1.4
[INFO] [stderr]     Checking net2 v0.2.34
[INFO] [stderr]     Checking iovec v0.1.4
[INFO] [stderr]     Checking atty v0.2.14
[INFO] [stderr]     Checking termion v1.5.5
[INFO] [stderr]    Compiling quote v1.0.7
[INFO] [stderr]     Checking libudev v0.2.0
[INFO] [stderr]     Checking clap v2.33.3
[INFO] [stderr]    Compiling mio v0.6.22
[INFO] [stderr]    Compiling num v0.3.0
[INFO] [stderr]     Checking serialport v3.3.0
[INFO] [stderr]    Compiling mio-serial v3.3.1
[INFO] [stderr]    Compiling darling_core v0.10.2
[INFO] [stderr]    Compiling darling_macro v0.10.2
[INFO] [stderr]    Compiling darling v0.10.2
[INFO] [stderr]    Compiling enumset_derive v0.5.0
[INFO] [stderr]     Checking enumset v1.0.1
[INFO] [stderr]    Compiling emulator v0.1.0 (/opt/rustwide/workdir/emulator)
[INFO] [stderr]     Checking vtrs20 v0.1.0 (/opt/rustwide/workdir)
[INFO] [stderr]     Checking z80emu v0.3.0
[INFO] [stderr]     Checking zexrunner v0.1.0 (/opt/rustwide/workdir/zexrunner)
[INFO] [stdout] error[E0061]: this function takes 2 arguments but 1 argument was supplied
[INFO] [stdout]    --> zexrunner/src/lib.rs:394:13
[INFO] [stdout]     |
[INFO] [stdout] 394 |         ram.mem_read(0x103).unwrap_or(0),
[INFO] [stdout]     |             ^^^^^^^^ ----- supplied 1 argument
[INFO] [stdout]     |             |
[INFO] [stdout]     |             expected 2 arguments
[INFO] [stdout]     |
[INFO] [stdout] note: associated function defined here
[INFO] [stdout]    --> /opt/rustwide/workdir/emulator/src/types.rs:26:8
[INFO] [stdout]     |
[INFO] [stdout] 26  |     fn mem_read(&self, _address: u32, _m1: bool) -> Option<u8> {
[INFO] [stdout]     |        ^^^^^^^^
[INFO] [stdout] 
[INFO] [stdout] 
[INFO] [stdout] error[E0061]: this function takes 2 arguments but 1 argument was supplied
[INFO] [stdout]    --> zexrunner/src/lib.rs:395:13
[INFO] [stdout]     |
[INFO] [stdout] 395 |         ram.mem_read(0x104).unwrap_or(0),
[INFO] [stdout]     |             ^^^^^^^^ ----- supplied 1 argument
[INFO] [stdout]     |             |
[INFO] [stdout]     |             expected 2 arguments
[INFO] [stdout]     |
[INFO] [stdout] note: associated function defined here
[INFO] [stdout]    --> /opt/rustwide/workdir/emulator/src/types.rs:26:8
[INFO] [stdout]     |
[INFO] [stdout] 26  |     fn mem_read(&self, _address: u32, _m1: bool) -> Option<u8> {
[INFO] [stdout]     |        ^^^^^^^^
[INFO] [stdout] 
[INFO] [stdout] 
[INFO] [stdout] error[E0061]: this function takes 2 arguments but 1 argument was supplied
[INFO] [stdout]    --> zexrunner/src/lib.rs:407:33
[INFO] [stdout]     |
[INFO] [stdout] 407 |     result = updcrc(result, ram.mem_read(0x103).unwrap_or(0));
[INFO] [stdout]     |                                 ^^^^^^^^ ----- supplied 1 argument
[INFO] [stdout]     |                                 |
[INFO] [stdout]     |                                 expected 2 arguments
[INFO] [stdout]     |
[INFO] [stdout] note: associated function defined here
[INFO] [stdout]    --> /opt/rustwide/workdir/emulator/src/types.rs:26:8
[INFO] [stdout]     |
[INFO] [stdout] 26  |     fn mem_read(&self, _address: u32, _m1: bool) -> Option<u8> {
[INFO] [stdout]     |        ^^^^^^^^
[INFO] [stdout] 
[INFO] [stdout] 
[INFO] [stdout] error[E0061]: this function takes 2 arguments but 1 argument was supplied
[INFO] [stdout]    --> zexrunner/src/lib.rs:408:33
[INFO] [stdout]     |
[INFO] [stdout] 408 |     result = updcrc(result, ram.mem_read(0x104).unwrap_or(0));
[INFO] [stdout]     |                                 ^^^^^^^^ ----- supplied 1 argument
[INFO] [stdout]     |                                 |
[INFO] [stdout]     |                                 expected 2 arguments
[INFO] [stdout]     |
[INFO] [stdout] note: associated function defined here
[INFO] [stdout]    --> /opt/rustwide/workdir/emulator/src/types.rs:26:8
[INFO] [stdout]     |
[INFO] [stdout] 26  |     fn mem_read(&self, _address: u32, _m1: bool) -> Option<u8> {
[INFO] [stdout]     |        ^^^^^^^^
[INFO] [stdout] 
[INFO] [stdout] 
[INFO] [stdout] error[E0061]: this function takes 2 arguments but 1 argument was supplied
[INFO] [stdout]    --> zexrunner/src/lib.rs:477:40
[INFO] [stdout]     |
[INFO] [stdout] 477 |             || bus80.mem[0x103] != ram.mem_read(0x103).unwrap_or(0)
[INFO] [stdout]     |                                        ^^^^^^^^ ----- supplied 1 argument
[INFO] [stdout]     |                                        |
[INFO] [stdout]     |                                        expected 2 arguments
[INFO] [stdout]     |
[INFO] [stdout] note: associated function defined here
[INFO] [stdout]    --> /opt/rustwide/workdir/emulator/src/types.rs:26:8
[INFO] [stdout]     |
[INFO] [stdout] 26  |     fn mem_read(&self, _address: u32, _m1: bool) -> Option<u8> {
[INFO] [stdout]     |        ^^^^^^^^
[INFO] [stdout] 
[INFO] [stdout] 
[INFO] [stdout] error[E0061]: this function takes 2 arguments but 1 argument was supplied
[INFO] [stdout]    --> zexrunner/src/lib.rs:478:40
[INFO] [stdout]     |
[INFO] [stdout] 478 |             || bus80.mem[0x104] != ram.mem_read(0x104).unwrap_or(0)
[INFO] [stdout]     |                                        ^^^^^^^^ ----- supplied 1 argument
[INFO] [stdout]     |                                        |
[INFO] [stdout]     |                                        expected 2 arguments
[INFO] [stdout]     |
[INFO] [stdout] note: associated function defined here
[INFO] [stdout]    --> /opt/rustwide/workdir/emulator/src/types.rs:26:8
[INFO] [stdout]     |
[INFO] [stdout] 26  |     fn mem_read(&self, _address: u32, _m1: bool) -> Option<u8> {
[INFO] [stdout]     |        ^^^^^^^^
[INFO] [stdout] 
[INFO] [stdout] 
[INFO] [stdout] error[E0061]: this function takes 2 arguments but 1 argument was supplied
[INFO] [stdout]    --> zexrunner/src/lib.rs:491:17
[INFO] [stdout]     |
[INFO] [stdout] 491 |             ram.mem_read(0x103).unwrap_or(0),
[INFO] [stdout]     |                 ^^^^^^^^ ----- supplied 1 argument
[INFO] [stdout]     |                 |
[INFO] [stdout]     |                 expected 2 arguments
[INFO] [stdout]     |
[INFO] [stdout] note: associated function defined here
[INFO] [stdout]    --> /opt/rustwide/workdir/emulator/src/types.rs:26:8
[INFO] [stdout]     |
[INFO] [stdout] 26  |     fn mem_read(&self, _address: u32, _m1: bool) -> Option<u8> {
[INFO] [stdout]     |        ^^^^^^^^
[INFO] [stdout] 
[INFO] [stdout] 
[INFO] [stdout] error[E0061]: this function takes 2 arguments but 1 argument was supplied
[INFO] [stdout]    --> zexrunner/src/lib.rs:492:17
[INFO] [stdout]     |
[INFO] [stdout] 492 |             ram.mem_read(0x104).unwrap_or(0),
[INFO] [stdout]     |                 ^^^^^^^^ ----- supplied 1 argument
[INFO] [stdout]     |                 |
[INFO] [stdout]     |                 expected 2 arguments
[INFO] [stdout]     |
[INFO] [stdout] note: associated function defined here
[INFO] [stdout]    --> /opt/rustwide/workdir/emulator/src/types.rs:26:8
[INFO] [stdout]     |
[INFO] [stdout] 26  |     fn mem_read(&self, _address: u32, _m1: bool) -> Option<u8> {
[INFO] [stdout]     |        ^^^^^^^^
[INFO] [stdout] 
[INFO] [stdout] 
[INFO] [stdout] error: aborting due to 8 previous errors
[INFO] [stdout] 
[INFO] [stdout] 
[INFO] [stdout] For more information about this error, try `rustc --explain E0061`.
[INFO] [stdout] 
[INFO] [stdout] error[E0061]: this function takes 2 arguments but 1 argument was supplied
[INFO] [stdout]    --> zexrunner/src/lib.rs:394:13
[INFO] [stdout]     |
[INFO] [stdout] 394 |         ram.mem_read(0x103).unwrap_or(0),
[INFO] [stdout]     |             ^^^^^^^^ ----- supplied 1 argument
[INFO] [stdout]     |             |
[INFO] [stdout]     |             expected 2 arguments
[INFO] [stdout]     |
[INFO] [stdout] note: associated function defined here
[INFO] [stdout]    --> /opt/rustwide/workdir/emulator/src/types.rs:26:8
[INFO] [stdout]     |
[INFO] [stdout] 26  |     fn mem_read(&self, _address: u32, _m1: bool) -> Option<u8> {
[INFO] [stdout]     |        ^^^^^^^^
[INFO] [stdout] 
[INFO] [stdout] 
[INFO] [stderr] error: could not compile `zexrunner` due to 9 previous errors
[INFO] [stderr] warning: build failed, waiting for other jobs to finish...
[INFO] [stdout] error[E0061]: this function takes 2 arguments but 1 argument was supplied
[INFO] [stdout]    --> zexrunner/src/lib.rs:395:13
[INFO] [stdout]     |
[INFO] [stdout] 395 |         ram.mem_read(0x104).unwrap_or(0),
[INFO] [stdout]     |             ^^^^^^^^ ----- supplied 1 argument
[INFO] [stdout]     |             |
[INFO] [stdout]     |             expected 2 arguments
[INFO] [stdout]     |
[INFO] [stdout] note: associated function defined here
[INFO] [stdout]    --> /opt/rustwide/workdir/emulator/src/types.rs:26:8
[INFO] [stdout]     |
[INFO] [stdout] 26  |     fn mem_read(&self, _address: u32, _m1: bool) -> Option<u8> {
[INFO] [stdout]     |        ^^^^^^^^
[INFO] [stdout] 
[INFO] [stdout] 
[INFO] [stdout] error[E0061]: this function takes 2 arguments but 1 argument was supplied
[INFO] [stdout]    --> zexrunner/src/lib.rs:407:33
[INFO] [stdout]     |
[INFO] [stdout] 407 |     result = updcrc(result, ram.mem_read(0x103).unwrap_or(0));
[INFO] [stdout]     |                                 ^^^^^^^^ ----- supplied 1 argument
[INFO] [stdout]     |                                 |
[INFO] [stdout]     |                                 expected 2 arguments
[INFO] [stdout]     |
[INFO] [stdout] note: associated function defined here
[INFO] [stdout]    --> /opt/rustwide/workdir/emulator/src/types.rs:26:8
[INFO] [stdout]     |
[INFO] [stdout] 26  |     fn mem_read(&self, _address: u32, _m1: bool) -> Option<u8> {
[INFO] [stdout]     |        ^^^^^^^^
[INFO] [stdout] 
[INFO] [stdout] 
[INFO] [stdout] error[E0061]: this function takes 2 arguments but 1 argument was supplied
[INFO] [stdout]    --> zexrunner/src/lib.rs:408:33
[INFO] [stdout]     |
[INFO] [stdout] 408 |     result = updcrc(result, ram.mem_read(0x104).unwrap_or(0));
[INFO] [stdout]     |                                 ^^^^^^^^ ----- supplied 1 argument
[INFO] [stdout]     |                                 |
[INFO] [stdout]     |                                 expected 2 arguments
[INFO] [stdout]     |
[INFO] [stdout] note: associated function defined here
[INFO] [stdout]    --> /opt/rustwide/workdir/emulator/src/types.rs:26:8
[INFO] [stdout]     |
[INFO] [stdout] 26  |     fn mem_read(&self, _address: u32, _m1: bool) -> Option<u8> {
[INFO] [stdout]     |        ^^^^^^^^
[INFO] [stdout] 
[INFO] [stdout] 
[INFO] [stdout] error[E0061]: this function takes 2 arguments but 1 argument was supplied
[INFO] [stdout]    --> zexrunner/src/lib.rs:477:40
[INFO] [stdout]     |
[INFO] [stdout] 477 |             || bus80.mem[0x103] != ram.mem_read(0x103).unwrap_or(0)
[INFO] [stdout]     |                                        ^^^^^^^^ ----- supplied 1 argument
[INFO] [stdout]     |                                        |
[INFO] [stdout]     |                                        expected 2 arguments
[INFO] [stdout]     |
[INFO] [stdout] note: associated function defined here
[INFO] [stdout]    --> /opt/rustwide/workdir/emulator/src/types.rs:26:8
[INFO] [stdout]     |
[INFO] [stdout] 26  |     fn mem_read(&self, _address: u32, _m1: bool) -> Option<u8> {
[INFO] [stdout]     |        ^^^^^^^^
[INFO] [stdout] 
[INFO] [stdout] 
[INFO] [stdout] error[E0061]: this function takes 2 arguments but 1 argument was supplied
[INFO] [stdout]    --> zexrunner/src/lib.rs:478:40
[INFO] [stdout]     |
[INFO] [stdout] 478 |             || bus80.mem[0x104] != ram.mem_read(0x104).unwrap_or(0)
[INFO] [stdout]     |                                        ^^^^^^^^ ----- supplied 1 argument
[INFO] [stdout]     |                                        |
[INFO] [stdout]     |                                        expected 2 arguments
[INFO] [stdout]     |
[INFO] [stdout] note: associated function defined here
[INFO] [stdout]    --> /opt/rustwide/workdir/emulator/src/types.rs:26:8
[INFO] [stdout]     |
[INFO] [stdout] 26  |     fn mem_read(&self, _address: u32, _m1: bool) -> Option<u8> {
[INFO] [stdout]     |        ^^^^^^^^
[INFO] [stdout] 
[INFO] [stdout] 
[INFO] [stdout] error[E0061]: this function takes 2 arguments but 1 argument was supplied
[INFO] [stdout]    --> zexrunner/src/lib.rs:491:17
[INFO] [stdout]     |
[INFO] [stdout] 491 |             ram.mem_read(0x103).unwrap_or(0),
[INFO] [stdout]     |                 ^^^^^^^^ ----- supplied 1 argument
[INFO] [stdout]     |                 |
[INFO] [stdout]     |                 expected 2 arguments
[INFO] [stdout]     |
[INFO] [stdout] note: associated function defined here
[INFO] [stdout]    --> /opt/rustwide/workdir/emulator/src/types.rs:26:8
[INFO] [stdout]     |
[INFO] [stdout] 26  |     fn mem_read(&self, _address: u32, _m1: bool) -> Option<u8> {
[INFO] [stdout]     |        ^^^^^^^^
[INFO] [stdout] 
[INFO] [stdout] 
[INFO] [stdout] error[E0061]: this function takes 2 arguments but 1 argument was supplied
[INFO] [stdout]    --> zexrunner/src/lib.rs:492:17
[INFO] [stdout]     |
[INFO] [stdout] 492 |             ram.mem_read(0x104).unwrap_or(0),
[INFO] [stdout]     |                 ^^^^^^^^ ----- supplied 1 argument
[INFO] [stdout]     |                 |
[INFO] [stdout]     |                 expected 2 arguments
[INFO] [stdout]     |
[INFO] [stdout] note: associated function defined here
[INFO] [stdout]    --> /opt/rustwide/workdir/emulator/src/types.rs:26:8
[INFO] [stdout]     |
[INFO] [stdout] 26  |     fn mem_read(&self, _address: u32, _m1: bool) -> Option<u8> {
[INFO] [stdout]     |        ^^^^^^^^
[INFO] [stdout] 
[INFO] [stdout] 
[INFO] [stdout] error: aborting due to 8 previous errors
[INFO] [stdout] 
[INFO] [stdout] 
[INFO] [stdout] For more information about this error, try `rustc --explain E0061`.
[INFO] [stdout] 
[INFO] [stderr] error: build failed
[INFO] running `Command { std: "docker" "inspect" "9c33a7725de7db1a72111bf647df240a8d27c20f94885b13412f6be5e975e21f", kill_on_drop: false }`
[INFO] running `Command { std: "docker" "rm" "-f" "9c33a7725de7db1a72111bf647df240a8d27c20f94885b13412f6be5e975e21f", kill_on_drop: false }`
[INFO] [stdout] 9c33a7725de7db1a72111bf647df240a8d27c20f94885b13412f6be5e975e21f
