[INFO] cloning repository https://github.com/ckaran/pyo3_issue_report_341
[INFO] running `Command { std: "git" "-c" "credential.helper=" "-c" "credential.helper=/workspace/cargo-home/bin/git-credential-null" "clone" "--bare" "https://github.com/ckaran/pyo3_issue_report_341" "/workspace/cache/git-repos/https%3A%2F%2Fgithub.com%2Fckaran%2Fpyo3_issue_report_341", kill_on_drop: false }`
[INFO] [stderr] Cloning into bare repository '/workspace/cache/git-repos/https%3A%2F%2Fgithub.com%2Fckaran%2Fpyo3_issue_report_341'...
[INFO] running `Command { std: "git" "rev-parse" "HEAD", kill_on_drop: false }`
[INFO] [stdout] d8116c36f759932a933e5ffc44b710a7415155d6
[INFO] checking ckaran/pyo3_issue_report_341 against 1.55.0 for beta-1.56-3
[INFO] running `Command { std: "git" "clone" "/workspace/cache/git-repos/https%3A%2F%2Fgithub.com%2Fckaran%2Fpyo3_issue_report_341" "/workspace/builds/worker-107/source", kill_on_drop: false }`
[INFO] [stderr] Cloning into '/workspace/builds/worker-107/source'...
[INFO] [stderr] done.
[INFO] validating manifest of git repo https://github.com/ckaran/pyo3_issue_report_341 on toolchain 1.55.0
[INFO] running `Command { std: "/workspace/cargo-home/bin/cargo" "+1.55.0" "metadata" "--manifest-path" "Cargo.toml" "--no-deps", kill_on_drop: false }`
[INFO] started tweaking git repo https://github.com/ckaran/pyo3_issue_report_341
[INFO] finished tweaking git repo https://github.com/ckaran/pyo3_issue_report_341
[INFO] tweaked toml for git repo https://github.com/ckaran/pyo3_issue_report_341 written to /workspace/builds/worker-107/source/Cargo.toml
[INFO] crate git repo https://github.com/ckaran/pyo3_issue_report_341 already has a lockfile, it will not be regenerated
[INFO] running `Command { std: "/workspace/cargo-home/bin/cargo" "+1.55.0" "fetch" "--manifest-path" "Cargo.toml", kill_on_drop: false }`
[INFO] [stderr]     Blocking waiting for file lock on package cache
[INFO] [stderr]     Updating crates.io index
[INFO] [stderr]     Blocking waiting for file lock on package cache
[INFO] [stderr]  Downloading crates ...
[INFO] [stderr]   Downloaded spin v0.4.10
[INFO] [stderr]   Downloaded proc-macro-hack-impl v0.4.1
[INFO] [stderr]   Downloaded bit-set v0.5.0
[INFO] [stderr]   Downloaded bit-vec v0.5.0
[INFO] [stderr]   Downloaded proc-macro-hack v0.4.1
[INFO] [stderr]   Downloaded wait-timeout v0.1.5
[INFO] [stderr]   Downloaded rusty-fork v0.2.1
[INFO] [stderr]   Downloaded syn v0.15.26
[INFO] [stderr]   Downloaded mashup v0.1.9
[INFO] [stderr]   Downloaded pyo3cls v0.6.0-alpha.1
[INFO] [stderr]   Downloaded mashup-impl v0.1.9
[INFO] [stderr]   Downloaded tempfile v3.0.6
[INFO] [stderr]   Downloaded pyo3-derive-backend v0.6.0-alpha.1
[INFO] [stderr]   Downloaded proptest-derive v0.1.0
[INFO] [stderr]   Downloaded proptest v0.9.0
[INFO] [stderr]   Downloaded pyo3 v0.6.0-alpha.1
[INFO] running `Command { std: "docker" "create" "-v" "/var/lib/crater-agent-workspace/builds/worker-107/target:/opt/rustwide/target:rw,Z" "-v" "/var/lib/crater-agent-workspace/builds/worker-107/source:/opt/rustwide/workdir:ro,Z" "-v" "/var/lib/crater-agent-workspace/cargo-home:/opt/rustwide/cargo-home:ro,Z" "-v" "/var/lib/crater-agent-workspace/rustup-home:/opt/rustwide/rustup-home:ro,Z" "-e" "SOURCE_DIR=/opt/rustwide/workdir" "-e" "CARGO_TARGET_DIR=/opt/rustwide/target" "-e" "CARGO_HOME=/opt/rustwide/cargo-home" "-e" "RUSTUP_HOME=/opt/rustwide/rustup-home" "-w" "/opt/rustwide/workdir" "-m" "1610612736" "--user" "0:0" "--network" "none" "ghcr.io/rust-lang/crates-build-env/linux@sha256:a89201d6b5b9fd45c15d5952ece0a0129e7e80cb26ec023fd59cf09bc26f1604" "/opt/rustwide/cargo-home/bin/cargo" "+1.55.0" "metadata" "--no-deps" "--format-version=1", kill_on_drop: false }`
[INFO] [stdout] e3da74d4f3684e900412f991ad5b782c8840089374e46e440a806eeb05199768
[INFO] running `Command { std: "docker" "start" "-a" "e3da74d4f3684e900412f991ad5b782c8840089374e46e440a806eeb05199768", kill_on_drop: false }`
[INFO] running `Command { std: "docker" "inspect" "e3da74d4f3684e900412f991ad5b782c8840089374e46e440a806eeb05199768", kill_on_drop: false }`
[INFO] running `Command { std: "docker" "rm" "-f" "e3da74d4f3684e900412f991ad5b782c8840089374e46e440a806eeb05199768", kill_on_drop: false }`
[INFO] [stdout] e3da74d4f3684e900412f991ad5b782c8840089374e46e440a806eeb05199768
[INFO] running `Command { std: "docker" "create" "-v" "/var/lib/crater-agent-workspace/builds/worker-107/target:/opt/rustwide/target:rw,Z" "-v" "/var/lib/crater-agent-workspace/builds/worker-107/source:/opt/rustwide/workdir:ro,Z" "-v" "/var/lib/crater-agent-workspace/cargo-home:/opt/rustwide/cargo-home:ro,Z" "-v" "/var/lib/crater-agent-workspace/rustup-home:/opt/rustwide/rustup-home:ro,Z" "-e" "SOURCE_DIR=/opt/rustwide/workdir" "-e" "CARGO_TARGET_DIR=/opt/rustwide/target" "-e" "CARGO_INCREMENTAL=0" "-e" "RUST_BACKTRACE=full" "-e" "RUSTFLAGS=--cap-lints=warn" "-e" "CARGO_HOME=/opt/rustwide/cargo-home" "-e" "RUSTUP_HOME=/opt/rustwide/rustup-home" "-w" "/opt/rustwide/workdir" "-m" "1610612736" "--user" "0:0" "--network" "none" "ghcr.io/rust-lang/crates-build-env/linux@sha256:a89201d6b5b9fd45c15d5952ece0a0129e7e80cb26ec023fd59cf09bc26f1604" "/opt/rustwide/cargo-home/bin/cargo" "+1.55.0" "check" "--frozen" "--all" "--all-targets" "--message-format=json", kill_on_drop: false }`
[INFO] [stdout] 5db97ad5847449c5d43a5e9bd579b565a60fe9ad069f3bdb9de9eb3d88adffbf
[INFO] running `Command { std: "docker" "start" "-a" "5db97ad5847449c5d43a5e9bd579b565a60fe9ad069f3bdb9de9eb3d88adffbf", kill_on_drop: false }`
[INFO] [stderr]     Blocking waiting for file lock on package cache
[INFO] [stderr]    Compiling libc v0.2.48
[INFO] [stderr]    Compiling proc-macro2 v0.4.27
[INFO] [stderr]    Compiling autocfg v0.1.2
[INFO] [stderr]    Compiling memchr v2.1.3
[INFO] [stderr]    Compiling cfg-if v0.1.6
[INFO] [stderr]    Compiling spin v0.4.10
[INFO] [stderr]    Compiling regex v1.1.0
[INFO] [stderr]    Compiling proc-macro-hack-impl v0.4.1
[INFO] [stderr]    Compiling num-traits v0.2.6
[INFO] [stderr]    Compiling utf8-ranges v1.0.2
[INFO] [stderr]     Checking remove_dir_all v0.5.1
[INFO] [stderr]    Compiling byteorder v1.3.1
[INFO] [stderr]     Checking bit-vec v0.5.0
[INFO] [stderr]     Checking bitflags v1.0.4
[INFO] [stderr]    Compiling regex-syntax v0.6.5
[INFO] [stderr]     Checking rand_jitter v0.1.3
[INFO] [stderr]    Compiling rand_pcg v0.1.1
[INFO] [stdout] error[E0557]: feature has been removed
[INFO] [stdout]  --> /opt/rustwide/cargo-home/registry/src/github.com-1ecc6299db9ec823/spin-0.4.10/src/lib.rs:6:43
[INFO] [stdout]   |
[INFO] [stdout] 6 | #![cfg_attr(feature = "const_fn", feature(const_fn))]
[INFO] [stdout]   |                                           ^^^^^^^^ feature has been removed
[INFO] [stdout]   |
[INFO] [stdout]   = note: split into finer-grained feature gates
[INFO] [stdout] 
[INFO] [stdout] 
[INFO] [stdout] error[E0554]: `#![feature]` may not be used on the stable release channel
[INFO] [stdout]  --> /opt/rustwide/cargo-home/registry/src/github.com-1ecc6299db9ec823/spin-0.4.10/src/lib.rs:6:35
[INFO] [stdout]   |
[INFO] [stdout] 6 | #![cfg_attr(feature = "const_fn", feature(const_fn))]
[INFO] [stdout]   |                                   ^^^^^^^^^^^^^^^^^
[INFO] [stdout] 
[INFO] [stdout] 
[INFO] [stdout] error[E0557]: feature has been removed
[INFO] [stdout]  --> /opt/rustwide/cargo-home/registry/src/github.com-1ecc6299db9ec823/spin-0.4.10/src/lib.rs:6:43
[INFO] [stdout]   |
[INFO] [stdout] 6 | #![cfg_attr(feature = "const_fn", feature(const_fn))]
[INFO] [stdout]   |                                           ^^^^^^^^ feature has been removed
[INFO] [stdout]   |
[INFO] [stdout]   = note: split into finer-grained feature gates
[INFO] [stdout] 
[INFO] [stdout] 
[INFO] [stdout] error[E0554]: `#![feature]` may not be used on the stable release channel
[INFO] [stdout]  --> /opt/rustwide/cargo-home/registry/src/github.com-1ecc6299db9ec823/spin-0.4.10/src/lib.rs:6:35
[INFO] [stdout]   |
[INFO] [stdout] 6 | #![cfg_attr(feature = "const_fn", feature(const_fn))]
[INFO] [stdout]   |                                   ^^^^^^^^^^^^^^^^^
[INFO] [stdout] 
[INFO] [stdout] 
[INFO] [stdout] error: aborting due to 2 previous errors
[INFO] [stdout] 
[INFO] [stdout] 
[INFO] [stdout] Some errors have detailed explanations: E0554, E0557.
[INFO] [stdout] 
[INFO] [stdout] For more information about an error, try `rustc --explain E0554`.
[INFO] [stdout] 
[INFO] [stderr] error: could not compile `spin` due to 3 previous errors
[INFO] [stderr] warning: build failed, waiting for other jobs to finish...
[INFO] [stdout] error: aborting due to 2 previous errors
[INFO] [stdout] 
[INFO] [stdout] 
[INFO] [stdout] Some errors have detailed explanations: E0554, E0557.
[INFO] [stdout] 
[INFO] [stdout] For more information about an error, try `rustc --explain E0554`.
[INFO] [stdout] 
[INFO] [stderr] error: build failed
[INFO] running `Command { std: "docker" "inspect" "5db97ad5847449c5d43a5e9bd579b565a60fe9ad069f3bdb9de9eb3d88adffbf", kill_on_drop: false }`
[INFO] running `Command { std: "docker" "rm" "-f" "5db97ad5847449c5d43a5e9bd579b565a60fe9ad069f3bdb9de9eb3d88adffbf", kill_on_drop: false }`
[INFO] [stdout] 5db97ad5847449c5d43a5e9bd579b565a60fe9ad069f3bdb9de9eb3d88adffbf
