[INFO] cloning repository https://github.com/cholcombe973/skynet
[INFO] running `Command { std: "git" "-c" "credential.helper=" "-c" "credential.helper=/workspace/cargo-home/bin/git-credential-null" "clone" "--bare" "https://github.com/cholcombe973/skynet" "/workspace/cache/git-repos/https%3A%2F%2Fgithub.com%2Fcholcombe973%2Fskynet", kill_on_drop: false }`
[INFO] [stderr] Cloning into bare repository '/workspace/cache/git-repos/https%3A%2F%2Fgithub.com%2Fcholcombe973%2Fskynet'...
[INFO] running `Command { std: "git" "rev-parse" "HEAD", kill_on_drop: false }`
[INFO] [stdout] aaa876fa88adadd9175d1269b1b7c9e6371e9af0
[INFO] checking cholcombe973/skynet against 1.55.0 for beta-1.56-3
[INFO] running `Command { std: "git" "clone" "/workspace/cache/git-repos/https%3A%2F%2Fgithub.com%2Fcholcombe973%2Fskynet" "/workspace/builds/worker-68/source", kill_on_drop: false }`
[INFO] [stderr] Cloning into '/workspace/builds/worker-68/source'...
[INFO] [stderr] done.
[INFO] validating manifest of git repo https://github.com/cholcombe973/skynet on toolchain 1.55.0
[INFO] running `Command { std: "/workspace/cargo-home/bin/cargo" "+1.55.0" "metadata" "--manifest-path" "Cargo.toml" "--no-deps", kill_on_drop: false }`
[INFO] started tweaking git repo https://github.com/cholcombe973/skynet
[INFO] finished tweaking git repo https://github.com/cholcombe973/skynet
[INFO] tweaked toml for git repo https://github.com/cholcombe973/skynet written to /workspace/builds/worker-68/source/Cargo.toml
[INFO] crate git repo https://github.com/cholcombe973/skynet already has a lockfile, it will not be regenerated
[INFO] running `Command { std: "/workspace/cargo-home/bin/cargo" "+1.55.0" "fetch" "--manifest-path" "Cargo.toml", kill_on_drop: false }`
[INFO] [stderr]     Blocking waiting for file lock on package cache
[INFO] [stderr]     Blocking waiting for file lock on package cache
[INFO] running `Command { std: "docker" "create" "-v" "/var/lib/crater-agent-workspace/builds/worker-68/target:/opt/rustwide/target:rw,Z" "-v" "/var/lib/crater-agent-workspace/builds/worker-68/source:/opt/rustwide/workdir:ro,Z" "-v" "/var/lib/crater-agent-workspace/cargo-home:/opt/rustwide/cargo-home:ro,Z" "-v" "/var/lib/crater-agent-workspace/rustup-home:/opt/rustwide/rustup-home:ro,Z" "-e" "SOURCE_DIR=/opt/rustwide/workdir" "-e" "CARGO_TARGET_DIR=/opt/rustwide/target" "-e" "CARGO_HOME=/opt/rustwide/cargo-home" "-e" "RUSTUP_HOME=/opt/rustwide/rustup-home" "-w" "/opt/rustwide/workdir" "-m" "1610612736" "--user" "0:0" "--network" "none" "ghcr.io/rust-lang/crates-build-env/linux@sha256:a89201d6b5b9fd45c15d5952ece0a0129e7e80cb26ec023fd59cf09bc26f1604" "/opt/rustwide/cargo-home/bin/cargo" "+1.55.0" "metadata" "--no-deps" "--format-version=1", kill_on_drop: false }`
[INFO] [stdout] d08794132e2e3e20ecbd8bebd22fd1b79151c0a2d5690638ae9f348bf8b890a3
[INFO] running `Command { std: "docker" "start" "-a" "d08794132e2e3e20ecbd8bebd22fd1b79151c0a2d5690638ae9f348bf8b890a3", kill_on_drop: false }`
[INFO] running `Command { std: "docker" "inspect" "d08794132e2e3e20ecbd8bebd22fd1b79151c0a2d5690638ae9f348bf8b890a3", kill_on_drop: false }`
[INFO] running `Command { std: "docker" "rm" "-f" "d08794132e2e3e20ecbd8bebd22fd1b79151c0a2d5690638ae9f348bf8b890a3", kill_on_drop: false }`
[INFO] [stdout] d08794132e2e3e20ecbd8bebd22fd1b79151c0a2d5690638ae9f348bf8b890a3
[INFO] running `Command { std: "docker" "create" "-v" "/var/lib/crater-agent-workspace/builds/worker-68/target:/opt/rustwide/target:rw,Z" "-v" "/var/lib/crater-agent-workspace/builds/worker-68/source:/opt/rustwide/workdir:ro,Z" "-v" "/var/lib/crater-agent-workspace/cargo-home:/opt/rustwide/cargo-home:ro,Z" "-v" "/var/lib/crater-agent-workspace/rustup-home:/opt/rustwide/rustup-home:ro,Z" "-e" "SOURCE_DIR=/opt/rustwide/workdir" "-e" "CARGO_TARGET_DIR=/opt/rustwide/target" "-e" "CARGO_INCREMENTAL=0" "-e" "RUST_BACKTRACE=full" "-e" "RUSTFLAGS=--cap-lints=warn" "-e" "CARGO_HOME=/opt/rustwide/cargo-home" "-e" "RUSTUP_HOME=/opt/rustwide/rustup-home" "-w" "/opt/rustwide/workdir" "-m" "1610612736" "--user" "0:0" "--network" "none" "ghcr.io/rust-lang/crates-build-env/linux@sha256:a89201d6b5b9fd45c15d5952ece0a0129e7e80cb26ec023fd59cf09bc26f1604" "/opt/rustwide/cargo-home/bin/cargo" "+1.55.0" "check" "--frozen" "--all" "--all-targets" "--message-format=json", kill_on_drop: false }`
[INFO] [stdout] fe52939e1d212bcda6008d74000c51634f27c227c62768bf9c32eac733442901
[INFO] running `Command { std: "docker" "start" "-a" "fe52939e1d212bcda6008d74000c51634f27c227c62768bf9c32eac733442901", kill_on_drop: false }`
[INFO] [stderr]     Blocking waiting for file lock on package cache
[INFO] [stderr]    Compiling cc v1.0.3
[INFO] [stderr]    Compiling libc v0.2.34
[INFO] [stderr]    Compiling version_check v0.1.3
[INFO] [stderr]     Checking cfg-if v0.1.2
[INFO] [stderr]     Checking log v0.3.8
[INFO] [stderr]     Checking byteorder v1.2.1
[INFO] [stderr]     Checking futures v0.1.17
[INFO] [stderr]    Compiling rustc-demangle v0.1.5
[INFO] [stderr]     Checking lazycell v0.5.1
[INFO] [stderr]     Checking lazy_static v1.0.0
[INFO] [stderr]     Checking slab v0.4.0
[INFO] [stderr]    Compiling toml v0.2.1
[INFO] [stderr]     Checking matches v0.1.6
[INFO] [stderr]     Checking serde v1.0.24
[INFO] [stderr]    Compiling openssl v0.9.23
[INFO] [stderr]    Compiling siphasher v0.2.2
[INFO] [stderr]    Compiling build_const v0.2.0
[INFO] [stderr]     Checking unicode-normalization v0.1.5
[INFO] [stderr]     Checking safemem v0.2.0
[INFO] [stderr]     Checking take v0.1.0
[INFO] [stderr]     Checking smallvec v0.2.1
[INFO] [stderr]     Checking httparse v1.2.3
[INFO] [stderr]    Compiling protobuf v1.4.3
[INFO] [stderr]     Checking adler32 v1.0.2
[INFO] [stderr]     Checking bitflags v0.7.0
[INFO] [stderr]    Compiling gcc v0.3.54
[INFO] [stderr]     Checking regex-syntax v0.3.9
[INFO] [stderr]     Checking utf8-ranges v0.1.3
[INFO] [stderr]     Checking hex v0.2.0
[INFO] [stderr]     Checking ansi_term v0.10.2
[INFO] [stderr]     Checking term v0.4.6
[INFO] [stderr]     Checking lazy_static v0.2.11
[INFO] [stderr]     Checking bitflags v1.0.1
[INFO] [stderr]     Checking nom v1.2.4
[INFO] [stderr]     Checking same-file v1.0.0
[INFO] [stderr]     Checking init-daemon v0.1.0
[INFO] [stderr]     Checking rand v0.3.18
[INFO] [stderr]     Checking iovec v0.1.1
[INFO] [stderr]     Checking time v0.1.38
[INFO] [stderr]     Checking num_cpus v1.7.0
[INFO] [stderr]     Checking memchr v0.1.11
[INFO] [stderr]     Checking memchr v2.0.1
[INFO] [stderr]     Checking atty v0.2.3
[INFO] [stderr]     Checking users v0.6.0
[INFO] [stderr]     Checking num-integer v0.1.35
[INFO] [stderr]     Checking unreachable v1.0.0
[INFO] [stderr]     Checking textwrap v0.9.0
[INFO] [stderr]    Compiling serde_derive_internals v0.18.0
[INFO] [stderr]     Checking thread-id v2.0.0
[INFO] [stderr]    Compiling protoc v1.4.3
[INFO] [stderr]     Checking num-iter v0.1.34
[INFO] [stderr]    Compiling crc v1.6.0
[INFO] [stderr]    Compiling unicase v1.4.2
[INFO] [stderr]    Compiling unicase v2.1.0
[INFO] [stderr]     Checking net2 v0.2.31
[INFO] [stderr]     Checking socket2 v0.2.4
[INFO] [stderr]     Checking nix v0.9.0
[INFO] [stderr]     Checking walkdir v2.0.1
[INFO] [stderr]     Checking nix v0.8.1
[INFO] [stderr]     Checking thread_local v0.2.7
[INFO] [stderr]     Checking unicode-bidi v0.3.4
[INFO] [stderr]     Checking aho-corasick v0.5.3
[INFO] [stderr]     Checking aho-corasick v0.6.4
[INFO] [stderr]     Checking num v0.1.41
[INFO] [stderr]     Checking thread_local v0.3.5
[INFO] [stderr]     Checking rust-ini v0.10.0
[INFO] [stderr]     Checking bytes v0.4.5
[INFO] [stderr]     Checking base64 v0.8.0
[INFO] [stderr]     Checking clap v2.29.0
[INFO] [stderr]     Checking chrono v0.4.0
[INFO] [stderr]     Checking simplelog v0.4.3
[INFO] [stderr]     Checking mio v0.6.11
[INFO] [stderr]     Checking dns-lookup v0.8.1
[INFO] [stderr]     Checking regex v0.2.3
[INFO] [stderr]    Compiling serde_derive v1.0.24
[INFO] [stderr]     Checking idna v0.1.4
[INFO] [stderr]     Checking tempdir v0.3.5
[INFO] [stderr]     Checking uuid v0.4.0
[INFO] [stderr]    Compiling backtrace-sys v0.1.16
[INFO] [stderr]    Compiling openssl-sys v0.9.23
[INFO] [stderr]    Compiling apt-pkg-native v0.3.0
[INFO] [stderr]     Checking libflate v0.1.12
[INFO] [stderr]    Compiling phf_shared v0.7.21
[INFO] [stderr]     Checking mime v0.3.5
[INFO] [stderr]    Compiling phf_generator v0.7.21
[INFO] [stderr]     Checking url v1.6.0
[INFO] [stderr]     Checking ifaces v0.1.0
[INFO] [stderr]     Checking regex v0.1.80
[INFO] [stderr]    Compiling phf_codegen v0.7.21
[INFO] [stderr]     Checking phf v0.7.21
[INFO] [stderr]    Compiling mime_guess v2.0.0-alpha.3
[INFO] [stderr] The following warnings were emitted during compilation:
[INFO] [stderr] 
[INFO] [stderr] warning: apt-pkg-c/lib.cpp: In function 'void init_config_system()':
[INFO] [stderr] warning: apt-pkg-c/lib.cpp:122:5: error: 'pkgInitConfig' was not declared in this scope
[INFO] [stderr] warning:   122 |     pkgInitConfig(*_config);
[INFO] [stderr] warning:       |     ^~~~~~~~~~~~~
[INFO] [stderr] warning: apt-pkg-c/lib.cpp:123:29: error: '_system' was not declared in this scope; did you mean 'system'?
[INFO] [stderr] warning:   123 |     pkgInitSystem(*_config, _system);
[INFO] [stderr] warning:       |                             ^~~~~~~
[INFO] [stderr] warning:       |                             system
[INFO] [stderr] warning: apt-pkg-c/lib.cpp:123:5: error: 'pkgInitSystem' was not declared in this scope
[INFO] [stderr] warning:   123 |     pkgInitSystem(*_config, _system);
[INFO] [stderr] warning:       |     ^~~~~~~~~~~~~
[INFO] [stderr] warning: apt-pkg-c/lib.cpp: In function 'const char* pkg_iter_candidate_version(PPkgIterator*)':
[INFO] [stderr] warning: apt-pkg-c/lib.cpp:194:71: error: invalid use of incomplete type 'class pkgPolicy'
[INFO] [stderr] warning:   194 |     pkgCache::VerIterator it = wrapper->cache->cache_file->GetPolicy()->GetCandidateVer(wrapper->iterator);
[INFO] [stderr] warning:       |                                                                       ^~
[INFO] [stderr] warning: In file included from apt-pkg-c/lib.cpp:6:
[INFO] [stderr] warning: /usr/include/apt-pkg/cachefile.h:27:7: note: forward declaration of 'class pkgPolicy'
[INFO] [stderr] warning:    27 | class pkgPolicy;
[INFO] [stderr] warning:       |       ^~~~~~~~~
[INFO] [stderr] warning: apt-pkg-c/lib.cpp: In function 'int32_t ver_iter_priority(PVerIterator*)':
[INFO] [stderr] warning: apt-pkg-c/lib.cpp:245:51: error: invalid use of incomplete type 'class pkgPolicy'
[INFO] [stderr] warning:   245 |     return wrapper->cache->cache_file->GetPolicy()->GetPriority(wrapper->iterator);
[INFO] [stderr] warning:       |                                                   ^~
[INFO] [stderr] warning: In file included from apt-pkg-c/lib.cpp:6:
[INFO] [stderr] warning: /usr/include/apt-pkg/cachefile.h:27:7: note: forward declaration of 'class pkgPolicy'
[INFO] [stderr] warning:    27 | class pkgPolicy;
[INFO] [stderr] warning:       |       ^~~~~~~~~
[INFO] [stderr] 
[INFO] [stderr] error: failed to run custom build command for `apt-pkg-native v0.3.0`
[INFO] [stderr] 
[INFO] [stderr] Caused by:
[INFO] [stderr]   process didn't exit successfully: `/opt/rustwide/target/debug/build/apt-pkg-native-24a48869d395a17a/build-script-build` (exit status: 101)
[INFO] [stderr]   --- stdout
[INFO] [stderr]   cargo:rerun-if-changed=apt-pkg-c/lib.cpp
[INFO] [stderr]   TARGET = Some("x86_64-unknown-linux-gnu")
[INFO] [stderr]   OPT_LEVEL = Some("0")
[INFO] [stderr]   TARGET = Some("x86_64-unknown-linux-gnu")
[INFO] [stderr]   HOST = Some("x86_64-unknown-linux-gnu")
[INFO] [stderr]   TARGET = Some("x86_64-unknown-linux-gnu")
[INFO] [stderr]   TARGET = Some("x86_64-unknown-linux-gnu")
[INFO] [stderr]   HOST = Some("x86_64-unknown-linux-gnu")
[INFO] [stderr]   CXX_x86_64-unknown-linux-gnu = None
[INFO] [stderr]   CXX_x86_64_unknown_linux_gnu = None
[INFO] [stderr]   HOST_CXX = None
[INFO] [stderr]   CXX = None
[INFO] [stderr]   HOST = Some("x86_64-unknown-linux-gnu")
[INFO] [stderr]   TARGET = Some("x86_64-unknown-linux-gnu")
[INFO] [stderr]   HOST = Some("x86_64-unknown-linux-gnu")
[INFO] [stderr]   CXXFLAGS_x86_64-unknown-linux-gnu = None
[INFO] [stderr]   CXXFLAGS_x86_64_unknown_linux_gnu = None
[INFO] [stderr]   HOST_CXXFLAGS = None
[INFO] [stderr]   CXXFLAGS = None
[INFO] [stderr]   DEBUG = Some("true")
[INFO] [stderr]   running: "c++" "-O0" "-ffunction-sections" "-fdata-sections" "-fPIC" "-g" "-m64" "-std=gnu++11" "-Wall" "-Wextra" "-o" "/opt/rustwide/target/debug/build/apt-pkg-native-7d1d2742fd7404a7/out/apt-pkg-c/lib.o" "-c" "apt-pkg-c/lib.cpp"
[INFO] [stderr]   cargo:warning=apt-pkg-c/lib.cpp: In function 'void init_config_system()':
[INFO] [stderr]   cargo:warning=apt-pkg-c/lib.cpp:122:5: error: 'pkgInitConfig' was not declared in this scope
[INFO] [stderr]   cargo:warning=  122 |     pkgInitConfig(*_config);
[INFO] [stderr]   cargo:warning=      |     ^~~~~~~~~~~~~
[INFO] [stderr]   cargo:warning=apt-pkg-c/lib.cpp:123:29: error: '_system' was not declared in this scope; did you mean 'system'?
[INFO] [stderr]   cargo:warning=  123 |     pkgInitSystem(*_config, _system);
[INFO] [stderr]   cargo:warning=      |                             ^~~~~~~
[INFO] [stderr]   cargo:warning=      |                             system
[INFO] [stderr]   cargo:warning=apt-pkg-c/lib.cpp:123:5: error: 'pkgInitSystem' was not declared in this scope
[INFO] [stderr]   cargo:warning=  123 |     pkgInitSystem(*_config, _system);
[INFO] [stderr]   cargo:warning=      |     ^~~~~~~~~~~~~
[INFO] [stderr]   cargo:warning=apt-pkg-c/lib.cpp: In function 'const char* pkg_iter_candidate_version(PPkgIterator*)':
[INFO] [stderr]   cargo:warning=apt-pkg-c/lib.cpp:194:71: error: invalid use of incomplete type 'class pkgPolicy'
[INFO] [stderr]   cargo:warning=  194 |     pkgCache::VerIterator it = wrapper->cache->cache_file->GetPolicy()->GetCandidateVer(wrapper->iterator);
[INFO] [stderr]   cargo:warning=      |                                                                       ^~
[INFO] [stderr]   cargo:warning=In file included from apt-pkg-c/lib.cpp:6:
[INFO] [stderr]   cargo:warning=/usr/include/apt-pkg/cachefile.h:27:7: note: forward declaration of 'class pkgPolicy'
[INFO] [stderr]   cargo:warning=   27 | class pkgPolicy;
[INFO] [stderr]   cargo:warning=      |       ^~~~~~~~~
[INFO] [stderr]   cargo:warning=apt-pkg-c/lib.cpp: In function 'int32_t ver_iter_priority(PVerIterator*)':
[INFO] [stderr]   cargo:warning=apt-pkg-c/lib.cpp:245:51: error: invalid use of incomplete type 'class pkgPolicy'
[INFO] [stderr]   cargo:warning=  245 |     return wrapper->cache->cache_file->GetPolicy()->GetPriority(wrapper->iterator);
[INFO] [stderr]   cargo:warning=      |                                                   ^~
[INFO] [stderr]   cargo:warning=In file included from apt-pkg-c/lib.cpp:6:
[INFO] [stderr]   cargo:warning=/usr/include/apt-pkg/cachefile.h:27:7: note: forward declaration of 'class pkgPolicy'
[INFO] [stderr]   cargo:warning=   27 | class pkgPolicy;
[INFO] [stderr]   cargo:warning=      |       ^~~~~~~~~
[INFO] [stderr]   exit status: 1
[INFO] [stderr] 
[INFO] [stderr]   --- stderr
[INFO] [stderr]   thread 'main' panicked at '
[INFO] [stderr] 
[INFO] [stderr]   Internal error occurred: Command "c++" "-O0" "-ffunction-sections" "-fdata-sections" "-fPIC" "-g" "-m64" "-std=gnu++11" "-Wall" "-Wextra" "-o" "/opt/rustwide/target/debug/build/apt-pkg-native-7d1d2742fd7404a7/out/apt-pkg-c/lib.o" "-c" "apt-pkg-c/lib.cpp" with args "c++" did not execute successfully (status code exit status: 1).
[INFO] [stderr] 
[INFO] [stderr]   ', /opt/rustwide/cargo-home/registry/src/github.com-1ecc6299db9ec823/gcc-0.3.54/src/lib.rs:1670:5
[INFO] [stderr]   stack backtrace:
[INFO] [stderr]      0:     0x563a2cade3e0 - std::backtrace_rs::backtrace::libunwind::trace::ha0ad43e8a952bfe7
[INFO] [stderr]                                  at /rustc/c8dfcfe046a7680554bf4eb612bad840e7631c4b/library/std/src/../../backtrace/src/backtrace/libunwind.rs:90:5
[INFO] [stderr]      1:     0x563a2cade3e0 - std::backtrace_rs::backtrace::trace_unsynchronized::h6830419c0c4130dc
[INFO] [stderr]                                  at /rustc/c8dfcfe046a7680554bf4eb612bad840e7631c4b/library/std/src/../../backtrace/src/backtrace/mod.rs:66:5
[INFO] [stderr]      2:     0x563a2cade3e0 - std::sys_common::backtrace::_print_fmt::h8f3516631ffa1ef5
[INFO] [stderr]                                  at /rustc/c8dfcfe046a7680554bf4eb612bad840e7631c4b/library/std/src/sys_common/backtrace.rs:67:5
[INFO] [stderr]      3:     0x563a2cade3e0 - <std::sys_common::backtrace::_print::DisplayBacktrace as core::fmt::Display>::fmt::he1640d5f0d93f618
[INFO] [stderr]                                  at /rustc/c8dfcfe046a7680554bf4eb612bad840e7631c4b/library/std/src/sys_common/backtrace.rs:46:22
[INFO] [stderr]      4:     0x563a2cafd43c - core::fmt::write::h88012e1f01caeebf
[INFO] [stderr]                                  at /rustc/c8dfcfe046a7680554bf4eb612bad840e7631c4b/library/core/src/fmt/mod.rs:1115:17
[INFO] [stderr]      5:     0x563a2cadaef5 - std::io::Write::write_fmt::h360fa85b30182555
[INFO] [stderr]                                  at /rustc/c8dfcfe046a7680554bf4eb612bad840e7631c4b/library/std/src/io/mod.rs:1665:15
[INFO] [stderr]      6:     0x563a2cae036b - std::sys_common::backtrace::_print::ha1f00492f406a015
[INFO] [stderr]                                  at /rustc/c8dfcfe046a7680554bf4eb612bad840e7631c4b/library/std/src/sys_common/backtrace.rs:49:5
[INFO] [stderr]      7:     0x563a2cae036b - std::sys_common::backtrace::print::hd54561b13feb6af3
[INFO] [stderr]                                  at /rustc/c8dfcfe046a7680554bf4eb612bad840e7631c4b/library/std/src/sys_common/backtrace.rs:36:9
[INFO] [stderr]      8:     0x563a2cae036b - std::panicking::default_hook::{{closure}}::h84fe124cd0864662
[INFO] [stderr]                                  at /rustc/c8dfcfe046a7680554bf4eb612bad840e7631c4b/library/std/src/panicking.rs:208:50
[INFO] [stderr]      9:     0x563a2cadfe41 - std::panicking::default_hook::h5a8e74a76ce290a7
[INFO] [stderr]                                  at /rustc/c8dfcfe046a7680554bf4eb612bad840e7631c4b/library/std/src/panicking.rs:225:9
[INFO] [stderr]     10:     0x563a2cae0a34 - std::panicking::rust_panic_with_hook::h67c812a4fe9d4c91
[INFO] [stderr]                                  at /rustc/c8dfcfe046a7680554bf4eb612bad840e7631c4b/library/std/src/panicking.rs:622:17
[INFO] [stderr]     11:     0x563a2cae0517 - std::panicking::begin_panic_handler::{{closure}}::h33f9c1b96af300d7
[INFO] [stderr]                                  at /rustc/c8dfcfe046a7680554bf4eb612bad840e7631c4b/library/std/src/panicking.rs:519:13
[INFO] [stderr]     12:     0x563a2cade8dc - std::sys_common::backtrace::__rust_end_short_backtrace::h51bae64be5921f0e
[INFO] [stderr]                                  at /rustc/c8dfcfe046a7680554bf4eb612bad840e7631c4b/library/std/src/sys_common/backtrace.rs:141:18
[INFO] [stderr]     13:     0x563a2cae0479 - rust_begin_unwind
[INFO] [stderr]                                  at /rustc/c8dfcfe046a7680554bf4eb612bad840e7631c4b/library/std/src/panicking.rs:515:5
[INFO] [stderr]     14:     0x563a2ca8ec0b - std::panicking::begin_panic_fmt::h7ab3d84aa4ae32a2
[INFO] [stderr]                                  at /rustc/c8dfcfe046a7680554bf4eb612bad840e7631c4b/library/std/src/panicking.rs:457:5
[INFO] [stderr]     15:     0x563a2caa1e63 - gcc::fail::h4121ef17d07b5a1c
[INFO] [stderr]                                  at /opt/rustwide/cargo-home/registry/src/github.com-1ecc6299db9ec823/gcc-0.3.54/src/lib.rs:1670:5
[INFO] [stderr]     16:     0x563a2ca93faf - gcc::Build::compile::h1375b8fe6291ec46
[INFO] [stderr]                                  at /opt/rustwide/cargo-home/registry/src/github.com-1ecc6299db9ec823/gcc-0.3.54/src/lib.rs:783:13
[INFO] [stderr]     17:     0x563a2ca8fc92 - build_script_build::main::h94e12e3cbbd1fd9d
[INFO] [stderr]                                  at /opt/rustwide/cargo-home/registry/src/github.com-1ecc6299db9ec823/apt-pkg-native-0.3.0/build.rs:8:5
[INFO] [stderr]     18:     0x563a2ca8fd5b - core::ops::function::FnOnce::call_once::ha2cd2898ccb4fb8a
[INFO] [stderr]                                  at /rustc/c8dfcfe046a7680554bf4eb612bad840e7631c4b/library/core/src/ops/function.rs:227:5
[INFO] [stderr]     19:     0x563a2ca8fd7e - std::sys_common::backtrace::__rust_begin_short_backtrace::h4076337cbdb9ade1
[INFO] [stderr]                                  at /rustc/c8dfcfe046a7680554bf4eb612bad840e7631c4b/library/std/src/sys_common/backtrace.rs:125:18
[INFO] [stderr]     20:     0x563a2ca8fe71 - std::rt::lang_start::{{closure}}::hb3b1549c4573fced
[INFO] [stderr]                                  at /rustc/c8dfcfe046a7680554bf4eb612bad840e7631c4b/library/std/src/rt.rs:63:18
[INFO] [stderr]     21:     0x563a2cae0f3a - core::ops::function::impls::<impl core::ops::function::FnOnce<A> for &F>::call_once::ha9408abe89f69dc4
[INFO] [stderr]                                  at /rustc/c8dfcfe046a7680554bf4eb612bad840e7631c4b/library/core/src/ops/function.rs:259:13
[INFO] [stderr]     22:     0x563a2cae0f3a - std::panicking::try::do_call::h5b0cc9e9102acb65
[INFO] [stderr]                                  at /rustc/c8dfcfe046a7680554bf4eb612bad840e7631c4b/library/std/src/panicking.rs:401:40
[INFO] [stderr]     23:     0x563a2cae0f3a - std::panicking::try::hddc7f8229138b3ba
[INFO] [stderr]                                  at /rustc/c8dfcfe046a7680554bf4eb612bad840e7631c4b/library/std/src/panicking.rs:365:19
[INFO] [stderr]     24:     0x563a2cae0f3a - std::panic::catch_unwind::hfa401ff8bab2986e
[INFO] [stderr]                                  at /rustc/c8dfcfe046a7680554bf4eb612bad840e7631c4b/library/std/src/panic.rs:434:14
[INFO] [stderr]     25:     0x563a2cae0f3a - std::rt::lang_start_internal::{{closure}}::h8163422320d11405
[INFO] [stderr]                                  at /rustc/c8dfcfe046a7680554bf4eb612bad840e7631c4b/library/std/src/rt.rs:45:48
[INFO] [stderr]     26:     0x563a2cae0f3a - std::panicking::try::do_call::hc742cc7bb4f0fb20
[INFO] [stderr]                                  at /rustc/c8dfcfe046a7680554bf4eb612bad840e7631c4b/library/std/src/panicking.rs:401:40
[INFO] [stderr]     27:     0x563a2cae0f3a - std::panicking::try::ha37d8d2dd1acf7d3
[INFO] [stderr]                                  at /rustc/c8dfcfe046a7680554bf4eb612bad840e7631c4b/library/std/src/panicking.rs:365:19
[INFO] [stderr]     28:     0x563a2cae0f3a - std::panic::catch_unwind::h8a5381d5ecf437bc
[INFO] [stderr]                                  at /rustc/c8dfcfe046a7680554bf4eb612bad840e7631c4b/library/std/src/panic.rs:434:14
[INFO] [stderr]     29:     0x563a2cae0f3a - std::rt::lang_start_internal::h7e2cee8c90d4a4d3
[INFO] [stderr]                                  at /rustc/c8dfcfe046a7680554bf4eb612bad840e7631c4b/library/std/src/rt.rs:45:20
[INFO] [stderr]     30:     0x563a2ca8fe40 - std::rt::lang_start::h5fb268dccf99a932
[INFO] [stderr]                                  at /rustc/c8dfcfe046a7680554bf4eb612bad840e7631c4b/library/std/src/rt.rs:62:5
[INFO] [stderr]     31:     0x563a2ca8fcdc - main
[INFO] [stderr]     32:     0x7fee91d9a0b3 - __libc_start_main
[INFO] [stderr]     33:     0x563a2ca8faae - _start
[INFO] [stderr]     34:                0x0 - <unknown>
[INFO] [stderr] warning: build failed, waiting for other jobs to finish...
[INFO] [stdout] error[E0713]: borrow may still be in use when destructor runs
[INFO] [stdout]    --> /opt/rustwide/cargo-home/registry/src/github.com-1ecc6299db9ec823/url-1.6.0/src/form_urlencoded.rs:261:40
[INFO] [stdout]     |
[INFO] [stdout] 259 | impl<'a> Target for ::UrlQuery<'a> {
[INFO] [stdout]     |      -- lifetime `'a` defined here
[INFO] [stdout] 260 |     fn as_mut_string(&mut self) -> &mut String { &mut self.url.serialization }
[INFO] [stdout] 261 |     fn finish(self) -> &'a mut ::Url { self.url }
[INFO] [stdout]     |                                        ^^^^^^^^ - here, drop of `self` needs exclusive access to `*self.url`, because the type `UrlQuery<'_>` implements the `Drop` trait
[INFO] [stdout]     |                                        |
[INFO] [stdout]     |                                        returning this value requires that `*self.url` is borrowed for `'a`
[INFO] [stdout] 
[INFO] [stdout] 
[INFO] [stdout] error: aborting due to previous error
[INFO] [stdout] 
[INFO] [stdout] 
[INFO] [stdout] For more information about this error, try `rustc --explain E0713`.
[INFO] [stdout] 
[INFO] [stderr] error: build failed
[INFO] running `Command { std: "docker" "inspect" "fe52939e1d212bcda6008d74000c51634f27c227c62768bf9c32eac733442901", kill_on_drop: false }`
[INFO] running `Command { std: "docker" "rm" "-f" "fe52939e1d212bcda6008d74000c51634f27c227c62768bf9c32eac733442901", kill_on_drop: false }`
[INFO] [stdout] fe52939e1d212bcda6008d74000c51634f27c227c62768bf9c32eac733442901
