[INFO] cloning repository https://github.com/chipp/lisa
[INFO] running `Command { std: "git" "-c" "credential.helper=" "-c" "credential.helper=/workspace/cargo-home/bin/git-credential-null" "clone" "--bare" "https://github.com/chipp/lisa" "/workspace/cache/git-repos/https%3A%2F%2Fgithub.com%2Fchipp%2Flisa", kill_on_drop: false }`
[INFO] [stderr] Cloning into bare repository '/workspace/cache/git-repos/https%3A%2F%2Fgithub.com%2Fchipp%2Flisa'...
[INFO] running `Command { std: "git" "rev-parse" "HEAD", kill_on_drop: false }`
[INFO] [stdout] 25cf604efff9a16fc6db4553cd5075a23bda9a1a
[INFO] checking chipp/lisa against beta-2021-10-15 for beta-1.56-3
[INFO] running `Command { std: "git" "clone" "/workspace/cache/git-repos/https%3A%2F%2Fgithub.com%2Fchipp%2Flisa" "/workspace/builds/worker-58/source", kill_on_drop: false }`
[INFO] [stderr] Cloning into '/workspace/builds/worker-58/source'...
[INFO] [stderr] done.
[INFO] validating manifest of git repo https://github.com/chipp/lisa on toolchain beta-2021-10-15
[INFO] running `Command { std: "/workspace/cargo-home/bin/cargo" "+beta-2021-10-15" "metadata" "--manifest-path" "Cargo.toml" "--no-deps", kill_on_drop: false }`
[INFO] started tweaking git repo https://github.com/chipp/lisa
[INFO] finished tweaking git repo https://github.com/chipp/lisa
[INFO] tweaked toml for git repo https://github.com/chipp/lisa written to /workspace/builds/worker-58/source/Cargo.toml
[INFO] crate git repo https://github.com/chipp/lisa already has a lockfile, it will not be regenerated
[INFO] running `Command { std: "/workspace/cargo-home/bin/cargo" "+beta-2021-10-15" "fetch" "--manifest-path" "Cargo.toml", kill_on_drop: false }`
[INFO] [stderr]     Blocking waiting for file lock on package cache
[INFO] [stderr]     Updating git repository `https://github.com/chipp/serde-repr`
[INFO] [stderr]     Updating git repository `https://github.com/chipp/http_client`
[INFO] [stderr]     Blocking waiting for file lock on package cache
[INFO] [stderr]  Downloading crates ...
[INFO] [stderr]   Downloaded predicates v1.0.8
[INFO] [stderr]   Downloaded downcast v0.10.0
[INFO] [stderr]   Downloaded fragile v1.0.0
[INFO] [stderr]   Downloaded mio v0.7.8
[INFO] [stderr]   Downloaded core_bluetooth v0.1.0
[INFO] [stderr]   Downloaded aes-gcm-siv v0.9.0
[INFO] [stderr]   Downloaded mockall_derive v0.10.2
[INFO] [stderr]   Downloaded mockall v0.10.2
[INFO] [stderr]   Downloaded curl-sys v0.4.40+curl-7.75.0
[INFO] running `Command { std: "docker" "create" "-v" "/var/lib/crater-agent-workspace/builds/worker-58/target:/opt/rustwide/target:rw,Z" "-v" "/var/lib/crater-agent-workspace/builds/worker-58/source:/opt/rustwide/workdir:ro,Z" "-v" "/var/lib/crater-agent-workspace/cargo-home:/opt/rustwide/cargo-home:ro,Z" "-v" "/var/lib/crater-agent-workspace/rustup-home:/opt/rustwide/rustup-home:ro,Z" "-e" "SOURCE_DIR=/opt/rustwide/workdir" "-e" "CARGO_TARGET_DIR=/opt/rustwide/target" "-e" "CARGO_HOME=/opt/rustwide/cargo-home" "-e" "RUSTUP_HOME=/opt/rustwide/rustup-home" "-w" "/opt/rustwide/workdir" "-m" "1610612736" "--user" "0:0" "--network" "none" "ghcr.io/rust-lang/crates-build-env/linux@sha256:a89201d6b5b9fd45c15d5952ece0a0129e7e80cb26ec023fd59cf09bc26f1604" "/opt/rustwide/cargo-home/bin/cargo" "+beta-2021-10-15" "metadata" "--no-deps" "--format-version=1", kill_on_drop: false }`
[INFO] [stdout] 645786d0fe66b9bb3c1112d21ad2a4982c53032ff82a4eacf62853ba4b844ded
[INFO] running `Command { std: "docker" "start" "-a" "645786d0fe66b9bb3c1112d21ad2a4982c53032ff82a4eacf62853ba4b844ded", kill_on_drop: false }`
[INFO] running `Command { std: "docker" "inspect" "645786d0fe66b9bb3c1112d21ad2a4982c53032ff82a4eacf62853ba4b844ded", kill_on_drop: false }`
[INFO] running `Command { std: "docker" "rm" "-f" "645786d0fe66b9bb3c1112d21ad2a4982c53032ff82a4eacf62853ba4b844ded", kill_on_drop: false }`
[INFO] [stdout] 645786d0fe66b9bb3c1112d21ad2a4982c53032ff82a4eacf62853ba4b844ded
[INFO] running `Command { std: "docker" "create" "-v" "/var/lib/crater-agent-workspace/builds/worker-58/target:/opt/rustwide/target:rw,Z" "-v" "/var/lib/crater-agent-workspace/builds/worker-58/source:/opt/rustwide/workdir:ro,Z" "-v" "/var/lib/crater-agent-workspace/cargo-home:/opt/rustwide/cargo-home:ro,Z" "-v" "/var/lib/crater-agent-workspace/rustup-home:/opt/rustwide/rustup-home:ro,Z" "-e" "SOURCE_DIR=/opt/rustwide/workdir" "-e" "CARGO_TARGET_DIR=/opt/rustwide/target" "-e" "CARGO_INCREMENTAL=0" "-e" "RUST_BACKTRACE=full" "-e" "RUSTFLAGS=--cap-lints=warn" "-e" "CARGO_HOME=/opt/rustwide/cargo-home" "-e" "RUSTUP_HOME=/opt/rustwide/rustup-home" "-w" "/opt/rustwide/workdir" "-m" "1610612736" "--user" "0:0" "--network" "none" "ghcr.io/rust-lang/crates-build-env/linux@sha256:a89201d6b5b9fd45c15d5952ece0a0129e7e80cb26ec023fd59cf09bc26f1604" "/opt/rustwide/cargo-home/bin/cargo" "+beta-2021-10-15" "check" "--frozen" "--all" "--all-targets" "--message-format=json", kill_on_drop: false }`
[INFO] [stdout] 16ad81258570ce33f59c90aee7951f3296c39cac18216a90b6e47b8086229087
[INFO] running `Command { std: "docker" "start" "-a" "16ad81258570ce33f59c90aee7951f3296c39cac18216a90b6e47b8086229087", kill_on_drop: false }`
[INFO] [stderr]    Compiling proc-macro2 v1.0.24
[INFO] [stderr]    Compiling syn v1.0.60
[INFO] [stderr]    Compiling libc v0.2.86
[INFO] [stderr]    Compiling memchr v2.3.4
[INFO] [stderr]     Checking once_cell v1.5.2
[INFO] [stderr]     Checking pin-project-lite v0.2.4
[INFO] [stderr]    Compiling cc v1.0.66
[INFO] [stderr]    Compiling serde_derive v1.0.123
[INFO] [stderr]     Checking bytes v1.0.1
[INFO] [stderr]    Compiling serde v1.0.123
[INFO] [stderr]    Compiling pkg-config v0.3.19
[INFO] [stderr]    Compiling getrandom v0.2.2
[INFO] [stderr]     Checking regex-syntax v0.6.22
[INFO] [stderr]    Compiling serde_json v1.0.62
[INFO] [stderr]     Checking subtle v2.4.0
[INFO] [stderr]     Checking futures-core v0.3.12
[INFO] [stderr]     Checking futures-sink v0.3.12
[INFO] [stderr]     Checking zeroize v1.2.0
[INFO] [stderr]     Checking futures-io v0.3.12
[INFO] [stderr]    Compiling curl v0.4.34
[INFO] [stderr]    Compiling httparse v1.3.5
[INFO] [stderr]     Checking hashbrown v0.9.1
[INFO] [stderr]     Checking openssl-probe v0.1.2
[INFO] [stderr]     Checking httpdate v0.3.2
[INFO] [stderr]     Checking base64 v0.12.3
[INFO] [stderr]     Checking predicates-core v1.0.2
[INFO] [stderr]     Checking treeline v0.1.0
[INFO] [stderr]     Checking difference v2.0.0
[INFO] [stderr]     Checking normalize-line-endings v0.3.0
[INFO] [stderr]    Compiling hex-literal v0.3.1
[INFO] [stderr]     Checking fragile v1.0.0
[INFO] [stderr]     Checking downcast v0.10.0
[INFO] [stderr]    Compiling tokio v1.2.0
[INFO] [stderr]    Compiling num-traits v0.2.14
[INFO] [stderr]    Compiling num-integer v0.1.44
[INFO] [stderr]    Compiling indexmap v1.6.1
[INFO] [stderr]    Compiling num-bigint v0.2.6
[INFO] [stderr]    Compiling generic-array v0.14.4
[INFO] [stderr]    Compiling proc-macro-nested v0.1.7
[INFO] [stderr]     Checking tinyvec v1.1.1
[INFO] [stderr]     Checking tracing-core v0.1.17
[INFO] [stderr]     Checking form_urlencoded v1.0.0
[INFO] [stderr]     Checking unicode-bidi v0.3.4
[INFO] [stderr]    Compiling proc-macro-hack v0.5.19
[INFO] [stderr]     Checking want v0.3.0
[INFO] [stderr]     Checking thread_local v1.1.3
[INFO] [stderr]     Checking futures-task v0.3.12
[INFO] [stderr]     Checking futures-channel v0.3.12
[INFO] [stderr]     Checking http v0.2.3
[INFO] [stderr]     Checking predicates-tree v1.0.2
[INFO] [stderr]     Checking tracing v0.1.23
[INFO] [stderr]    Compiling libz-sys v1.1.2
[INFO] [stderr]    Compiling openssl-sys v0.9.60
[INFO] [stderr]    Compiling curl-sys v0.4.40+curl-7.75.0
[INFO] [stderr]    Compiling ring v0.16.20
[INFO] [stderr]     Checking aho-corasick v0.7.15
[INFO] [stderr]     Checking cipher v0.2.5
[INFO] [stderr]     Checking universal-hash v0.4.0
[INFO] [stderr]     Checking aead v0.3.2
[INFO] [stderr]     Checking block-buffer v0.9.0
[INFO] [stderr]     Checking digest v0.9.0
[INFO] [stderr]     Checking unicode-normalization v0.1.17
[INFO] [stderr]    Compiling quote v1.0.8
[INFO] [stderr]     Checking polyval v0.4.5
[INFO] [stderr]     Checking aes-soft v0.6.4
[INFO] [stderr]     Checking ctr v0.6.0
[INFO] [stderr]     Checking block-modes v0.7.0
[INFO] [stderr]     Checking mio v0.7.8
[INFO] [stderr]     Checking num_cpus v1.13.0
[INFO] [stderr]     Checking atty v0.2.14
[INFO] [stderr]     Checking time v0.1.44
[INFO] [stderr]     Checking socket2 v0.3.19
[INFO] [stderr]     Checking md-5 v0.9.1
[INFO] [stderr]     Checking float-cmp v0.8.0
[INFO] [stderr]     Checking rand_core v0.6.2
[INFO] [stderr]     Checking regex v1.4.3
[INFO] [stderr]     Checking aes v0.6.0
[INFO] [stderr]     Checking chrono v0.4.19
[INFO] [stderr]     Checking rand_chacha v0.3.0
[INFO] [stderr]     Checking idna v0.2.1
[INFO] [stderr]     Checking rand v0.8.3
[INFO] [stderr]     Checking aes-gcm-siv v0.9.0
[INFO] [stderr]     Checking http-body v0.4.0
[INFO] [stderr]     Checking url v2.2.0
[INFO] [stderr]     Checking simple_asn1 v0.4.1
[INFO] [stderr]     Checking env_logger v0.7.1
[INFO] [stderr]     Checking pem v0.8.2
[INFO] [stderr]     Checking predicates v1.0.8
[INFO] [stderr]     Checking pretty_env_logger v0.4.0
[INFO] [stderr]    Compiling tokio-macros v1.1.0
[INFO] [stderr]    Compiling futures-macro v0.3.12
[INFO] [stderr]    Compiling pin-project-internal v1.0.5
[INFO] [stderr]    Compiling enumflags2_derive v0.6.4
[INFO] [stderr]    Compiling serde_repr v0.1.6 (https://github.com/chipp/serde-repr?branch=master#41637449)
[INFO] [stderr]    Compiling async-trait v0.1.42
[INFO] [stderr]    Compiling mockall_derive v0.10.2
[INFO] [stderr]     Checking futures-util v0.3.12
[INFO] [stderr]     Checking enumflags2 v0.6.4
[INFO] [stderr]     Checking pin-project v1.0.5
[INFO] [stderr]     Checking mockall v0.10.2
[INFO] [stderr]     Checking tracing-futures v0.2.5
[INFO] [stderr]     Checking futures-executor v0.3.12
[INFO] [stderr]     Checking futures v0.3.12
[INFO] [stderr]     Checking tokio-util v0.6.3
[INFO] [stderr]     Checking alzhbeta v0.1.0 (/opt/rustwide/workdir/lib/alzhbeta)
[INFO] [stdout] error[E0308]: mismatched types
[INFO] [stdout]   --> lib/alzhbeta/src/os/linux.rs:40:32
[INFO] [stdout]    |
[INFO] [stdout] 40 |             if libc::ioctl(dd, HCIDEVDOWN, dev_id) < 0 {
[INFO] [stdout]    |                                ^^^^^^^^^^ expected `u64`, found `i32`
[INFO] [stdout]    |
[INFO] [stdout] help: you can convert an `i32` to a `u64` and panic if the converted value doesn't fit
[INFO] [stdout]    |
[INFO] [stdout] 40 |             if libc::ioctl(dd, HCIDEVDOWN.try_into().unwrap(), dev_id) < 0 {
[INFO] [stdout]    |                                ~~~~~~~~~~~~~~~~~~~~~~~~~~~~~~
[INFO] [stdout] 
[INFO] [stdout] 
[INFO] [stdout] error[E0308]: mismatched types
[INFO] [stdout]   --> lib/alzhbeta/src/os/linux.rs:45:32
[INFO] [stdout]    |
[INFO] [stdout] 45 |             if libc::ioctl(dd, HCIDEVUP, dev_id) < 0 {
[INFO] [stdout]    |                                ^^^^^^^^ expected `u64`, found `i32`
[INFO] [stdout]    |
[INFO] [stdout] help: you can convert an `i32` to a `u64` and panic if the converted value doesn't fit
[INFO] [stdout]    |
[INFO] [stdout] 45 |             if libc::ioctl(dd, HCIDEVUP.try_into().unwrap(), dev_id) < 0 {
[INFO] [stdout]    |                                ~~~~~~~~~~~~~~~~~~~~~~~~~~~~
[INFO] [stdout] 
[INFO] [stdout] 
[INFO] [stdout] error[E0308]: mismatched types
[INFO] [stdout]   --> lib/alzhbeta/src/os/linux.rs:40:32
[INFO] [stdout]    |
[INFO] [stdout] 40 |             if libc::ioctl(dd, HCIDEVDOWN, dev_id) < 0 {
[INFO] [stdout]    |                                ^^^^^^^^^^ expected `u64`, found `i32`
[INFO] [stdout]    |
[INFO] [stdout] help: you can convert an `i32` to a `u64` and panic if the converted value doesn't fit
[INFO] [stdout]    |
[INFO] [stdout] 40 |             if libc::ioctl(dd, HCIDEVDOWN.try_into().unwrap(), dev_id) < 0 {
[INFO] [stdout]    |                                ~~~~~~~~~~~~~~~~~~~~~~~~~~~~~~
[INFO] [stdout] 
[INFO] [stdout] 
[INFO] [stdout] error[E0308]: mismatched types
[INFO] [stdout]   --> lib/alzhbeta/src/os/linux.rs:45:32
[INFO] [stdout]    |
[INFO] [stdout] 45 |             if libc::ioctl(dd, HCIDEVUP, dev_id) < 0 {
[INFO] [stdout]    |                                ^^^^^^^^ expected `u64`, found `i32`
[INFO] [stdout]    |
[INFO] [stdout] help: you can convert an `i32` to a `u64` and panic if the converted value doesn't fit
[INFO] [stdout]    |
[INFO] [stdout] 45 |             if libc::ioctl(dd, HCIDEVUP.try_into().unwrap(), dev_id) < 0 {
[INFO] [stdout]    |                                ~~~~~~~~~~~~~~~~~~~~~~~~~~~~
[INFO] [stdout] 
[INFO] [stdout] 
[INFO] [stdout] error: aborting due to 2 previous errors
[INFO] [stdout] 
[INFO] [stdout] 
[INFO] [stdout] For more information about this error, try `rustc --explain E0308`.
[INFO] [stdout] 
[INFO] [stdout] error: aborting due to 2 previous errors
[INFO] [stdout] 
[INFO] [stdout] 
[INFO] [stdout] For more information about this error, try `rustc --explain E0308`.
[INFO] [stdout] 
[INFO] [stderr] error: could not compile `alzhbeta` due to 3 previous errors
[INFO] [stderr] warning: build failed, waiting for other jobs to finish...
[INFO] [stderr] error: build failed
[INFO] running `Command { std: "docker" "inspect" "16ad81258570ce33f59c90aee7951f3296c39cac18216a90b6e47b8086229087", kill_on_drop: false }`
[INFO] running `Command { std: "docker" "rm" "-f" "16ad81258570ce33f59c90aee7951f3296c39cac18216a90b6e47b8086229087", kill_on_drop: false }`
[INFO] [stdout] 16ad81258570ce33f59c90aee7951f3296c39cac18216a90b6e47b8086229087
