[INFO] cloning repository https://github.com/chili-b/murmur_grpc
[INFO] running `Command { std: "git" "-c" "credential.helper=" "-c" "credential.helper=/workspace/cargo-home/bin/git-credential-null" "clone" "--bare" "https://github.com/chili-b/murmur_grpc" "/workspace/cache/git-repos/https%3A%2F%2Fgithub.com%2Fchili-b%2Fmurmur_grpc", kill_on_drop: false }`
[INFO] [stderr] Cloning into bare repository '/workspace/cache/git-repos/https%3A%2F%2Fgithub.com%2Fchili-b%2Fmurmur_grpc'...
[INFO] running `Command { std: "git" "rev-parse" "HEAD", kill_on_drop: false }`
[INFO] [stdout] 5ea3909b67b68496519320116511d7d411e4f242
[INFO] checking chili-b/murmur_grpc against beta-2021-10-15 for beta-1.56-3
[INFO] running `Command { std: "git" "clone" "/workspace/cache/git-repos/https%3A%2F%2Fgithub.com%2Fchili-b%2Fmurmur_grpc" "/workspace/builds/worker-7/source", kill_on_drop: false }`
[INFO] [stderr] Cloning into '/workspace/builds/worker-7/source'...
[INFO] [stderr] done.
[INFO] validating manifest of git repo https://github.com/chili-b/murmur_grpc on toolchain beta-2021-10-15
[INFO] running `Command { std: "/workspace/cargo-home/bin/cargo" "+beta-2021-10-15" "metadata" "--manifest-path" "Cargo.toml" "--no-deps", kill_on_drop: false }`
[INFO] started tweaking git repo https://github.com/chili-b/murmur_grpc
[INFO] finished tweaking git repo https://github.com/chili-b/murmur_grpc
[INFO] tweaked toml for git repo https://github.com/chili-b/murmur_grpc written to /workspace/builds/worker-7/source/Cargo.toml
[INFO] running `Command { std: "/workspace/cargo-home/bin/cargo" "+beta-2021-10-15" "generate-lockfile" "--manifest-path" "Cargo.toml" "-Zno-index-update", kill_on_drop: false }`
[INFO] running `Command { std: "/workspace/cargo-home/bin/cargo" "+beta-2021-10-15" "fetch" "--manifest-path" "Cargo.toml", kill_on_drop: false }`
[INFO] [stderr]  Downloading crates ...
[INFO] [stderr]   Downloaded tempfile v3.2.0
[INFO] [stderr]   Downloaded rand_hc v0.3.1
[INFO] [stderr]   Downloaded rand_core v0.6.3
[INFO] [stderr]   Downloaded pkg-config v0.3.20
[INFO] [stderr]   Downloaded libloading v0.7.1
[INFO] [stderr]   Downloaded version_check v0.9.3
[INFO] [stderr]   Downloaded futures-sink v0.3.17
[INFO] [stderr]   Downloaded futures-io v0.3.17
[INFO] [stderr]   Downloaded futures-executor v0.3.17
[INFO] [stderr]   Downloaded futures-channel v0.3.17
[INFO] [stderr]   Downloaded futures v0.3.17
[INFO] [stderr]   Downloaded vcpkg v0.2.15
[INFO] [stderr]   Downloaded futures-util v0.3.17
[INFO] [stderr]   Downloaded clang-sys v1.2.2
[INFO] [stderr]   Downloaded slab v0.4.5
[INFO] [stderr]   Downloaded regex-syntax v0.6.25
[INFO] [stderr]   Downloaded getrandom v0.2.3
[INFO] [stderr]   Downloaded parking_lot_core v0.8.5
[INFO] [stderr]   Downloaded parking_lot v0.11.2
[INFO] [stderr]   Downloaded addr2line v0.16.0
[INFO] [stderr]   Downloaded lock_api v0.4.5
[INFO] [stderr]   Downloaded smallvec v1.7.0
[INFO] [stderr]   Downloaded walkdir v2.3.2
[INFO] [stderr]   Downloaded nom v5.1.2
[INFO] [stderr]   Downloaded object v0.26.2
[INFO] [stderr]   Downloaded grpcio v0.9.1
[INFO] [stderr]   Downloaded grpcio-compiler v0.7.0
[INFO] [stderr]   Downloaded protobuf-codegen v2.25.1
[INFO] [stderr]   Downloaded shlex v0.1.1
[INFO] [stderr]   Downloaded protobuf v2.25.1
[INFO] [stderr]   Downloaded cmake v0.1.46
[INFO] [stderr]   Downloaded cexpr v0.4.0
[INFO] [stderr]   Downloaded synstructure v0.12.6
[INFO] [stderr]   Downloaded gimli v0.25.0
[INFO] [stderr]   Downloaded ppv-lite86 v0.2.14
[INFO] [stderr]   Downloaded protoc v2.25.1
[INFO] [stderr]   Downloaded libc v0.2.104
[INFO] [stderr]   Downloaded protoc-grpcio v3.0.0
[INFO] [stderr]   Downloaded instant v0.1.11
[INFO] [stderr]   Downloaded libz-sys v1.1.3
[INFO] [stderr]   Downloaded rustc-demangle v0.1.21
[INFO] [stderr]   Downloaded cc v1.0.71
[INFO] [stderr]   Downloaded adler v1.0.2
[INFO] [stderr]   Downloaded backtrace v0.3.61
[INFO] [stderr]   Downloaded proc-macro2 v1.0.30
[INFO] [stderr]   Downloaded bindgen v0.57.0
[INFO] [stderr]   Downloaded quote v1.0.10
[INFO] [stderr]   Downloaded which v4.2.2
[INFO] [stderr]   Downloaded rand_chacha v0.3.1
[INFO] [stderr]   Downloaded wasi v0.10.2+wasi-snapshot-preview1
[INFO] [stderr]   Downloaded bitflags v1.3.2
[INFO] [stderr]   Downloaded redox_syscall v0.2.10
[INFO] [stderr]   Downloaded remove_dir_all v0.5.3
[INFO] [stderr]   Downloaded peeking_take_while v0.1.2
[INFO] [stderr]   Downloaded failure v0.1.8
[INFO] [stderr]   Downloaded same-file v1.0.6
[INFO] [stderr]   Downloaded futures-core v0.3.17
[INFO] [stderr]   Downloaded futures-task v0.3.17
[INFO] [stderr]   Downloaded futures-macro v0.3.17
[INFO] [stderr]   Downloaded grpcio-sys v0.9.1+1.38.0
[INFO] [stderr]   Downloaded proc-macro-nested v0.1.7
[INFO] [stderr]   Downloaded pin-project-lite v0.2.7
[INFO] [stderr]   Downloaded regex v1.5.4
[INFO] [stderr]   Downloaded boringssl-src v0.3.0+688fc5c
[INFO] [stderr]   Downloaded syn v1.0.80
[INFO] [stderr]   Downloaded lazycell v1.3.0
[INFO] [stderr]   Downloaded miniz_oxide v0.4.4
[INFO] [stderr]   Downloaded memchr v2.4.1
[INFO] [stderr]   Downloaded failure_derive v0.1.8
[INFO] [stderr]   Downloaded rand v0.8.4
[INFO] running `Command { std: "docker" "create" "-v" "/var/lib/crater-agent-workspace/builds/worker-7/target:/opt/rustwide/target:rw,Z" "-v" "/var/lib/crater-agent-workspace/builds/worker-7/source:/opt/rustwide/workdir:ro,Z" "-v" "/var/lib/crater-agent-workspace/cargo-home:/opt/rustwide/cargo-home:ro,Z" "-v" "/var/lib/crater-agent-workspace/rustup-home:/opt/rustwide/rustup-home:ro,Z" "-e" "SOURCE_DIR=/opt/rustwide/workdir" "-e" "CARGO_TARGET_DIR=/opt/rustwide/target" "-e" "CARGO_HOME=/opt/rustwide/cargo-home" "-e" "RUSTUP_HOME=/opt/rustwide/rustup-home" "-w" "/opt/rustwide/workdir" "-m" "1610612736" "--user" "0:0" "--network" "none" "ghcr.io/rust-lang/crates-build-env/linux@sha256:a89201d6b5b9fd45c15d5952ece0a0129e7e80cb26ec023fd59cf09bc26f1604" "/opt/rustwide/cargo-home/bin/cargo" "+beta-2021-10-15" "metadata" "--no-deps" "--format-version=1", kill_on_drop: false }`
[INFO] [stdout] 5ba564f0459ff9fb57b1fd8e5f38a61f982d0c0ccc8b7e7ff978ca67a116a8a9
[INFO] [stderr] WARNING: Your kernel does not support swap limit capabilities or the cgroup is not mounted. Memory limited without swap.
[INFO] running `Command { std: "docker" "start" "-a" "5ba564f0459ff9fb57b1fd8e5f38a61f982d0c0ccc8b7e7ff978ca67a116a8a9", kill_on_drop: false }`
[INFO] running `Command { std: "docker" "inspect" "5ba564f0459ff9fb57b1fd8e5f38a61f982d0c0ccc8b7e7ff978ca67a116a8a9", kill_on_drop: false }`
[INFO] running `Command { std: "docker" "rm" "-f" "5ba564f0459ff9fb57b1fd8e5f38a61f982d0c0ccc8b7e7ff978ca67a116a8a9", kill_on_drop: false }`
[INFO] [stdout] 5ba564f0459ff9fb57b1fd8e5f38a61f982d0c0ccc8b7e7ff978ca67a116a8a9
[INFO] running `Command { std: "docker" "create" "-v" "/var/lib/crater-agent-workspace/builds/worker-7/target:/opt/rustwide/target:rw,Z" "-v" "/var/lib/crater-agent-workspace/builds/worker-7/source:/opt/rustwide/workdir:ro,Z" "-v" "/var/lib/crater-agent-workspace/cargo-home:/opt/rustwide/cargo-home:ro,Z" "-v" "/var/lib/crater-agent-workspace/rustup-home:/opt/rustwide/rustup-home:ro,Z" "-e" "SOURCE_DIR=/opt/rustwide/workdir" "-e" "CARGO_TARGET_DIR=/opt/rustwide/target" "-e" "CARGO_INCREMENTAL=0" "-e" "RUST_BACKTRACE=full" "-e" "RUSTFLAGS=--cap-lints=warn" "-e" "CARGO_HOME=/opt/rustwide/cargo-home" "-e" "RUSTUP_HOME=/opt/rustwide/rustup-home" "-w" "/opt/rustwide/workdir" "-m" "1610612736" "--user" "0:0" "--network" "none" "ghcr.io/rust-lang/crates-build-env/linux@sha256:a89201d6b5b9fd45c15d5952ece0a0129e7e80cb26ec023fd59cf09bc26f1604" "/opt/rustwide/cargo-home/bin/cargo" "+beta-2021-10-15" "check" "--frozen" "--all" "--all-targets" "--message-format=json", kill_on_drop: false }`
[INFO] [stdout] 063f76b8a285fc1df54db196a586e38b69cbcd051fff87be5809865631919327
[INFO] [stderr] WARNING: Your kernel does not support swap limit capabilities or the cgroup is not mounted. Memory limited without swap.
[INFO] running `Command { std: "docker" "start" "-a" "063f76b8a285fc1df54db196a586e38b69cbcd051fff87be5809865631919327", kill_on_drop: false }`
[INFO] [stderr]     Blocking waiting for file lock on package cache
[INFO] [stderr]    Compiling protobuf v2.25.1
[INFO] [stderr]    Compiling futures-core v0.3.17
[INFO] [stderr]    Compiling bindgen v0.57.0
[INFO] [stderr]    Compiling ppv-lite86 v0.2.14
[INFO] [stderr]    Compiling regex-syntax v0.6.25
[INFO] [stderr]     Checking futures-sink v0.3.17
[INFO] [stderr]    Compiling libz-sys v1.1.3
[INFO] [stderr]    Compiling cmake v0.1.46
[INFO] [stderr]    Compiling getrandom v0.2.3
[INFO] [stderr]    Compiling which v4.2.2
[INFO] [stderr]    Compiling nom v5.1.2
[INFO] [stderr]    Compiling clang-sys v1.2.2
[INFO] [stderr]     Checking parking_lot_core v0.8.5
[INFO] [stderr]    Compiling futures-macro v0.3.17
[INFO] [stderr]    Compiling failure v0.1.8
[INFO] [stderr]    Compiling protoc v2.25.1
[INFO] [stderr]    Compiling rand_core v0.6.3
[INFO] [stderr]     Checking parking_lot v0.11.2
[INFO] [stderr]    Compiling boringssl-src v0.3.0+688fc5c
[INFO] [stderr]     Checking futures-channel v0.3.17
[INFO] [stderr]    Compiling rand_chacha v0.3.1
[INFO] [stderr]    Compiling rand v0.8.4
[INFO] [stderr]     Checking futures-util v0.3.17
[INFO] [stderr]    Compiling tempfile v3.2.0
[INFO] [stderr]    Compiling cexpr v0.4.0
[INFO] [stderr]    Compiling regex v1.5.4
[INFO] [stderr]    Compiling protobuf-codegen v2.25.1
[INFO] [stderr]    Compiling grpcio-compiler v0.7.0
[INFO] [stderr]     Checking futures-executor v0.3.17
[INFO] [stderr]     Checking futures v0.3.17
[INFO] [stderr]    Compiling protoc-grpcio v3.0.0
[INFO] [stderr]    Compiling murmur_grpc v2.0.10 (/opt/rustwide/workdir)
[INFO] [stderr]    Compiling grpcio-sys v0.9.1+1.38.0
[INFO] [stderr] error: failed to run custom build command for `murmur_grpc v2.0.10 (/opt/rustwide/workdir)`
[INFO] [stderr] 
[INFO] [stderr] Caused by:
[INFO] [stderr]   process didn't exit successfully: `/opt/rustwide/target/debug/build/murmur_grpc-babffc97c8b86154/build-script-build` (exit status: 101)
[INFO] [stderr]   --- stderr
[INFO] [stderr]   thread 'main' panicked at 'Failed to compile gRPC definitions!: Os { code: 30, kind: ReadOnlyFilesystem, message: "Read-only file system" }
[INFO] [stderr] 
[INFO] [stderr]      0: failure::backtrace::internal::InternalBacktrace::new
[INFO] [stderr]                at /opt/rustwide/cargo-home/registry/src/github.com-1ecc6299db9ec823/failure-0.1.8/src/backtrace/internal.rs:46:44
[INFO] [stderr]      1: failure::backtrace::Backtrace::new
[INFO] [stderr]                at /opt/rustwide/cargo-home/registry/src/github.com-1ecc6299db9ec823/failure-0.1.8/src/backtrace/mod.rs:121:35
[INFO] [stderr]      2: <failure::error::error_impl::ErrorImpl as core::convert::From<F>>::from
[INFO] [stderr]                at /opt/rustwide/cargo-home/registry/src/github.com-1ecc6299db9ec823/failure-0.1.8/src/error/error_impl.rs:19:17
[INFO] [stderr]      3: <failure::error::Error as core::convert::From<F>>::from
[INFO] [stderr]                at /opt/rustwide/cargo-home/registry/src/github.com-1ecc6299db9ec823/failure-0.1.8/src/error/mod.rs:36:18
[INFO] [stderr]      4: <T as core::convert::Into<U>>::into
[INFO] [stderr]                at /rustc/58268ff091703ace98c3c2a8c5f2fb2c3aecace2/library/core/src/convert/mod.rs:540:9
[INFO] [stderr]      5: failure::context::Context<D>::with_err
[INFO] [stderr]                at /opt/rustwide/cargo-home/registry/src/github.com-1ecc6299db9ec823/failure-0.1.8/src/context.rs:105:40
[INFO] [stderr]      6: failure::Fail::context
[INFO] [stderr]                at /opt/rustwide/cargo-home/registry/src/github.com-1ecc6299db9ec823/failure-0.1.8/src/lib.rs:160:9
[INFO] [stderr]      7: <core::result::Result<T,E> as failure::result_ext::ResultExt<T,E>>::context::{{closure}}
[INFO] [stderr]                at /opt/rustwide/cargo-home/registry/src/github.com-1ecc6299db9ec823/failure-0.1.8/src/result_ext.rs:164:32
[INFO] [stderr]      8: core::result::Result<T,E>::map_err
[INFO] [stderr]                at /rustc/58268ff091703ace98c3c2a8c5f2fb2c3aecace2/library/core/src/result.rs:853:27
[INFO] [stderr]      9: <core::result::Result<T,E> as failure::result_ext::ResultExt<T,E>>::context
[INFO] [stderr]                at /opt/rustwide/cargo-home/registry/src/github.com-1ecc6299db9ec823/failure-0.1.8/src/result_ext.rs:164:9
[INFO] [stderr]     10: protoc_grpcio::write_out_generated_files
[INFO] [stderr]                at /opt/rustwide/cargo-home/registry/src/github.com-1ecc6299db9ec823/protoc-grpcio-3.0.0/src/lib.rs:91:9
[INFO] [stderr]     11: protoc_grpcio::compile_grpc_protos
[INFO] [stderr]                at /opt/rustwide/cargo-home/registry/src/github.com-1ecc6299db9ec823/protoc-grpcio-3.0.0/src/lib.rs:261:5
[INFO] [stderr]     12: build_script_build::main
[INFO] [stderr]                at build.rs:9:5
[INFO] [stderr]     13: core::ops::function::FnOnce::call_once
[INFO] [stderr]                at /rustc/58268ff091703ace98c3c2a8c5f2fb2c3aecace2/library/core/src/ops/function.rs:227:5
[INFO] [stderr]     14: std::sys_common::backtrace::__rust_begin_short_backtrace
[INFO] [stderr]                at /rustc/58268ff091703ace98c3c2a8c5f2fb2c3aecace2/library/std/src/sys_common/backtrace.rs:125:18
[INFO] [stderr]     15: std::rt::lang_start::{{closure}}
[INFO] [stderr]                at /rustc/58268ff091703ace98c3c2a8c5f2fb2c3aecace2/library/std/src/rt.rs:63:18
[INFO] [stderr]     16: core::ops::function::impls::<impl core::ops::function::FnOnce<A> for &F>::call_once
[INFO] [stderr]                at /rustc/58268ff091703ace98c3c2a8c5f2fb2c3aecace2/library/core/src/ops/function.rs:259:13
[INFO] [stderr]         std::panicking::try::do_call
[INFO] [stderr]                at /rustc/58268ff091703ace98c3c2a8c5f2fb2c3aecace2/library/std/src/panicking.rs:403:40
[INFO] [stderr]         std::panicking::try
[INFO] [stderr]                at /rustc/58268ff091703ace98c3c2a8c5f2fb2c3aecace2/library/std/src/panicking.rs:367:19
[INFO] [stderr]         std::panic::catch_unwind
[INFO] [stderr]                at /rustc/58268ff091703ace98c3c2a8c5f2fb2c3aecace2/library/std/src/panic.rs:129:14
[INFO] [stderr]         std::rt::lang_start_internal::{{closure}}
[INFO] [stderr]                at /rustc/58268ff091703ace98c3c2a8c5f2fb2c3aecace2/library/std/src/rt.rs:45:48
[INFO] [stderr]         std::panicking::try::do_call
[INFO] [stderr]                at /rustc/58268ff091703ace98c3c2a8c5f2fb2c3aecace2/library/std/src/panicking.rs:403:40
[INFO] [stderr]         std::panicking::try
[INFO] [stderr]                at /rustc/58268ff091703ace98c3c2a8c5f2fb2c3aecace2/library/std/src/panicking.rs:367:19
[INFO] [stderr]         std::panic::catch_unwind
[INFO] [stderr]                at /rustc/58268ff091703ace98c3c2a8c5f2fb2c3aecace2/library/std/src/panic.rs:129:14
[INFO] [stderr]         std::rt::lang_start_internal
[INFO] [stderr]                at /rustc/58268ff091703ace98c3c2a8c5f2fb2c3aecace2/library/std/src/rt.rs:45:20
[INFO] [stderr]     17: std::rt::lang_start
[INFO] [stderr]                at /rustc/58268ff091703ace98c3c2a8c5f2fb2c3aecace2/library/std/src/rt.rs:62:5
[INFO] [stderr]     18: main
[INFO] [stderr]     19: __libc_start_main
[INFO] [stderr]     20: _start
[INFO] [stderr] 
[INFO] [stderr] 
[INFO] [stderr]   failed to create "src/protos/MurmurRPC_grpc.rs"
[INFO] [stderr] 
[INFO] [stderr]   failed to write generated grpc definitions', build.rs:14:7
[INFO] [stderr]   stack backtrace:
[INFO] [stderr]      0:     0x55e752ccdcec - std::backtrace_rs::backtrace::libunwind::trace::h51faa62df48810e4
[INFO] [stderr]                                  at /rustc/58268ff091703ace98c3c2a8c5f2fb2c3aecace2/library/std/src/../../backtrace/src/backtrace/libunwind.rs:90:5
[INFO] [stderr]      1:     0x55e752ccdcec - std::backtrace_rs::backtrace::trace_unsynchronized::h91de4d8e16d607e4
[INFO] [stderr]                                  at /rustc/58268ff091703ace98c3c2a8c5f2fb2c3aecace2/library/std/src/../../backtrace/src/backtrace/mod.rs:66:5
[INFO] [stderr]      2:     0x55e752ccdcec - std::sys_common::backtrace::_print_fmt::h71b0935f97e4322c
[INFO] [stderr]                                  at /rustc/58268ff091703ace98c3c2a8c5f2fb2c3aecace2/library/std/src/sys_common/backtrace.rs:67:5
[INFO] [stderr]      3:     0x55e752ccdcec - <std::sys_common::backtrace::_print::DisplayBacktrace as core::fmt::Display>::fmt::h9a78218788c14e18
[INFO] [stderr]                                  at /rustc/58268ff091703ace98c3c2a8c5f2fb2c3aecace2/library/std/src/sys_common/backtrace.rs:46:22
[INFO] [stderr]      4:     0x55e752cf274c - core::fmt::write::h3381b3176fe2b3d3
[INFO] [stderr]                                  at /rustc/58268ff091703ace98c3c2a8c5f2fb2c3aecace2/library/core/src/fmt/mod.rs:1150:17
[INFO] [stderr]      5:     0x55e752ccaf15 - std::io::Write::write_fmt::h1d5220480c7a2437
[INFO] [stderr]                                  at /rustc/58268ff091703ace98c3c2a8c5f2fb2c3aecace2/library/std/src/io/mod.rs:1667:15
[INFO] [stderr]      6:     0x55e752ccf610 - std::sys_common::backtrace::_print::h4b77abc4d907ed0e
[INFO] [stderr]                                  at /rustc/58268ff091703ace98c3c2a8c5f2fb2c3aecace2/library/std/src/sys_common/backtrace.rs:49:5
[INFO] [stderr]      7:     0x55e752ccf610 - std::sys_common::backtrace::print::hb170c60b542377ad
[INFO] [stderr]                                  at /rustc/58268ff091703ace98c3c2a8c5f2fb2c3aecace2/library/std/src/sys_common/backtrace.rs:36:9
[INFO] [stderr]      8:     0x55e752ccf610 - std::panicking::default_hook::{{closure}}::h12bbda9af8901ee3
[INFO] [stderr]                                  at /rustc/58268ff091703ace98c3c2a8c5f2fb2c3aecace2/library/std/src/panicking.rs:210:50
[INFO] [stderr]      9:     0x55e752ccf1c7 - std::panicking::default_hook::h8c6c66d3f3ba6768
[INFO] [stderr]                                  at /rustc/58268ff091703ace98c3c2a8c5f2fb2c3aecace2/library/std/src/panicking.rs:227:9
[INFO] [stderr]     10:     0x55e752ccfcc4 - std::panicking::rust_panic_with_hook::h36f2fa0bb09f4069
[INFO] [stderr]                                  at /rustc/58268ff091703ace98c3c2a8c5f2fb2c3aecace2/library/std/src/panicking.rs:624:17
[INFO] [stderr]     11:     0x55e752ccf7a0 - std::panicking::begin_panic_handler::{{closure}}::h9c42b65a42d06a7a
[INFO] [stderr]                                  at /rustc/58268ff091703ace98c3c2a8c5f2fb2c3aecace2/library/std/src/panicking.rs:521:13
[INFO] [stderr]     12:     0x55e752cce1b4 - std::sys_common::backtrace::__rust_end_short_backtrace::hc791bddfe31e532c
[INFO] [stderr]                                  at /rustc/58268ff091703ace98c3c2a8c5f2fb2c3aecace2/library/std/src/sys_common/backtrace.rs:141:18
[INFO] [stderr]     13:     0x55e752ccf709 - rust_begin_unwind
[INFO] [stderr]                                  at /rustc/58268ff091703ace98c3c2a8c5f2fb2c3aecace2/library/std/src/panicking.rs:517:5
[INFO] [stderr]     14:     0x55e752928631 - core::panicking::panic_fmt::hf9de31d4acbce4db
[INFO] [stderr]                                  at /rustc/58268ff091703ace98c3c2a8c5f2fb2c3aecace2/library/core/src/panicking.rs:101:14
[INFO] [stderr]     15:     0x55e752928723 - core::result::unwrap_failed::ha0c84e81219e5878
[INFO] [stderr]                                  at /rustc/58268ff091703ace98c3c2a8c5f2fb2c3aecace2/library/core/src/result.rs:1617:5
[INFO] [stderr]     16:     0x55e75292be9a - core::result::Result<T,E>::expect::h313437582ef31802
[INFO] [stderr]                                  at /rustc/58268ff091703ace98c3c2a8c5f2fb2c3aecace2/library/core/src/result.rs:1259:23
[INFO] [stderr]     17:     0x55e75293b067 - build_script_build::main::h95096ed295be2005
[INFO] [stderr]                                  at /opt/rustwide/workdir/build.rs:9:5
[INFO] [stderr]     18:     0x55e75293a47b - core::ops::function::FnOnce::call_once::h5c32b92e0e221963
[INFO] [stderr]                                  at /rustc/58268ff091703ace98c3c2a8c5f2fb2c3aecace2/library/core/src/ops/function.rs:227:5
[INFO] [stderr]     19:     0x55e75293a2fe - std::sys_common::backtrace::__rust_begin_short_backtrace::h78a1a07200b4ce2f
[INFO] [stderr]                                  at /rustc/58268ff091703ace98c3c2a8c5f2fb2c3aecace2/library/std/src/sys_common/backtrace.rs:125:18
[INFO] [stderr]     20:     0x55e752930aa1 - std::rt::lang_start::{{closure}}::hbbe82ef0ec684284
[INFO] [stderr]                                  at /rustc/58268ff091703ace98c3c2a8c5f2fb2c3aecace2/library/std/src/rt.rs:63:18
[INFO] [stderr]     21:     0x55e752cd01ca - core::ops::function::impls::<impl core::ops::function::FnOnce<A> for &F>::call_once::hc590b210ed55e22f
[INFO] [stderr]                                  at /rustc/58268ff091703ace98c3c2a8c5f2fb2c3aecace2/library/core/src/ops/function.rs:259:13
[INFO] [stderr]     22:     0x55e752cd01ca - std::panicking::try::do_call::h5f0600b7a33ea1af
[INFO] [stderr]                                  at /rustc/58268ff091703ace98c3c2a8c5f2fb2c3aecace2/library/std/src/panicking.rs:403:40
[INFO] [stderr]     23:     0x55e752cd01ca - std::panicking::try::he15826df0f376a33
[INFO] [stderr]                                  at /rustc/58268ff091703ace98c3c2a8c5f2fb2c3aecace2/library/std/src/panicking.rs:367:19
[INFO] [stderr]     24:     0x55e752cd01ca - std::panic::catch_unwind::hd8af3a578b6b4c86
[INFO] [stderr]                                  at /rustc/58268ff091703ace98c3c2a8c5f2fb2c3aecace2/library/std/src/panic.rs:129:14
[INFO] [stderr]     25:     0x55e752cd01ca - std::rt::lang_start_internal::{{closure}}::h301d1329324ae1f0
[INFO] [stderr]                                  at /rustc/58268ff091703ace98c3c2a8c5f2fb2c3aecace2/library/std/src/rt.rs:45:48
[INFO] [stderr]     26:     0x55e752cd01ca - std::panicking::try::do_call::h941e8fdb0bd03655
[INFO] [stderr]                                  at /rustc/58268ff091703ace98c3c2a8c5f2fb2c3aecace2/library/std/src/panicking.rs:403:40
[INFO] [stderr]     27:     0x55e752cd01ca - std::panicking::try::ha20a77bf65530f63
[INFO] [stderr]                                  at /rustc/58268ff091703ace98c3c2a8c5f2fb2c3aecace2/library/std/src/panicking.rs:367:19
[INFO] [stderr]     28:     0x55e752cd01ca - std::panic::catch_unwind::h33afc061cc69ef90
[INFO] [stderr]                                  at /rustc/58268ff091703ace98c3c2a8c5f2fb2c3aecace2/library/std/src/panic.rs:129:14
[INFO] [stderr]     29:     0x55e752cd01ca - std::rt::lang_start_internal::hc05c244593147106
[INFO] [stderr]                                  at /rustc/58268ff091703ace98c3c2a8c5f2fb2c3aecace2/library/std/src/rt.rs:45:20
[INFO] [stderr]     30:     0x55e752930a70 - std::rt::lang_start::hce75c9e061ff4c65
[INFO] [stderr]                                  at /rustc/58268ff091703ace98c3c2a8c5f2fb2c3aecace2/library/std/src/rt.rs:62:5
[INFO] [stderr]     31:     0x55e75293b08c - main
[INFO] [stderr]     32:     0x7f6d164db0b3 - __libc_start_main
[INFO] [stderr]     33:     0x55e752928dee - _start
[INFO] [stderr]     34:                0x0 - <unknown>
[INFO] [stderr] warning: build failed, waiting for other jobs to finish...
[INFO] [stderr] error: build failed
[INFO] running `Command { std: "docker" "inspect" "063f76b8a285fc1df54db196a586e38b69cbcd051fff87be5809865631919327", kill_on_drop: false }`
[INFO] running `Command { std: "docker" "rm" "-f" "063f76b8a285fc1df54db196a586e38b69cbcd051fff87be5809865631919327", kill_on_drop: false }`
[INFO] [stdout] 063f76b8a285fc1df54db196a586e38b69cbcd051fff87be5809865631919327
