[INFO] cloning repository https://github.com/childhooooo/cartta
[INFO] running `Command { std: "git" "-c" "credential.helper=" "-c" "credential.helper=/workspace/cargo-home/bin/git-credential-null" "clone" "--bare" "https://github.com/childhooooo/cartta" "/workspace/cache/git-repos/https%3A%2F%2Fgithub.com%2Fchildhooooo%2Fcartta", kill_on_drop: false }`
[INFO] [stderr] Cloning into bare repository '/workspace/cache/git-repos/https%3A%2F%2Fgithub.com%2Fchildhooooo%2Fcartta'...
[INFO] running `Command { std: "git" "rev-parse" "HEAD", kill_on_drop: false }`
[INFO] [stdout] 8392c0811bf70ae650dfbbfd6a5bce4fcb0e14c2
[INFO] checking childhooooo/cartta against 1.55.0 for beta-1.56-3
[INFO] running `Command { std: "git" "clone" "/workspace/cache/git-repos/https%3A%2F%2Fgithub.com%2Fchildhooooo%2Fcartta" "/workspace/builds/worker-3/source", kill_on_drop: false }`
[INFO] [stderr] Cloning into '/workspace/builds/worker-3/source'...
[INFO] [stderr] done.
[INFO] validating manifest of git repo https://github.com/childhooooo/cartta on toolchain 1.55.0
[INFO] running `Command { std: "/workspace/cargo-home/bin/cargo" "+1.55.0" "metadata" "--manifest-path" "Cargo.toml" "--no-deps", kill_on_drop: false }`
[INFO] started tweaking git repo https://github.com/childhooooo/cartta
[INFO] finished tweaking git repo https://github.com/childhooooo/cartta
[INFO] tweaked toml for git repo https://github.com/childhooooo/cartta written to /workspace/builds/worker-3/source/Cargo.toml
[INFO] crate git repo https://github.com/childhooooo/cartta already has a lockfile, it will not be regenerated
[INFO] running `Command { std: "/workspace/cargo-home/bin/cargo" "+1.55.0" "fetch" "--manifest-path" "Cargo.toml", kill_on_drop: false }`
[INFO] [stderr]     Blocking waiting for file lock on package cache
[INFO] [stderr]     Blocking waiting for file lock on package cache
[INFO] running `Command { std: "docker" "create" "-v" "/var/lib/crater-agent-workspace/builds/worker-3/target:/opt/rustwide/target:rw,Z" "-v" "/var/lib/crater-agent-workspace/builds/worker-3/source:/opt/rustwide/workdir:ro,Z" "-v" "/var/lib/crater-agent-workspace/cargo-home:/opt/rustwide/cargo-home:ro,Z" "-v" "/var/lib/crater-agent-workspace/rustup-home:/opt/rustwide/rustup-home:ro,Z" "-e" "SOURCE_DIR=/opt/rustwide/workdir" "-e" "CARGO_TARGET_DIR=/opt/rustwide/target" "-e" "CARGO_HOME=/opt/rustwide/cargo-home" "-e" "RUSTUP_HOME=/opt/rustwide/rustup-home" "-w" "/opt/rustwide/workdir" "-m" "1610612736" "--user" "0:0" "--network" "none" "ghcr.io/rust-lang/crates-build-env/linux@sha256:a89201d6b5b9fd45c15d5952ece0a0129e7e80cb26ec023fd59cf09bc26f1604" "/opt/rustwide/cargo-home/bin/cargo" "+1.55.0" "metadata" "--no-deps" "--format-version=1", kill_on_drop: false }`
[INFO] [stdout] ccc694ab80178b21d3ed1d1b3f1cb725412c4f425e6ef75ea7aa14b4ab395aaf
[INFO] [stderr] WARNING: Your kernel does not support swap limit capabilities or the cgroup is not mounted. Memory limited without swap.
[INFO] running `Command { std: "docker" "start" "-a" "ccc694ab80178b21d3ed1d1b3f1cb725412c4f425e6ef75ea7aa14b4ab395aaf", kill_on_drop: false }`
[INFO] running `Command { std: "docker" "inspect" "ccc694ab80178b21d3ed1d1b3f1cb725412c4f425e6ef75ea7aa14b4ab395aaf", kill_on_drop: false }`
[INFO] running `Command { std: "docker" "rm" "-f" "ccc694ab80178b21d3ed1d1b3f1cb725412c4f425e6ef75ea7aa14b4ab395aaf", kill_on_drop: false }`
[INFO] [stdout] ccc694ab80178b21d3ed1d1b3f1cb725412c4f425e6ef75ea7aa14b4ab395aaf
[INFO] running `Command { std: "docker" "create" "-v" "/var/lib/crater-agent-workspace/builds/worker-3/target:/opt/rustwide/target:rw,Z" "-v" "/var/lib/crater-agent-workspace/builds/worker-3/source:/opt/rustwide/workdir:ro,Z" "-v" "/var/lib/crater-agent-workspace/cargo-home:/opt/rustwide/cargo-home:ro,Z" "-v" "/var/lib/crater-agent-workspace/rustup-home:/opt/rustwide/rustup-home:ro,Z" "-e" "SOURCE_DIR=/opt/rustwide/workdir" "-e" "CARGO_TARGET_DIR=/opt/rustwide/target" "-e" "CARGO_INCREMENTAL=0" "-e" "RUST_BACKTRACE=full" "-e" "RUSTFLAGS=--cap-lints=warn" "-e" "CARGO_HOME=/opt/rustwide/cargo-home" "-e" "RUSTUP_HOME=/opt/rustwide/rustup-home" "-w" "/opt/rustwide/workdir" "-m" "1610612736" "--user" "0:0" "--network" "none" "ghcr.io/rust-lang/crates-build-env/linux@sha256:a89201d6b5b9fd45c15d5952ece0a0129e7e80cb26ec023fd59cf09bc26f1604" "/opt/rustwide/cargo-home/bin/cargo" "+1.55.0" "check" "--frozen" "--all" "--all-targets" "--message-format=json", kill_on_drop: false }`
[INFO] [stdout] 14956401f2e6292eb6dcf7bcdc4e1f16f5fac8bd52971c9856c6f247a313f99f
[INFO] [stderr] WARNING: Your kernel does not support swap limit capabilities or the cgroup is not mounted. Memory limited without swap.
[INFO] running `Command { std: "docker" "start" "-a" "14956401f2e6292eb6dcf7bcdc4e1f16f5fac8bd52971c9856c6f247a313f99f", kill_on_drop: false }`
[INFO] [stderr]    Compiling proc-macro2 v0.4.20
[INFO] [stderr]    Compiling byteorder v1.2.7
[INFO] [stderr]    Compiling antidote v1.0.0
[INFO] [stderr]    Compiling ucd-util v0.1.2
[INFO] [stderr]     Checking utf-8 v0.7.4
[INFO] [stderr]    Compiling pulldown-cmark v0.0.11
[INFO] [stderr]     Checking opaque-debug v0.1.1
[INFO] [stderr]     Checking htmlstream v0.1.3
[INFO] [stderr]    Compiling if_chain v0.1.3
[INFO] [stderr]    Compiling log v0.4.6
[INFO] [stderr]    Compiling phf_shared v0.7.23
[INFO] [stderr]     Checking inotify-sys v0.1.3
[INFO] [stderr]     Checking memchr v0.1.11
[INFO] [stderr]     Checking isatty v0.1.9
[INFO] [stderr]     Checking filetime v0.2.1
[INFO] [stderr]     Checking base64 v0.10.1
[INFO] [stderr]    Compiling pear_codegen v0.1.0
[INFO] [stderr]     Checking regex-syntax v0.6.2
[INFO] [stderr]    Compiling num-traits v0.2.6
[INFO] [stderr]     Checking log v0.3.9
[INFO] [stderr]     Checking mio v0.6.16
[INFO] [stderr]     Checking xss v0.1.0 (https://github.com/childhooooo/xss.rs.git#d229e57c)
[INFO] [stderr]     Checking aho-corasick v0.5.3
[INFO] [stderr]    Compiling rocket_codegen v0.4.0
[INFO] [stderr]    Compiling rocket_contrib_codegen v0.4.0
[INFO] [stderr]    Compiling rocket v0.4.0
[INFO] [stderr]     Checking lock_api v0.1.4
[INFO] [stderr]     Checking r2d2 v0.8.3
[INFO] [stderr]    Compiling syn v0.11.11
[INFO] [stderr]     Checking toml v0.4.8
[INFO] [stderr]    Compiling memchr v2.1.1
[INFO] [stderr]    Compiling syn v0.13.11
[INFO] [stderr]    Compiling ring v0.13.5
[INFO] [stderr]     Checking tokio-io v0.1.10
[INFO] [stdout] error[E0557]: feature has been removed
[INFO] [stdout]   --> /opt/rustwide/cargo-home/registry/src/github.com-1ecc6299db9ec823/lock_api-0.1.4/src/lib.rs:88:42
[INFO] [stdout]    |
[INFO] [stdout] 88 | #![cfg_attr(feature = "nightly", feature(const_fn))]
[INFO] [stdout]    |                                          ^^^^^^^^ feature has been removed
[INFO] [stdout]    |
[INFO] [stdout]    = note: split into finer-grained feature gates
[INFO] [stdout] 
[INFO] [stdout] 
[INFO] [stdout] error[E0554]: `#![feature]` may not be used on the stable release channel
[INFO] [stdout]   --> /opt/rustwide/cargo-home/registry/src/github.com-1ecc6299db9ec823/lock_api-0.1.4/src/lib.rs:88:34
[INFO] [stdout]    |
[INFO] [stdout] 88 | #![cfg_attr(feature = "nightly", feature(const_fn))]
[INFO] [stdout]    |                                  ^^^^^^^^^^^^^^^^^
[INFO] [stdout] 
[INFO] [stdout] 
[INFO] [stderr]    Compiling phf_generator v0.7.23
[INFO] [stderr] error: failed to run custom build command for `rocket_contrib_codegen v0.4.0`
[INFO] [stderr] 
[INFO] [stderr] Caused by:
[INFO] [stderr]   process didn't exit successfully: `/opt/rustwide/target/debug/build/rocket_contrib_codegen-508991a5b3f5c12e/build-script-build` (exit status: 101)
[INFO] [stderr]   --- stderr
[INFO] [stderr]   [1;31mError:[0m Rocket requires a nightly or dev version of Rust.
[INFO] [stderr]   Installed version is: [33m1.55.0 (2021-09-06)[0m. Minimum required: [33m1.31.0-nightly (2018-10-05)[0m.
[INFO] [stderr]   [34mSee the getting started guide ([0mhttps://rocket.rs/v0.4/guide/getting-started/[34m) for more information.[0m
[INFO] [stderr]   thread 'main' panicked at 'Aborting compilation due to incompatible compiler.', /opt/rustwide/cargo-home/registry/src/github.com-1ecc6299db9ec823/rocket_contrib_codegen-0.4.0/build.rs:38:13
[INFO] [stderr]   stack backtrace:
[INFO] [stderr]      0:     0x555767867f30 - std::backtrace_rs::backtrace::libunwind::trace::ha0ad43e8a952bfe7
[INFO] [stderr]                                  at /rustc/c8dfcfe046a7680554bf4eb612bad840e7631c4b/library/std/src/../../backtrace/src/backtrace/libunwind.rs:90:5
[INFO] [stderr]      1:     0x555767867f30 - std::backtrace_rs::backtrace::trace_unsynchronized::h6830419c0c4130dc
[INFO] [stderr]                                  at /rustc/c8dfcfe046a7680554bf4eb612bad840e7631c4b/library/std/src/../../backtrace/src/backtrace/mod.rs:66:5
[INFO] [stderr]      2:     0x555767867f30 - std::sys_common::backtrace::_print_fmt::h8f3516631ffa1ef5
[INFO] [stderr]                                  at /rustc/c8dfcfe046a7680554bf4eb612bad840e7631c4b/library/std/src/sys_common/backtrace.rs:67:5
[INFO] [stderr]      3:     0x555767867f30 - <std::sys_common::backtrace::_print::DisplayBacktrace as core::fmt::Display>::fmt::he1640d5f0d93f618
[INFO] [stderr]                                  at /rustc/c8dfcfe046a7680554bf4eb612bad840e7631c4b/library/std/src/sys_common/backtrace.rs:46:22
[INFO] [stderr]      4:     0x555767884f0c - core::fmt::write::h88012e1f01caeebf
[INFO] [stderr]                                  at /rustc/c8dfcfe046a7680554bf4eb612bad840e7631c4b/library/core/src/fmt/mod.rs:1115:17
[INFO] [stderr]      5:     0x555767865ca5 - std::io::Write::write_fmt::h360fa85b30182555
[INFO] [stderr]                                  at /rustc/c8dfcfe046a7680554bf4eb612bad840e7631c4b/library/std/src/io/mod.rs:1665:15
[INFO] [stderr]      6:     0x555767869b6b - std::sys_common::backtrace::_print::ha1f00492f406a015
[INFO] [stderr]                                  at /rustc/c8dfcfe046a7680554bf4eb612bad840e7631c4b/library/std/src/sys_common/backtrace.rs:49:5
[INFO] [stderr]      7:     0x555767869b6b - std::sys_common::backtrace::print::hd54561b13feb6af3
[INFO] [stderr]                                  at /rustc/c8dfcfe046a7680554bf4eb612bad840e7631c4b/library/std/src/sys_common/backtrace.rs:36:9
[INFO] [stderr]      8:     0x555767869b6b - std::panicking::default_hook::{{closure}}::h84fe124cd0864662
[INFO] [stderr]                                  at /rustc/c8dfcfe046a7680554bf4eb612bad840e7631c4b/library/std/src/panicking.rs:208:50
[INFO] [stderr]      9:     0x555767869641 - std::panicking::default_hook::h5a8e74a76ce290a7
[INFO] [stderr]                                  at /rustc/c8dfcfe046a7680554bf4eb612bad840e7631c4b/library/std/src/panicking.rs:225:9
[INFO] [stderr]     10:     0x55576786a234 - std::panicking::rust_panic_with_hook::h67c812a4fe9d4c91
[INFO] [stderr]                                  at /rustc/c8dfcfe046a7680554bf4eb612bad840e7631c4b/library/std/src/panicking.rs:622:17
[INFO] [stderr]     11:     0x555767839b1f - std::panicking::begin_panic::{{closure}}::h27e5bd36d8aa1739
[INFO] [stderr]                                  at /rustc/c8dfcfe046a7680554bf4eb612bad840e7631c4b/library/std/src/panicking.rs:542:9
[INFO] [stderr]     12:     0x555767839d08 - std::sys_common::backtrace::__rust_end_short_backtrace::h815655d3afc60615
[INFO] [stderr]                                  at /rustc/c8dfcfe046a7680554bf4eb612bad840e7631c4b/library/std/src/sys_common/backtrace.rs:141:18
[INFO] [stderr]     13:     0x555767839a65 - std::panicking::begin_panic::ha0e4f142f5c63a0b
[INFO] [stderr]                                  at /rustc/c8dfcfe046a7680554bf4eb612bad840e7631c4b/library/std/src/panicking.rs:541:12
[INFO] [stderr]     14:     0x555767838357 - build_script_build::main::h12187b3857400436
[INFO] [stderr]                                  at /opt/rustwide/cargo-home/registry/src/github.com-1ecc6299db9ec823/rocket_contrib_codegen-0.4.0/build.rs:38:13
[INFO] [stderr]     15:     0x555767839ebb - core::ops::function::FnOnce::call_once::h2a902a109da59cf7
[INFO] [stderr]                                  at /rustc/c8dfcfe046a7680554bf4eb612bad840e7631c4b/library/core/src/ops/function.rs:227:5
[INFO] [stderr]     16:     0x555767839d4e - std::sys_common::backtrace::__rust_begin_short_backtrace::h017ce1a2c5d7768f
[INFO] [stderr]                                  at /rustc/c8dfcfe046a7680554bf4eb612bad840e7631c4b/library/std/src/sys_common/backtrace.rs:125:18
[INFO] [stderr]     17:     0x5557678394b1 - std::rt::lang_start::{{closure}}::hcb93456d0dc15c88
[INFO] [stderr]                                  at /rustc/c8dfcfe046a7680554bf4eb612bad840e7631c4b/library/std/src/rt.rs:63:18
[INFO] [stderr]     18:     0x55576786a73a - core::ops::function::impls::<impl core::ops::function::FnOnce<A> for &F>::call_once::ha9408abe89f69dc4
[INFO] [stderr]                                  at /rustc/c8dfcfe046a7680554bf4eb612bad840e7631c4b/library/core/src/ops/function.rs:259:13
[INFO] [stderr]     19:     0x55576786a73a - std::panicking::try::do_call::h5b0cc9e9102acb65
[INFO] [stderr]                                  at /rustc/c8dfcfe046a7680554bf4eb612bad840e7631c4b/library/std/src/panicking.rs:401:40
[INFO] [stderr]     20:     0x55576786a73a - std::panicking::try::hddc7f8229138b3ba
[INFO] [stderr]                                  at /rustc/c8dfcfe046a7680554bf4eb612bad840e7631c4b/library/std/src/panicking.rs:365:19
[INFO] [stderr]     21:     0x55576786a73a - std::panic::catch_unwind::hfa401ff8bab2986e
[INFO] [stderr]                                  at /rustc/c8dfcfe046a7680554bf4eb612bad840e7631c4b/library/std/src/panic.rs:434:14
[INFO] [stderr]     22:     0x55576786a73a - std::rt::lang_start_internal::{{closure}}::h8163422320d11405
[INFO] [stderr]                                  at /rustc/c8dfcfe046a7680554bf4eb612bad840e7631c4b/library/std/src/rt.rs:45:48
[INFO] [stderr]     23:     0x55576786a73a - std::panicking::try::do_call::hc742cc7bb4f0fb20
[INFO] [stderr]                                  at /rustc/c8dfcfe046a7680554bf4eb612bad840e7631c4b/library/std/src/panicking.rs:401:40
[INFO] [stderr]     24:     0x55576786a73a - std::panicking::try::ha37d8d2dd1acf7d3
[INFO] [stderr]                                  at /rustc/c8dfcfe046a7680554bf4eb612bad840e7631c4b/library/std/src/panicking.rs:365:19
[INFO] [stderr]     25:     0x55576786a73a - std::panic::catch_unwind::h8a5381d5ecf437bc
[INFO] [stderr]                                  at /rustc/c8dfcfe046a7680554bf4eb612bad840e7631c4b/library/std/src/panic.rs:434:14
[INFO] [stderr]     26:     0x55576786a73a - std::rt::lang_start_internal::h7e2cee8c90d4a4d3
[INFO] [stderr]                                  at /rustc/c8dfcfe046a7680554bf4eb612bad840e7631c4b/library/std/src/rt.rs:45:20
[INFO] [stderr]     27:     0x555767839480 - std::rt::lang_start::hf4e7fe2eef6488ac
[INFO] [stderr]                                  at /rustc/c8dfcfe046a7680554bf4eb612bad840e7631c4b/library/std/src/rt.rs:62:5
[INFO] [stderr]     28:     0x555767838f2c - main
[INFO] [stderr]     29:     0x7f72954ed0b3 - __libc_start_main
[INFO] [stderr]     30:     0x55576783793e - _start
[INFO] [stderr]     31:                0x0 - <unknown>
[INFO] [stderr] warning: build failed, waiting for other jobs to finish...
[INFO] [stdout] error: aborting due to 2 previous errors
[INFO] [stdout] 
[INFO] [stdout] 
[INFO] [stdout] Some errors have detailed explanations: E0554, E0557.
[INFO] [stdout] 
[INFO] [stdout] For more information about an error, try `rustc --explain E0554`.
[INFO] [stdout] 
[INFO] [stderr] error: build failed
[INFO] running `Command { std: "docker" "inspect" "14956401f2e6292eb6dcf7bcdc4e1f16f5fac8bd52971c9856c6f247a313f99f", kill_on_drop: false }`
[INFO] running `Command { std: "docker" "rm" "-f" "14956401f2e6292eb6dcf7bcdc4e1f16f5fac8bd52971c9856c6f247a313f99f", kill_on_drop: false }`
[INFO] [stdout] 14956401f2e6292eb6dcf7bcdc4e1f16f5fac8bd52971c9856c6f247a313f99f
