[INFO] cloning repository https://github.com/chfi/rs-gfa
[INFO] running `Command { std: "git" "-c" "credential.helper=" "-c" "credential.helper=/workspace/cargo-home/bin/git-credential-null" "clone" "--bare" "https://github.com/chfi/rs-gfa" "/workspace/cache/git-repos/https%3A%2F%2Fgithub.com%2Fchfi%2Frs-gfa", kill_on_drop: false }`
[INFO] [stderr] Cloning into bare repository '/workspace/cache/git-repos/https%3A%2F%2Fgithub.com%2Fchfi%2Frs-gfa'...
[INFO] running `Command { std: "git" "rev-parse" "HEAD", kill_on_drop: false }`
[INFO] [stdout] cd1ee4bcd41560af531daf8d4577c838258a7e4a
[INFO] checking chfi/rs-gfa against beta-2021-10-15 for beta-1.56-3
[INFO] running `Command { std: "git" "clone" "/workspace/cache/git-repos/https%3A%2F%2Fgithub.com%2Fchfi%2Frs-gfa" "/workspace/builds/worker-0/source", kill_on_drop: false }`
[INFO] [stderr] Cloning into '/workspace/builds/worker-0/source'...
[INFO] [stderr] done.
[INFO] validating manifest of git repo https://github.com/chfi/rs-gfa on toolchain beta-2021-10-15
[INFO] running `Command { std: "/workspace/cargo-home/bin/cargo" "+beta-2021-10-15" "metadata" "--manifest-path" "Cargo.toml" "--no-deps", kill_on_drop: false }`
[INFO] started tweaking git repo https://github.com/chfi/rs-gfa
[INFO] finished tweaking git repo https://github.com/chfi/rs-gfa
[INFO] tweaked toml for git repo https://github.com/chfi/rs-gfa written to /workspace/builds/worker-0/source/Cargo.toml
[INFO] crate git repo https://github.com/chfi/rs-gfa already has a lockfile, it will not be regenerated
[INFO] running `Command { std: "/workspace/cargo-home/bin/cargo" "+beta-2021-10-15" "fetch" "--manifest-path" "Cargo.toml", kill_on_drop: false }`
[INFO] [stderr]  Downloading crates ...
[INFO] [stderr]   Downloaded memoffset v0.5.5
[INFO] [stderr]   Downloaded serde_cbor v0.11.1
[INFO] [stderr]   Downloaded wasm-bindgen-macro-support v0.2.65
[INFO] [stderr]   Downloaded wasm-bindgen-backend v0.2.65
[INFO] [stderr]   Downloaded criterion-plot v0.4.3
[INFO] [stderr]   Downloaded wasm-bindgen-macro v0.2.65
[INFO] [stderr]   Downloaded wasm-bindgen-shared v0.2.65
[INFO] [stderr]   Downloaded tinytemplate v1.1.0
[INFO] [stderr]   Downloaded js-sys v0.3.42
[INFO] [stderr]   Downloaded oorandom v11.1.2
[INFO] [stderr]   Downloaded syn v1.0.35
[INFO] [stderr]   Downloaded rayon-core v1.7.1
[INFO] [stderr]   Downloaded plotters v0.2.15
[INFO] [stderr]   Downloaded criterion v0.3.3
[INFO] [stderr]   Downloaded web-sys v0.3.42
[INFO] [stderr]   Downloaded rayon v1.3.1
[INFO] [stderr]   Downloaded wasm-bindgen v0.2.65
[INFO] [stderr]   Downloaded libc v0.2.73
[INFO] [stderr]   Downloaded serde_json v1.0.56
[INFO] [stderr]   Downloaded half v1.6.0
[INFO] running `Command { std: "docker" "create" "-v" "/var/lib/crater-agent-workspace/builds/worker-0/target:/opt/rustwide/target:rw,Z" "-v" "/var/lib/crater-agent-workspace/builds/worker-0/source:/opt/rustwide/workdir:ro,Z" "-v" "/var/lib/crater-agent-workspace/cargo-home:/opt/rustwide/cargo-home:ro,Z" "-v" "/var/lib/crater-agent-workspace/rustup-home:/opt/rustwide/rustup-home:ro,Z" "-e" "SOURCE_DIR=/opt/rustwide/workdir" "-e" "CARGO_TARGET_DIR=/opt/rustwide/target" "-e" "CARGO_HOME=/opt/rustwide/cargo-home" "-e" "RUSTUP_HOME=/opt/rustwide/rustup-home" "-w" "/opt/rustwide/workdir" "-m" "1610612736" "--user" "0:0" "--network" "none" "ghcr.io/rust-lang/crates-build-env/linux@sha256:a89201d6b5b9fd45c15d5952ece0a0129e7e80cb26ec023fd59cf09bc26f1604" "/opt/rustwide/cargo-home/bin/cargo" "+beta-2021-10-15" "metadata" "--no-deps" "--format-version=1", kill_on_drop: false }`
[INFO] [stdout] 56ca2122b59440d12f018bd997e982ce126b64d3aed32b55b4e0cde21806a25d
[INFO] [stderr] WARNING: Your kernel does not support swap limit capabilities or the cgroup is not mounted. Memory limited without swap.
[INFO] running `Command { std: "docker" "start" "-a" "56ca2122b59440d12f018bd997e982ce126b64d3aed32b55b4e0cde21806a25d", kill_on_drop: false }`
[INFO] running `Command { std: "docker" "inspect" "56ca2122b59440d12f018bd997e982ce126b64d3aed32b55b4e0cde21806a25d", kill_on_drop: false }`
[INFO] running `Command { std: "docker" "rm" "-f" "56ca2122b59440d12f018bd997e982ce126b64d3aed32b55b4e0cde21806a25d", kill_on_drop: false }`
[INFO] [stdout] 56ca2122b59440d12f018bd997e982ce126b64d3aed32b55b4e0cde21806a25d
[INFO] running `Command { std: "docker" "create" "-v" "/var/lib/crater-agent-workspace/builds/worker-0/target:/opt/rustwide/target:rw,Z" "-v" "/var/lib/crater-agent-workspace/builds/worker-0/source:/opt/rustwide/workdir:ro,Z" "-v" "/var/lib/crater-agent-workspace/cargo-home:/opt/rustwide/cargo-home:ro,Z" "-v" "/var/lib/crater-agent-workspace/rustup-home:/opt/rustwide/rustup-home:ro,Z" "-e" "SOURCE_DIR=/opt/rustwide/workdir" "-e" "CARGO_TARGET_DIR=/opt/rustwide/target" "-e" "CARGO_INCREMENTAL=0" "-e" "RUST_BACKTRACE=full" "-e" "RUSTFLAGS=--cap-lints=warn" "-e" "CARGO_HOME=/opt/rustwide/cargo-home" "-e" "RUSTUP_HOME=/opt/rustwide/rustup-home" "-w" "/opt/rustwide/workdir" "-m" "1610612736" "--user" "0:0" "--network" "none" "ghcr.io/rust-lang/crates-build-env/linux@sha256:a89201d6b5b9fd45c15d5952ece0a0129e7e80cb26ec023fd59cf09bc26f1604" "/opt/rustwide/cargo-home/bin/cargo" "+beta-2021-10-15" "check" "--frozen" "--all" "--all-targets" "--message-format=json", kill_on_drop: false }`
[INFO] [stderr] WARNING: Your kernel does not support swap limit capabilities or the cgroup is not mounted. Memory limited without swap.
[INFO] [stdout] 770ff944a1d5a17b6467fd3a32afe44fe9169c7caabed0d4c920ce8a5ca4b0f3
[INFO] running `Command { std: "docker" "start" "-a" "770ff944a1d5a17b6467fd3a32afe44fe9169c7caabed0d4c920ce8a5ca4b0f3", kill_on_drop: false }`
[INFO] [stderr]    Compiling syn v1.0.35
[INFO] [stderr]     Checking crossbeam-utils v0.7.2
[INFO] [stderr]     Checking serde_json v1.0.56
[INFO] [stderr]     Checking memmap v0.7.0
[INFO] [stderr]     Checking lexical-core v0.7.6
[INFO] [stderr]     Checking clap v2.33.1
[INFO] [stderr]     Checking bstr v0.2.13
[INFO] [stderr]     Checking crossbeam-epoch v0.8.2
[INFO] [stderr]     Checking crossbeam-queue v0.2.3
[INFO] [stderr]     Checking crossbeam-deque v0.7.3
[INFO] [stderr]     Checking csv v1.1.3
[INFO] [stderr]     Checking rayon-core v1.7.1
[INFO] [stderr]     Checking tinytemplate v1.1.0
[INFO] [stderr]     Checking rayon v1.3.1
[INFO] [stderr]     Checking nom v5.1.2
[INFO] [stderr]    Compiling bytemuck_derive v1.0.0
[INFO] [stderr]    Compiling serde_derive v1.0.114
[INFO] [stderr]     Checking bytemuck v1.4.1
[INFO] [stderr]     Checking gfa v0.10.0 (/opt/rustwide/workdir)
[INFO] [stderr]     Checking criterion v0.3.3
[INFO] [stdout] error[E0277]: the trait bound `BString: SegmentId` is not satisfied
[INFO] [stdout]    --> benches/parsing_benchmark.rs:23:17
[INFO] [stdout]     |
[INFO] [stdout] 23  |     let parser: GFAParser<BString, T> = GFAParser::new();
[INFO] [stdout]     |                 ^^^^^^^^^^^^^^^^^^^^^ the trait `SegmentId` is not implemented for `BString`
[INFO] [stdout]     |
[INFO] [stdout] note: required by a bound in `gfa::parser::GFAParser`
[INFO] [stdout]    --> /opt/rustwide/workdir/src/parser.rs:103:25
[INFO] [stdout]     |
[INFO] [stdout] 103 | pub struct GFAParser<N: SegmentId, T: OptFields> {
[INFO] [stdout]     |                         ^^^^^^^^^ required by this bound in `gfa::parser::GFAParser`
[INFO] [stdout] 
[INFO] [stdout] 
[INFO] [stdout] error[E0599]: the method `parse_lines` exists for struct `gfa::parser::GFAParser<BString, T>`, but its trait bounds were not satisfied
[INFO] [stdout]   --> benches/parsing_benchmark.rs:24:12
[INFO] [stdout]    |
[INFO] [stdout] 24 |     parser.parse_lines(input.iter()).unwrap()
[INFO] [stdout]    |            ^^^^^^^^^^^ method cannot be called on `gfa::parser::GFAParser<BString, T>` due to unsatisfied trait bounds
[INFO] [stdout]    |
[INFO] [stdout]   ::: /opt/rustwide/cargo-home/registry/src/github.com-1ecc6299db9ec823/bstr-0.2.13/src/bstring.rs:40:1
[INFO] [stdout]    |
[INFO] [stdout] 40 | pub struct BString {
[INFO] [stdout]    | ------------------ doesn't satisfy `BString: SegmentId`
[INFO] [stdout]    |
[INFO] [stdout]    = note: the following trait bounds were not satisfied:
[INFO] [stdout]            `BString: SegmentId`
[INFO] [stdout] 
[INFO] [stdout] 
[INFO] [stdout] error[E0277]: the trait bound `BString: SegmentId` is not satisfied
[INFO] [stdout]    --> benches/parsing_benchmark.rs:23:41
[INFO] [stdout]     |
[INFO] [stdout] 23  |     let parser: GFAParser<BString, T> = GFAParser::new();
[INFO] [stdout]     |                                         ^^^^^^^^^^^^^^ the trait `SegmentId` is not implemented for `BString`
[INFO] [stdout]     |
[INFO] [stdout] note: required by `gfa::parser::GFAParser::<N, T>::new`
[INFO] [stdout]    --> /opt/rustwide/workdir/src/parser.rs:123:5
[INFO] [stdout]     |
[INFO] [stdout] 123 |     pub fn new() -> Self {
[INFO] [stdout]     |     ^^^^^^^^^^^^^^^^^^^^
[INFO] [stdout] 
[INFO] [stdout] 
[INFO] [stdout] error[E0277]: the trait bound `BString: SegmentId` is not satisfied
[INFO] [stdout]    --> benches/parsing_benchmark.rs:23:41
[INFO] [stdout]     |
[INFO] [stdout] 23  |     let parser: GFAParser<BString, T> = GFAParser::new();
[INFO] [stdout]     |                                         ^^^^^^^^^ the trait `SegmentId` is not implemented for `BString`
[INFO] [stdout]     |
[INFO] [stdout] note: required by a bound in `gfa::parser::GFAParser`
[INFO] [stdout]    --> /opt/rustwide/workdir/src/parser.rs:103:25
[INFO] [stdout]     |
[INFO] [stdout] 103 | pub struct GFAParser<N: SegmentId, T: OptFields> {
[INFO] [stdout]     |                         ^^^^^^^^^ required by this bound in `gfa::parser::GFAParser`
[INFO] [stdout] 
[INFO] [stdout] 
[INFO] [stdout] error[E0271]: type mismatch resolving `<std::slice::Iter<'_, Vec<u8>> as Iterator>::Item == &[u8]`
[INFO] [stdout]   --> benches/parsing_benchmark.rs:37:12
[INFO] [stdout]    |
[INFO] [stdout] 37 |     parser.parse_lines(input.iter()).unwrap()
[INFO] [stdout]    |            ^^^^^^^^^^^ expected struct `Vec`, found slice `[u8]`
[INFO] [stdout]    |
[INFO] [stdout]    = note: expected reference `&Vec<u8>`
[INFO] [stdout]               found reference `&[u8]`
[INFO] [stdout] 
[INFO] [stdout] 
[INFO] [stdout] error: aborting due to 5 previous errors
[INFO] [stdout] 
[INFO] [stdout] 
[INFO] [stdout] Some errors have detailed explanations: E0271, E0277, E0599.
[INFO] [stdout] 
[INFO] [stdout] For more information about an error, try `rustc --explain E0271`.
[INFO] [stdout] 
[INFO] [stderr] error: could not compile `gfa` due to 6 previous errors
[INFO] [stderr] warning: build failed, waiting for other jobs to finish...
[INFO] [stdout] warning: function is never used: `diatom_name_map_path`
[INFO] [stdout]    --> src/gfa/name_conversion.rs:372:8
[INFO] [stdout]     |
[INFO] [stdout] 372 |     fn diatom_name_map_path() -> &'static str {
[INFO] [stdout]     |        ^^^^^^^^^^^^^^^^^^^^
[INFO] [stdout]     |
[INFO] [stdout]     = note: `#[warn(dead_code)]` on by default
[INFO] [stdout] 
[INFO] [stdout] 
[INFO] [stdout] warning: function is never used: `lil_name_map_path`
[INFO] [stdout]    --> src/gfa/name_conversion.rs:376:8
[INFO] [stdout]     |
[INFO] [stdout] 376 |     fn lil_name_map_path() -> &'static str {
[INFO] [stdout]     |        ^^^^^^^^^^^^^^^^^
[INFO] [stdout] 
[INFO] [stdout] 
[INFO] [stdout] warning: 2 warnings emitted
[INFO] [stdout] 
[INFO] [stdout] 
[INFO] [stderr] error: build failed
[INFO] running `Command { std: "docker" "inspect" "770ff944a1d5a17b6467fd3a32afe44fe9169c7caabed0d4c920ce8a5ca4b0f3", kill_on_drop: false }`
[INFO] running `Command { std: "docker" "rm" "-f" "770ff944a1d5a17b6467fd3a32afe44fe9169c7caabed0d4c920ce8a5ca4b0f3", kill_on_drop: false }`
[INFO] [stdout] 770ff944a1d5a17b6467fd3a32afe44fe9169c7caabed0d4c920ce8a5ca4b0f3
