[INFO] cloning repository https://github.com/chao822/conduit
[INFO] running `Command { std: "git" "-c" "credential.helper=" "-c" "credential.helper=/workspace/cargo-home/bin/git-credential-null" "clone" "--bare" "https://github.com/chao822/conduit" "/workspace/cache/git-repos/https%3A%2F%2Fgithub.com%2Fchao822%2Fconduit", kill_on_drop: false }`
[INFO] [stderr] Cloning into bare repository '/workspace/cache/git-repos/https%3A%2F%2Fgithub.com%2Fchao822%2Fconduit'...
[INFO] running `Command { std: "git" "rev-parse" "HEAD", kill_on_drop: false }`
[INFO] [stdout] b788daf429a05288bd63ce107928d599a292a2d4
[INFO] checking chao822/conduit against beta-2021-10-15 for beta-1.56-3
[INFO] running `Command { std: "git" "clone" "/workspace/cache/git-repos/https%3A%2F%2Fgithub.com%2Fchao822%2Fconduit" "/workspace/builds/worker-14/source", kill_on_drop: false }`
[INFO] [stderr] Cloning into '/workspace/builds/worker-14/source'...
[INFO] [stderr] done.
[INFO] validating manifest of git repo https://github.com/chao822/conduit on toolchain beta-2021-10-15
[INFO] running `Command { std: "/workspace/cargo-home/bin/cargo" "+beta-2021-10-15" "metadata" "--manifest-path" "Cargo.toml" "--no-deps", kill_on_drop: false }`
[INFO] started tweaking git repo https://github.com/chao822/conduit
[INFO] finished tweaking git repo https://github.com/chao822/conduit
[INFO] tweaked toml for git repo https://github.com/chao822/conduit written to /workspace/builds/worker-14/source/Cargo.toml
[INFO] crate git repo https://github.com/chao822/conduit already has a lockfile, it will not be regenerated
[INFO] running `Command { std: "/workspace/cargo-home/bin/cargo" "+beta-2021-10-15" "fetch" "--manifest-path" "Cargo.toml", kill_on_drop: false }`
[INFO] [stderr]     Updating git repository `https://github.com/carllerche/tokio-connect`
[INFO] [stderr]     Updating git repository `https://github.com/tower-rs/tower`
[INFO] [stderr]     Updating git repository `https://github.com/tower-rs/tower-h2`
[INFO] [stderr]     Updating git repository `https://github.com/carllerche/codegen`
[INFO] [stderr]  Downloading crates ...
[INFO] [stderr]   Downloaded tokio-core v0.1.12
[INFO] [stderr]   Downloaded mio v0.6.12
[INFO] [stderr]   Downloaded string v0.1.0
[INFO] [stderr]   Downloaded indexmap v0.4.1
[INFO] [stderr]   Downloaded schannel v0.1.10
[INFO] [stderr]   Downloaded miniz_oxide v0.1.2
[INFO] [stderr]   Downloaded miniz_oxide_c_api v0.1.2
[INFO] [stderr]   Downloaded backtrace v0.3.5
[INFO] [stderr]   Downloaded flate2 v1.0.1
[INFO] [stderr]   Downloaded socket2 v0.3.1
[INFO] [stderr]   Downloaded ipnet v1.0.0
[INFO] [stderr]   Downloaded num-traits v0.2.0
[INFO] [stderr]   Downloaded failure_derive v0.1.1
[INFO] [stderr]   Downloaded itertools v0.7.6
[INFO] [stderr]   Downloaded hyper v0.11.19
[INFO] [stderr]   Downloaded env_logger v0.5.3
[INFO] [stderr]   Downloaded wincolor v0.1.6
[INFO] [stderr]   Downloaded heck v0.3.0
[INFO] [stderr]   Downloaded libz-sys v1.0.18
[INFO] [stderr]   Downloaded termcolor v0.3.5
[INFO] [stderr]   Downloaded synstructure v0.6.1
[INFO] [stderr]   Downloaded rand v0.3.20
[INFO] [stderr]   Downloaded ns-dns-tokio v0.4.0
[INFO] [stderr]   Downloaded prost v0.3.0
[INFO] [stderr]   Downloaded domain v0.2.2
[INFO] [stderr]   Downloaded prost-derive v0.3.0
[INFO] [stderr]   Downloaded prost-types v0.3.0
[INFO] [stderr]   Downloaded h2 v0.1.0
[INFO] [stderr]   Downloaded msdos_time v0.1.5
[INFO] [stderr]   Downloaded petgraph v0.4.11
[INFO] [stderr]   Downloaded syn v0.12.10
[INFO] [stderr]   Downloaded bzip2 v0.3.2
[INFO] [stderr]   Downloaded prost-build v0.3.0
[INFO] [stderr]   Downloaded tempdir v0.3.6
[INFO] [stderr]   Downloaded quickcheck v0.6.0
[INFO] [stderr]   Downloaded proc-macro2 v0.2.2
[INFO] [stderr]   Downloaded abstract-ns v0.4.3
[INFO] [stderr]   Downloaded zip v0.2.8
[INFO] [stderr]   Downloaded fixedbitset v0.1.8
[INFO] [stderr]   Downloaded remove_dir_all v0.3.0
[INFO] [stderr]   Downloaded curl v0.4.11
[INFO] [stderr]   Downloaded failure v0.1.1
[INFO] [stderr]   Downloaded podio v0.1.6
[INFO] [stderr]   Downloaded http v0.1.4
[INFO] [stderr]   Downloaded bzip2-sys v0.1.6
[INFO] [stderr]   Downloaded curl-sys v0.4.1
[INFO] running `Command { std: "docker" "create" "-v" "/var/lib/crater-agent-workspace/builds/worker-14/target:/opt/rustwide/target:rw,Z" "-v" "/var/lib/crater-agent-workspace/builds/worker-14/source:/opt/rustwide/workdir:ro,Z" "-v" "/var/lib/crater-agent-workspace/cargo-home:/opt/rustwide/cargo-home:ro,Z" "-v" "/var/lib/crater-agent-workspace/rustup-home:/opt/rustwide/rustup-home:ro,Z" "-e" "SOURCE_DIR=/opt/rustwide/workdir" "-e" "CARGO_TARGET_DIR=/opt/rustwide/target" "-e" "CARGO_HOME=/opt/rustwide/cargo-home" "-e" "RUSTUP_HOME=/opt/rustwide/rustup-home" "-w" "/opt/rustwide/workdir" "-m" "1610612736" "--user" "0:0" "--network" "none" "ghcr.io/rust-lang/crates-build-env/linux@sha256:a89201d6b5b9fd45c15d5952ece0a0129e7e80cb26ec023fd59cf09bc26f1604" "/opt/rustwide/cargo-home/bin/cargo" "+beta-2021-10-15" "metadata" "--no-deps" "--format-version=1", kill_on_drop: false }`
[INFO] [stdout] 99237e16bdd8cf7ecddeb1612f0628620611d9d8444afb6936ad02ea4f14a7dc
[INFO] [stderr] WARNING: Your kernel does not support swap limit capabilities or the cgroup is not mounted. Memory limited without swap.
[INFO] running `Command { std: "docker" "start" "-a" "99237e16bdd8cf7ecddeb1612f0628620611d9d8444afb6936ad02ea4f14a7dc", kill_on_drop: false }`
[INFO] running `Command { std: "docker" "inspect" "99237e16bdd8cf7ecddeb1612f0628620611d9d8444afb6936ad02ea4f14a7dc", kill_on_drop: false }`
[INFO] running `Command { std: "docker" "rm" "-f" "99237e16bdd8cf7ecddeb1612f0628620611d9d8444afb6936ad02ea4f14a7dc", kill_on_drop: false }`
[INFO] [stdout] 99237e16bdd8cf7ecddeb1612f0628620611d9d8444afb6936ad02ea4f14a7dc
[INFO] running `Command { std: "docker" "create" "-v" "/var/lib/crater-agent-workspace/builds/worker-14/target:/opt/rustwide/target:rw,Z" "-v" "/var/lib/crater-agent-workspace/builds/worker-14/source:/opt/rustwide/workdir:ro,Z" "-v" "/var/lib/crater-agent-workspace/cargo-home:/opt/rustwide/cargo-home:ro,Z" "-v" "/var/lib/crater-agent-workspace/rustup-home:/opt/rustwide/rustup-home:ro,Z" "-e" "SOURCE_DIR=/opt/rustwide/workdir" "-e" "CARGO_TARGET_DIR=/opt/rustwide/target" "-e" "CARGO_INCREMENTAL=0" "-e" "RUST_BACKTRACE=full" "-e" "RUSTFLAGS=--cap-lints=warn" "-e" "CARGO_HOME=/opt/rustwide/cargo-home" "-e" "RUSTUP_HOME=/opt/rustwide/rustup-home" "-w" "/opt/rustwide/workdir" "-m" "1610612736" "--user" "0:0" "--network" "none" "ghcr.io/rust-lang/crates-build-env/linux@sha256:a89201d6b5b9fd45c15d5952ece0a0129e7e80cb26ec023fd59cf09bc26f1604" "/opt/rustwide/cargo-home/bin/cargo" "+beta-2021-10-15" "check" "--frozen" "--all" "--all-targets" "--message-format=json", kill_on_drop: false }`
[INFO] [stderr] WARNING: Your kernel does not support swap limit capabilities or the cgroup is not mounted. Memory limited without swap.
[INFO] [stdout] 4aafee52bd0226759fe9393cef9316d53de12f40295e6c5c26fb9f0b2e87311e
[INFO] running `Command { std: "docker" "start" "-a" "4aafee52bd0226759fe9393cef9316d53de12f40295e6c5c26fb9f0b2e87311e", kill_on_drop: false }`
[INFO] [stderr]    Compiling adler32 v1.0.2
[INFO] [stderr]    Compiling podio v0.1.6
[INFO] [stderr]    Compiling byteorder v1.2.1
[INFO] [stderr]    Compiling unicode-segmentation v1.2.0
[INFO] [stderr]     Checking ordermap v0.2.13
[INFO] [stderr]    Compiling multimap v0.4.0
[INFO] [stderr]     Checking num-traits v0.2.0
[INFO] [stderr]     Checking string v0.1.0
[INFO] [stderr]     Checking convert v0.3.0 (/opt/rustwide/workdir/proxy/convert)
[INFO] [stderr]     Checking indexmap v0.4.1
[INFO] [stderr]     Checking termcolor v0.3.5
[INFO] [stderr]     Checking ipnet v1.0.0
[INFO] [stderr]    Compiling time v0.1.39
[INFO] [stderr]    Compiling iovec v0.1.2
[INFO] [stderr]    Compiling rand v0.4.2
[INFO] [stderr]    Compiling libz-sys v1.0.18
[INFO] [stderr]    Compiling openssl-sys v0.9.24
[INFO] [stderr]     Checking tower v0.1.0 (https://github.com/tower-rs/tower#59679934)
[INFO] [stderr]    Compiling backtrace-sys v0.1.16
[INFO] [stderr]    Compiling miniz_oxide_c_api v0.1.2
[INFO] [stderr]    Compiling bzip2-sys v0.1.6
[INFO] [stderr]    Compiling curl-sys v0.4.1
[INFO] [stderr]    Compiling proc-macro2 v0.2.2
[INFO] [stderr]    Compiling unreachable v1.0.0
[INFO] [stderr]    Compiling socket2 v0.3.1
[INFO] [stderr]     Checking num_cpus v1.8.0
[INFO] [stderr]     Checking relay v0.1.0
[INFO] [stderr]     Checking futures-mpsc-lossy v0.3.0 (/opt/rustwide/workdir/proxy/futures-mpsc-lossy)
[INFO] [stderr]    Compiling itertools v0.7.6
[INFO] [stderr]    Compiling petgraph v0.4.11
[INFO] [stdout] warning: use of deprecated associated function `std::sync::atomic::AtomicUsize::compare_and_swap`: Use `compare_exchange` or `compare_exchange_weak` instead
[INFO] [stdout]   --> proxy/futures-mpsc-lossy/src/lib.rs:89:18
[INFO] [stdout]    |
[INFO] [stdout] 89 |                 .compare_and_swap(cap, cap - 1, Ordering::SeqCst);
[INFO] [stdout]    |                  ^^^^^^^^^^^^^^^^
[INFO] [stdout]    |
[INFO] [stdout]    = note: `#[warn(deprecated)]` on by default
[INFO] [stdout] 
[INFO] [stdout] 
[INFO] [stderr]    Compiling codegen v0.1.0 (https://github.com/carllerche/codegen#6d0fea36)
[INFO] [stderr]     Checking base64 v0.9.0
[INFO] [stdout] warning: 1 warning emitted
[INFO] [stdout] 
[INFO] [stdout] 
[INFO] [stderr]    Compiling miniz_oxide v0.1.2
[INFO] [stderr]    Compiling bytes v0.4.6
[INFO] [stderr]    Compiling heck v0.3.0
[INFO] [stdout] warning: use of deprecated associated function `std::sync::atomic::AtomicUsize::compare_and_swap`: Use `compare_exchange` or `compare_exchange_weak` instead
[INFO] [stdout]   --> proxy/futures-mpsc-lossy/src/lib.rs:89:18
[INFO] [stdout]    |
[INFO] [stdout] 89 |                 .compare_and_swap(cap, cap - 1, Ordering::SeqCst);
[INFO] [stdout]    |                  ^^^^^^^^^^^^^^^^
[INFO] [stdout]    |
[INFO] [stdout]    = note: `#[warn(deprecated)]` on by default
[INFO] [stdout] 
[INFO] [stdout] 
[INFO] [stdout] warning: 1 warning emitted
[INFO] [stdout] 
[INFO] [stdout] 
[INFO] [stderr]     Checking tower-ready-service v0.1.0 (https://github.com/tower-rs/tower#59679934)
[INFO] [stderr]     Checking tower-discover v0.1.0 (https://github.com/tower-rs/tower#59679934)
[INFO] [stderr]     Checking tower-buffer v0.1.0 (https://github.com/tower-rs/tower#59679934)
[INFO] [stderr]     Checking tower-reconnect v0.1.0 (https://github.com/tower-rs/tower#59679934)
[INFO] [stderr]    Compiling msdos_time v0.1.5
[INFO] [stderr]     Checking conduit-proxy-router v0.3.0 (/opt/rustwide/workdir/proxy/router)
[INFO] [stderr]    Compiling thread_local v0.3.5
[INFO] [stderr]     Checking num-integer v0.1.36
[INFO] [stderr]     Checking futures-cpupool v0.1.8
[INFO] [stderr]     Checking http v0.1.4
[INFO] [stderr]     Checking prost v0.3.0
[INFO] [stderr]    Compiling crc v1.7.0
[INFO] [stderr]    Compiling quote v0.4.2
[INFO] [stderr]     Checking tower-util v0.1.0 (https://github.com/tower-rs/tower#59679934)
[INFO] [stdout] error[E0034]: multiple applicable items in scope
[INFO] [stdout]     --> /opt/rustwide/cargo-home/registry/src/github.com-1ecc6299db9ec823/petgraph-0.4.11/src/graph_impl/stable_graph/mod.rs:1173:19
[INFO] [stdout]      |
[INFO] [stdout] 1173 |         self.iter.find_map(|(i, node)| {
[INFO] [stdout]      |                   ^^^^^^^^ multiple `find_map` found
[INFO] [stdout]      |
[INFO] [stdout] note: candidate #1 is defined in an impl of the trait `IterUtilsExt` for the type `I`
[INFO] [stdout]     --> /opt/rustwide/cargo-home/registry/src/github.com-1ecc6299db9ec823/petgraph-0.4.11/src/iter_utils.rs:5:5
[INFO] [stdout]      |
[INFO] [stdout] 5    | /     fn find_map<F, R>(&mut self, mut f: F) -> Option<R>
[INFO] [stdout] 6    | |         where F: FnMut(Self::Item) -> Option<R>
[INFO] [stdout]      | |_______________________________________________^
[INFO] [stdout]      = note: candidate #2 is defined in an impl of the trait `Iterator` for the type `Enumerate<I>`
[INFO] [stdout] help: disambiguate the associated function for candidate #1
[INFO] [stdout]      |
[INFO] [stdout] 1173 ~         IterUtilsExt::find_map(&mut self.iter, |(i, node)| {
[INFO] [stdout] 1174 +             node.weight.as_ref().map(move |w| (node_index(i), w))
[INFO] [stdout] 1175 +         })
[INFO] [stdout]      |
[INFO] [stdout] help: disambiguate the associated function for candidate #2
[INFO] [stdout]      |
[INFO] [stdout] 1173 ~         Iterator::find_map(&mut self.iter, |(i, node)| {
[INFO] [stdout] 1174 +             node.weight.as_ref().map(move |w| (node_index(i), w))
[INFO] [stdout] 1175 +         })
[INFO] [stdout]      |
[INFO] [stdout] 
[INFO] [stdout] 
[INFO] [stdout] error[E0034]: multiple applicable items in scope
[INFO] [stdout]     --> /opt/rustwide/cargo-home/registry/src/github.com-1ecc6299db9ec823/petgraph-0.4.11/src/graph_impl/stable_graph/mod.rs:1365:19
[INFO] [stdout]      |
[INFO] [stdout] 1365 |         self.iter.find_map(|(i, edge)|
[INFO] [stdout]      |                   ^^^^^^^^ multiple `find_map` found
[INFO] [stdout]      |
[INFO] [stdout] note: candidate #1 is defined in an impl of the trait `IterUtilsExt` for the type `I`
[INFO] [stdout]     --> /opt/rustwide/cargo-home/registry/src/github.com-1ecc6299db9ec823/petgraph-0.4.11/src/iter_utils.rs:5:5
[INFO] [stdout]      |
[INFO] [stdout] 5    | /     fn find_map<F, R>(&mut self, mut f: F) -> Option<R>
[INFO] [stdout] 6    | |         where F: FnMut(Self::Item) -> Option<R>
[INFO] [stdout]      | |_______________________________________________^
[INFO] [stdout]      = note: candidate #2 is defined in an impl of the trait `Iterator` for the type `Enumerate<I>`
[INFO] [stdout] help: disambiguate the associated function for candidate #1
[INFO] [stdout]      |
[INFO] [stdout] 1365 ~         IterUtilsExt::find_map(&mut self.iter, |(i, edge)|
[INFO] [stdout] 1366 +             edge.weight.as_ref().map(move |weight| {
[INFO] [stdout] 1367 +                 EdgeReference {
[INFO] [stdout] 1368 +                     index: edge_index(i),
[INFO] [stdout] 1369 +                     node: edge.node,
[INFO] [stdout] 1370 +                     weight: weight,
[INFO] [stdout]    ...
[INFO] [stdout] help: disambiguate the associated function for candidate #2
[INFO] [stdout]      |
[INFO] [stdout] 1365 ~         Iterator::find_map(&mut self.iter, |(i, edge)|
[INFO] [stdout] 1366 +             edge.weight.as_ref().map(move |weight| {
[INFO] [stdout] 1367 +                 EdgeReference {
[INFO] [stdout] 1368 +                     index: edge_index(i),
[INFO] [stdout] 1369 +                     node: edge.node,
[INFO] [stdout] 1370 +                     weight: weight,
[INFO] [stdout]    ...
[INFO] [stdout] 
[INFO] [stdout] 
[INFO] [stdout] error[E0034]: multiple applicable items in scope
[INFO] [stdout]     --> /opt/rustwide/cargo-home/registry/src/github.com-1ecc6299db9ec823/petgraph-0.4.11/src/graph_impl/stable_graph/mod.rs:1529:19
[INFO] [stdout]      |
[INFO] [stdout] 1529 |         self.iter.find_map(|(i, node)| {
[INFO] [stdout]      |                   ^^^^^^^^ multiple `find_map` found
[INFO] [stdout]      |
[INFO] [stdout] note: candidate #1 is defined in an impl of the trait `IterUtilsExt` for the type `I`
[INFO] [stdout]     --> /opt/rustwide/cargo-home/registry/src/github.com-1ecc6299db9ec823/petgraph-0.4.11/src/iter_utils.rs:5:5
[INFO] [stdout]      |
[INFO] [stdout] 5    | /     fn find_map<F, R>(&mut self, mut f: F) -> Option<R>
[INFO] [stdout] 6    | |         where F: FnMut(Self::Item) -> Option<R>
[INFO] [stdout]      | |_______________________________________________^
[INFO] [stdout]      = note: candidate #2 is defined in an impl of the trait `Iterator` for the type `Enumerate<I>`
[INFO] [stdout] help: disambiguate the associated function for candidate #1
[INFO] [stdout]      |
[INFO] [stdout] 1529 ~         IterUtilsExt::find_map(&mut self.iter, |(i, node)| {
[INFO] [stdout] 1530 +             if node.weight.is_some() {
[INFO] [stdout] 1531 +                 Some(node_index(i))
[INFO] [stdout] 1532 +             } else { None }
[INFO] [stdout] 1533 +         })
[INFO] [stdout]      |
[INFO] [stdout] help: disambiguate the associated function for candidate #2
[INFO] [stdout]      |
[INFO] [stdout] 1529 ~         Iterator::find_map(&mut self.iter, |(i, node)| {
[INFO] [stdout] 1530 +             if node.weight.is_some() {
[INFO] [stdout] 1531 +                 Some(node_index(i))
[INFO] [stdout] 1532 +             } else { None }
[INFO] [stdout] 1533 +         })
[INFO] [stdout]      |
[INFO] [stdout] 
[INFO] [stdout] 
[INFO] [stdout] error[E0034]: multiple applicable items in scope
[INFO] [stdout]     --> /opt/rustwide/cargo-home/registry/src/github.com-1ecc6299db9ec823/petgraph-0.4.11/src/graph_impl/stable_graph/mod.rs:1575:19
[INFO] [stdout]      |
[INFO] [stdout] 1575 |         self.iter.find_map(|(i, node)| {
[INFO] [stdout]      |                   ^^^^^^^^ multiple `find_map` found
[INFO] [stdout]      |
[INFO] [stdout] note: candidate #1 is defined in an impl of the trait `IterUtilsExt` for the type `I`
[INFO] [stdout]     --> /opt/rustwide/cargo-home/registry/src/github.com-1ecc6299db9ec823/petgraph-0.4.11/src/iter_utils.rs:5:5
[INFO] [stdout]      |
[INFO] [stdout] 5    | /     fn find_map<F, R>(&mut self, mut f: F) -> Option<R>
[INFO] [stdout] 6    | |         where F: FnMut(Self::Item) -> Option<R>
[INFO] [stdout]      | |_______________________________________________^
[INFO] [stdout]      = note: candidate #2 is defined in an impl of the trait `Iterator` for the type `Enumerate<I>`
[INFO] [stdout] help: disambiguate the associated function for candidate #1
[INFO] [stdout]      |
[INFO] [stdout] 1575 ~         IterUtilsExt::find_map(&mut self.iter, |(i, node)| {
[INFO] [stdout] 1576 +             if node.weight.is_some() {
[INFO] [stdout] 1577 +                 Some(edge_index(i))
[INFO] [stdout] 1578 +             } else { None }
[INFO] [stdout] 1579 +         })
[INFO] [stdout]      |
[INFO] [stdout] help: disambiguate the associated function for candidate #2
[INFO] [stdout]      |
[INFO] [stdout] 1575 ~         Iterator::find_map(&mut self.iter, |(i, node)| {
[INFO] [stdout] 1576 +             if node.weight.is_some() {
[INFO] [stdout] 1577 +                 Some(edge_index(i))
[INFO] [stdout] 1578 +             } else { None }
[INFO] [stdout] 1579 +         })
[INFO] [stdout]      |
[INFO] [stdout] 
[INFO] [stdout] 
[INFO] [stderr]     Checking tower-in-flight-limit v0.1.0 (https://github.com/tower-rs/tower#59679934)
[INFO] [stderr]     Checking quickcheck v0.6.0
[INFO] [stderr]     Checking abstract-ns v0.4.3
[INFO] [stderr]     Checking tower-balance v0.1.0 (https://github.com/tower-rs/tower#59679934)
[INFO] [stderr] error: failed to run custom build command for `openssl-sys v0.9.24`
[INFO] [stderr] 
[INFO] [stderr] Caused by:
[INFO] [stderr]   process didn't exit successfully: `/opt/rustwide/target/debug/build/openssl-sys-513bd3c48c2acead/build-script-build` (exit status: 101)
[INFO] [stderr]   --- stdout
[INFO] [stderr]   cargo:rerun-if-env-changed=X86_64_UNKNOWN_LINUX_GNU_OPENSSL_LIB_DIR
[INFO] [stderr]   cargo:rerun-if-env-changed=OPENSSL_LIB_DIR
[INFO] [stderr]   cargo:rerun-if-env-changed=X86_64_UNKNOWN_LINUX_GNU_OPENSSL_INCLUDE_DIR
[INFO] [stderr]   cargo:rerun-if-env-changed=OPENSSL_INCLUDE_DIR
[INFO] [stderr]   cargo:rerun-if-env-changed=X86_64_UNKNOWN_LINUX_GNU_OPENSSL_DIR
[INFO] [stderr]   cargo:rerun-if-env-changed=OPENSSL_DIR
[INFO] [stderr]   cargo:rustc-link-lib=ssl
[INFO] [stderr]   cargo:rustc-link-lib=crypto
[INFO] [stderr]   OPT_LEVEL = Some("0")
[INFO] [stderr]   TARGET = Some("x86_64-unknown-linux-gnu")
[INFO] [stderr]   HOST = Some("x86_64-unknown-linux-gnu")
[INFO] [stderr]   TARGET = Some("x86_64-unknown-linux-gnu")
[INFO] [stderr]   TARGET = Some("x86_64-unknown-linux-gnu")
[INFO] [stderr]   HOST = Some("x86_64-unknown-linux-gnu")
[INFO] [stderr]   CC_x86_64-unknown-linux-gnu = None
[INFO] [stderr]   CC_x86_64_unknown_linux_gnu = None
[INFO] [stderr]   HOST_CC = None
[INFO] [stderr]   CC = None
[INFO] [stderr]   HOST = Some("x86_64-unknown-linux-gnu")
[INFO] [stderr]   TARGET = Some("x86_64-unknown-linux-gnu")
[INFO] [stderr]   HOST = Some("x86_64-unknown-linux-gnu")
[INFO] [stderr]   CFLAGS_x86_64-unknown-linux-gnu = None
[INFO] [stderr]   CFLAGS_x86_64_unknown_linux_gnu = None
[INFO] [stderr]   HOST_CFLAGS = None
[INFO] [stderr]   CFLAGS = None
[INFO] [stderr]   DEBUG = Some("true")
[INFO] [stderr]   running: "cc" "-O0" "-ffunction-sections" "-fdata-sections" "-fPIC" "-g" "-m64" "-Wall" "-Wextra" "-E" "/opt/rustwide/target/debug/build/openssl-sys-3d6e994ac4e79aec/out/expando.c"
[INFO] [stderr]   exit status: 0
[INFO] [stderr]   cargo:rustc-cfg=osslconf="OPENSSL_NO_SSL3_METHOD"
[INFO] [stderr]   cargo:conf=OPENSSL_NO_SSL3_METHOD
[INFO] [stderr] 
[INFO] [stderr]   --- stderr
[INFO] [stderr]   thread 'main' panicked at '
[INFO] [stderr] 
[INFO] [stderr]   This crate is only compatible with OpenSSL 1.0.1, 1.0.2, and 1.1.0, or LibreSSL
[INFO] [stderr]   2.5 and 2.6.0, but a different version of OpenSSL was found. The build is now
[INFO] [stderr]   aborting due to this version mismatch.
[INFO] [stderr] 
[INFO] [stderr]   ', /opt/rustwide/cargo-home/registry/src/github.com-1ecc6299db9ec823/openssl-sys-0.9.24/build.rs:486:9
[INFO] [stderr]   stack backtrace:
[INFO] [stderr]      0:     0x5626d81e989c - std::backtrace_rs::backtrace::libunwind::trace::h51faa62df48810e4
[INFO] [stderr]                                  at /rustc/58268ff091703ace98c3c2a8c5f2fb2c3aecace2/library/std/src/../../backtrace/src/backtrace/libunwind.rs:90:5
[INFO] [stderr]      1:     0x5626d81e989c - std::backtrace_rs::backtrace::trace_unsynchronized::h91de4d8e16d607e4
[INFO] [stderr]                                  at /rustc/58268ff091703ace98c3c2a8c5f2fb2c3aecace2/library/std/src/../../backtrace/src/backtrace/mod.rs:66:5
[INFO] [stderr]      2:     0x5626d81e989c - std::sys_common::backtrace::_print_fmt::h71b0935f97e4322c
[INFO] [stderr]                                  at /rustc/58268ff091703ace98c3c2a8c5f2fb2c3aecace2/library/std/src/sys_common/backtrace.rs:67:5
[INFO] [stderr]      3:     0x5626d81e989c - <std::sys_common::backtrace::_print::DisplayBacktrace as core::fmt::Display>::fmt::h9a78218788c14e18
[INFO] [stderr]                                  at /rustc/58268ff091703ace98c3c2a8c5f2fb2c3aecace2/library/std/src/sys_common/backtrace.rs:46:22
[INFO] [stderr]      4:     0x5626d82095bc - core::fmt::write::h3381b3176fe2b3d3
[INFO] [stderr]                                  at /rustc/58268ff091703ace98c3c2a8c5f2fb2c3aecace2/library/core/src/fmt/mod.rs:1150:17
[INFO] [stderr]      5:     0x5626d81e6795 - std::io::Write::write_fmt::h1d5220480c7a2437
[INFO] [stderr]                                  at /rustc/58268ff091703ace98c3c2a8c5f2fb2c3aecace2/library/std/src/io/mod.rs:1667:15
[INFO] [stderr]      6:     0x5626d81eb330 - std::sys_common::backtrace::_print::h4b77abc4d907ed0e
[INFO] [stderr]                                  at /rustc/58268ff091703ace98c3c2a8c5f2fb2c3aecace2/library/std/src/sys_common/backtrace.rs:49:5
[INFO] [stderr]      7:     0x5626d81eb330 - std::sys_common::backtrace::print::hb170c60b542377ad
[INFO] [stderr]                                  at /rustc/58268ff091703ace98c3c2a8c5f2fb2c3aecace2/library/std/src/sys_common/backtrace.rs:36:9
[INFO] [stderr]      8:     0x5626d81eb330 - std::panicking::default_hook::{{closure}}::h12bbda9af8901ee3
[INFO] [stderr]                                  at /rustc/58268ff091703ace98c3c2a8c5f2fb2c3aecace2/library/std/src/panicking.rs:210:50
[INFO] [stderr]      9:     0x5626d81eaee7 - std::panicking::default_hook::h8c6c66d3f3ba6768
[INFO] [stderr]                                  at /rustc/58268ff091703ace98c3c2a8c5f2fb2c3aecace2/library/std/src/panicking.rs:227:9
[INFO] [stderr]     10:     0x5626d81eb9e4 - std::panicking::rust_panic_with_hook::h36f2fa0bb09f4069
[INFO] [stderr]                                  at /rustc/58268ff091703ace98c3c2a8c5f2fb2c3aecace2/library/std/src/panicking.rs:624:17
[INFO] [stderr]     11:     0x5626d81af7e2 - std::panicking::begin_panic::{{closure}}::h85913560905072ab
[INFO] [stderr]                                  at /rustc/58268ff091703ace98c3c2a8c5f2fb2c3aecace2/library/std/src/panicking.rs:544:9
[INFO] [stderr]     12:     0x5626d81af629 - std::sys_common::backtrace::__rust_end_short_backtrace::hed08844cbd653dc6
[INFO] [stderr]                                  at /rustc/58268ff091703ace98c3c2a8c5f2fb2c3aecace2/library/std/src/sys_common/backtrace.rs:141:18
[INFO] [stderr]     13:     0x5626d81af723 - std::panicking::begin_panic::h360379132c24168e
[INFO] [stderr]                                  at /rustc/58268ff091703ace98c3c2a8c5f2fb2c3aecace2/library/std/src/panicking.rs:543:12
[INFO] [stderr]     14:     0x5626d816fbc0 - build_script_build::validate_headers::h5af5f5118eee8d2e
[INFO] [stderr]                                  at /opt/rustwide/cargo-home/registry/src/github.com-1ecc6299db9ec823/openssl-sys-0.9.24/build.rs:486:9
[INFO] [stderr]     15:     0x5626d816dcd4 - build_script_build::try_pkg_config::h62e6e6a8e81a04d2
[INFO] [stderr]                                  at /opt/rustwide/cargo-home/registry/src/github.com-1ecc6299db9ec823/openssl-sys-0.9.24/build.rs:241:5
[INFO] [stderr]     16:     0x5626d816ccbf - build_script_build::find_openssl_dir::ha42a85efe5e5aadf
[INFO] [stderr]                                  at /opt/rustwide/cargo-home/registry/src/github.com-1ecc6299db9ec823/openssl-sys-0.9.24/build.rs:123:5
[INFO] [stderr]     17:     0x5626d816cab3 - build_script_build::main::{{closure}}::h1afed19a4a17fa3a
[INFO] [stderr]                                  at /opt/rustwide/cargo-home/registry/src/github.com-1ecc6299db9ec823/openssl-sys-0.9.24/build.rs:59:64
[INFO] [stderr]     18:     0x5626d817132d - core::option::Option<T>::unwrap_or_else::h8cbb1b87cc415e8b
[INFO] [stderr]                                  at /rustc/58268ff091703ace98c3c2a8c5f2fb2c3aecace2/library/core/src/option.rs:776:21
[INFO] [stderr]     19:     0x5626d816ba36 - build_script_build::main::hf6da1c6ebeaeefe1
[INFO] [stderr]                                  at /opt/rustwide/cargo-home/registry/src/github.com-1ecc6299db9ec823/openssl-sys-0.9.24/build.rs:59:27
[INFO] [stderr]     20:     0x5626d81739db - core::ops::function::FnOnce::call_once::h3ac397c81c2adbec
[INFO] [stderr]                                  at /rustc/58268ff091703ace98c3c2a8c5f2fb2c3aecace2/library/core/src/ops/function.rs:227:5
[INFO] [stderr]     21:     0x5626d81754ee - std::sys_common::backtrace::__rust_begin_short_backtrace::h01b6c2d78ba5fec8
[INFO] [stderr]                                  at /rustc/58268ff091703ace98c3c2a8c5f2fb2c3aecace2/library/std/src/sys_common/backtrace.rs:125:18
[INFO] [stderr]     22:     0x5626d8175581 - std::rt::lang_start::{{closure}}::hfc8c741dea4eae1e
[INFO] [stderr]                                  at /rustc/58268ff091703ace98c3c2a8c5f2fb2c3aecace2/library/std/src/rt.rs:63:18
[INFO] [stderr]     23:     0x5626d81ebeea - core::ops::function::impls::<impl core::ops::function::FnOnce<A> for &F>::call_once::hc590b210ed55e22f
[INFO] [stderr]                                  at /rustc/58268ff091703ace98c3c2a8c5f2fb2c3aecace2/library/core/src/ops/function.rs:259:13
[INFO] [stderr]     24:     0x5626d81ebeea - std::panicking::try::do_call::h5f0600b7a33ea1af
[INFO] [stderr]                                  at /rustc/58268ff091703ace98c3c2a8c5f2fb2c3aecace2/library/std/src/panicking.rs:403:40
[INFO] [stderr]     25:     0x5626d81ebeea - std::panicking::try::he15826df0f376a33
[INFO] [stderr]                                  at /rustc/58268ff091703ace98c3c2a8c5f2fb2c3aecace2/library/std/src/panicking.rs:367:19
[INFO] [stderr]     26:     0x5626d81ebeea - std::panic::catch_unwind::hd8af3a578b6b4c86
[INFO] [stderr]                                  at /rustc/58268ff091703ace98c3c2a8c5f2fb2c3aecace2/library/std/src/panic.rs:129:14
[INFO] [stderr]     27:     0x5626d81ebeea - std::rt::lang_start_internal::{{closure}}::h301d1329324ae1f0
[INFO] [stderr]                                  at /rustc/58268ff091703ace98c3c2a8c5f2fb2c3aecace2/library/std/src/rt.rs:45:48
[INFO] [stderr]     28:     0x5626d81ebeea - std::panicking::try::do_call::h941e8fdb0bd03655
[INFO] [stderr]                                  at /rustc/58268ff091703ace98c3c2a8c5f2fb2c3aecace2/library/std/src/panicking.rs:403:40
[INFO] [stderr]     29:     0x5626d81ebeea - std::panicking::try::ha20a77bf65530f63
[INFO] [stderr]                                  at /rustc/58268ff091703ace98c3c2a8c5f2fb2c3aecace2/library/std/src/panicking.rs:367:19
[INFO] [stderr]     30:     0x5626d81ebeea - std::panic::catch_unwind::h33afc061cc69ef90
[INFO] [stderr]                                  at /rustc/58268ff091703ace98c3c2a8c5f2fb2c3aecace2/library/std/src/panic.rs:129:14
[INFO] [stderr]     31:     0x5626d81ebeea - std::rt::lang_start_internal::hc05c244593147106
[INFO] [stderr]                                  at /rustc/58268ff091703ace98c3c2a8c5f2fb2c3aecace2/library/std/src/rt.rs:45:20
[INFO] [stderr]     32:     0x5626d8175550 - std::rt::lang_start::h4f1563feec9a0d7d
[INFO] [stderr]                                  at /rustc/58268ff091703ace98c3c2a8c5f2fb2c3aecace2/library/std/src/rt.rs:62:5
[INFO] [stderr]     33:     0x5626d8170a8c - main
[INFO] [stderr]     34:     0x7f83042170b3 - __libc_start_main
[INFO] [stderr]     35:     0x5626d8167a0e - _start
[INFO] [stderr]     36:                0x0 - <unknown>
[INFO] [stderr] warning: build failed, waiting for other jobs to finish...
[INFO] [stdout] error: aborting due to 4 previous errors
[INFO] [stdout] 
[INFO] [stdout] 
[INFO] [stdout] For more information about this error, try `rustc --explain E0034`.
[INFO] [stdout] 
[INFO] [stderr] error: build failed
[INFO] running `Command { std: "docker" "inspect" "4aafee52bd0226759fe9393cef9316d53de12f40295e6c5c26fb9f0b2e87311e", kill_on_drop: false }`
[INFO] running `Command { std: "docker" "rm" "-f" "4aafee52bd0226759fe9393cef9316d53de12f40295e6c5c26fb9f0b2e87311e", kill_on_drop: false }`
[INFO] [stdout] 4aafee52bd0226759fe9393cef9316d53de12f40295e6c5c26fb9f0b2e87311e
