[INFO] cloning repository https://github.com/cglosser/dalbozz
[INFO] running `Command { std: "git" "-c" "credential.helper=" "-c" "credential.helper=/workspace/cargo-home/bin/git-credential-null" "clone" "--bare" "https://github.com/cglosser/dalbozz" "/workspace/cache/git-repos/https%3A%2F%2Fgithub.com%2Fcglosser%2Fdalbozz", kill_on_drop: false }`
[INFO] [stderr] Cloning into bare repository '/workspace/cache/git-repos/https%3A%2F%2Fgithub.com%2Fcglosser%2Fdalbozz'...
[INFO] running `Command { std: "git" "rev-parse" "HEAD", kill_on_drop: false }`
[INFO] [stdout] ad7400084aa5b1937867bf6146f995b6b32012b6
[INFO] checking cglosser/dalbozz against beta-2021-10-15 for beta-1.56-3
[INFO] running `Command { std: "git" "clone" "/workspace/cache/git-repos/https%3A%2F%2Fgithub.com%2Fcglosser%2Fdalbozz" "/workspace/builds/worker-5/source", kill_on_drop: false }`
[INFO] [stderr] Cloning into '/workspace/builds/worker-5/source'...
[INFO] [stderr] done.
[INFO] validating manifest of git repo https://github.com/cglosser/dalbozz on toolchain beta-2021-10-15
[INFO] running `Command { std: "/workspace/cargo-home/bin/cargo" "+beta-2021-10-15" "metadata" "--manifest-path" "Cargo.toml" "--no-deps", kill_on_drop: false }`
[INFO] started tweaking git repo https://github.com/cglosser/dalbozz
[INFO] finished tweaking git repo https://github.com/cglosser/dalbozz
[INFO] tweaked toml for git repo https://github.com/cglosser/dalbozz written to /workspace/builds/worker-5/source/Cargo.toml
[INFO] running `Command { std: "/workspace/cargo-home/bin/cargo" "+beta-2021-10-15" "generate-lockfile" "--manifest-path" "Cargo.toml" "-Zno-index-update", kill_on_drop: false }`
[INFO] running `Command { std: "/workspace/cargo-home/bin/cargo" "+beta-2021-10-15" "fetch" "--manifest-path" "Cargo.toml", kill_on_drop: false }`
[INFO] [stderr]  Downloading crates ...
[INFO] [stderr]   Downloaded serenity v0.10.9
[INFO] running `Command { std: "docker" "create" "-v" "/var/lib/crater-agent-workspace/builds/worker-5/target:/opt/rustwide/target:rw,Z" "-v" "/var/lib/crater-agent-workspace/builds/worker-5/source:/opt/rustwide/workdir:ro,Z" "-v" "/var/lib/crater-agent-workspace/cargo-home:/opt/rustwide/cargo-home:ro,Z" "-v" "/var/lib/crater-agent-workspace/rustup-home:/opt/rustwide/rustup-home:ro,Z" "-e" "SOURCE_DIR=/opt/rustwide/workdir" "-e" "CARGO_TARGET_DIR=/opt/rustwide/target" "-e" "CARGO_HOME=/opt/rustwide/cargo-home" "-e" "RUSTUP_HOME=/opt/rustwide/rustup-home" "-w" "/opt/rustwide/workdir" "-m" "1610612736" "--user" "0:0" "--network" "none" "ghcr.io/rust-lang/crates-build-env/linux@sha256:a89201d6b5b9fd45c15d5952ece0a0129e7e80cb26ec023fd59cf09bc26f1604" "/opt/rustwide/cargo-home/bin/cargo" "+beta-2021-10-15" "metadata" "--no-deps" "--format-version=1", kill_on_drop: false }`
[INFO] [stderr] WARNING: Your kernel does not support swap limit capabilities or the cgroup is not mounted. Memory limited without swap.
[INFO] [stdout] fcc14c5ee41536abab6ee9fe60e66a3714e757ba20e6c05544fee9319e4d7e6f
[INFO] running `Command { std: "docker" "start" "-a" "fcc14c5ee41536abab6ee9fe60e66a3714e757ba20e6c05544fee9319e4d7e6f", kill_on_drop: false }`
[INFO] running `Command { std: "docker" "inspect" "fcc14c5ee41536abab6ee9fe60e66a3714e757ba20e6c05544fee9319e4d7e6f", kill_on_drop: false }`
[INFO] running `Command { std: "docker" "rm" "-f" "fcc14c5ee41536abab6ee9fe60e66a3714e757ba20e6c05544fee9319e4d7e6f", kill_on_drop: false }`
[INFO] [stdout] fcc14c5ee41536abab6ee9fe60e66a3714e757ba20e6c05544fee9319e4d7e6f
[INFO] running `Command { std: "docker" "create" "-v" "/var/lib/crater-agent-workspace/builds/worker-5/target:/opt/rustwide/target:rw,Z" "-v" "/var/lib/crater-agent-workspace/builds/worker-5/source:/opt/rustwide/workdir:ro,Z" "-v" "/var/lib/crater-agent-workspace/cargo-home:/opt/rustwide/cargo-home:ro,Z" "-v" "/var/lib/crater-agent-workspace/rustup-home:/opt/rustwide/rustup-home:ro,Z" "-e" "SOURCE_DIR=/opt/rustwide/workdir" "-e" "CARGO_TARGET_DIR=/opt/rustwide/target" "-e" "CARGO_INCREMENTAL=0" "-e" "RUST_BACKTRACE=full" "-e" "RUSTFLAGS=--cap-lints=warn" "-e" "CARGO_HOME=/opt/rustwide/cargo-home" "-e" "RUSTUP_HOME=/opt/rustwide/rustup-home" "-w" "/opt/rustwide/workdir" "-m" "1610612736" "--user" "0:0" "--network" "none" "ghcr.io/rust-lang/crates-build-env/linux@sha256:a89201d6b5b9fd45c15d5952ece0a0129e7e80cb26ec023fd59cf09bc26f1604" "/opt/rustwide/cargo-home/bin/cargo" "+beta-2021-10-15" "check" "--frozen" "--all" "--all-targets" "--message-format=json", kill_on_drop: false }`
[INFO] [stdout] 88339a48488321d15d8f625162e654ebfe234f0e78175e94e58d80b16808d9de
[INFO] [stderr] WARNING: Your kernel does not support swap limit capabilities or the cgroup is not mounted. Memory limited without swap.
[INFO] running `Command { std: "docker" "start" "-a" "88339a48488321d15d8f625162e654ebfe234f0e78175e94e58d80b16808d9de", kill_on_drop: false }`
[INFO] [stderr]    Compiling serenity v0.10.9
[INFO] [stderr]    Compiling tokio v1.12.0
[INFO] [stderr]     Checking itertools v0.10.1
[INFO] [stderr]     Checking mio v0.7.14
[INFO] [stderr]     Checking getrandom v0.1.16
[INFO] [stderr]     Checking socket2 v0.4.2
[INFO] [stderr]     Checking time v0.1.43
[INFO] [stderr]     Checking ring v0.16.20
[INFO] [stderr]     Checking openssl-sys v0.9.67
[INFO] [stderr]     Checking flate2 v1.0.22
[INFO] [stderr]     Checking rand_core v0.5.1
[INFO] [stderr]     Checking chrono v0.4.19
[INFO] [stderr]     Checking rand_chacha v0.2.2
[INFO] [stderr]     Checking openssl v0.10.36
[INFO] [stderr]     Checking rand v0.7.3
[INFO] [stderr]     Checking webpki v0.21.4
[INFO] [stderr]     Checking sct v0.6.1
[INFO] [stderr]     Checking rustls v0.19.1
[INFO] [stderr]     Checking webpki-roots v0.20.0
[INFO] [stderr]     Checking webpki-roots v0.21.1
[INFO] [stderr]     Checking tungstenite v0.11.1
[INFO] [stderr]     Checking native-tls v0.2.8
[INFO] [stderr]     Checking tokio-util v0.6.8
[INFO] [stderr]     Checking tokio-rustls v0.22.0
[INFO] [stderr]     Checking tokio-native-tls v0.3.0
[INFO] [stderr]     Checking async-tungstenite v0.11.0
[INFO] [stderr]     Checking h2 v0.3.6
[INFO] [stderr]     Checking hyper v0.14.13
[INFO] [stderr]     Checking hyper-tls v0.5.0
[INFO] [stderr]     Checking hyper-rustls v0.22.1
[INFO] [stderr]     Checking reqwest v0.11.5
[INFO] [stderr]     Checking dalboz v0.1.0 (/opt/rustwide/workdir)
[INFO] [stdout] error[E0615]: attempted to take value of method `id` on type `&serenity::model::interactions::Interaction`
[INFO] [stdout]   --> src/slash_commands.rs:41:17
[INFO] [stdout]    |
[INFO] [stdout] 41 |         command.id, command.token
[INFO] [stdout]    |                 ^^ method, not a field
[INFO] [stdout]    |
[INFO] [stdout] help: use parentheses to call the method
[INFO] [stdout]    |
[INFO] [stdout] 41 |         command.id(), command.token
[INFO] [stdout]    |                   ++
[INFO] [stdout] 
[INFO] [stdout] 
[INFO] [stdout] error[E0615]: attempted to take value of method `token` on type `&serenity::model::interactions::Interaction`
[INFO] [stdout]   --> src/slash_commands.rs:41:29
[INFO] [stdout]    |
[INFO] [stdout] 41 |         command.id, command.token
[INFO] [stdout]    |                             ^^^^^ method, not a field
[INFO] [stdout]    |
[INFO] [stdout] help: use parentheses to call the method
[INFO] [stdout]    |
[INFO] [stdout] 41 |         command.id, command.token()
[INFO] [stdout]    |                                  ++
[INFO] [stdout] 
[INFO] [stdout] 
[INFO] [stdout] error[E0615]: attempted to take value of method `id` on type `&serenity::model::interactions::Interaction`
[INFO] [stdout]   --> src/slash_commands.rs:41:17
[INFO] [stdout]    |
[INFO] [stdout] 41 |         command.id, command.token
[INFO] [stdout]    |                 ^^ method, not a field
[INFO] [stdout]    |
[INFO] [stdout] help: use parentheses to call the method
[INFO] [stdout]    |
[INFO] [stdout] 41 |         command.id(), command.token
[INFO] [stdout]    |                   ++
[INFO] [stdout] 
[INFO] [stdout] 
[INFO] [stdout] error[E0615]: attempted to take value of method `token` on type `&serenity::model::interactions::Interaction`
[INFO] [stdout]   --> src/slash_commands.rs:41:29
[INFO] [stdout]    |
[INFO] [stdout] 41 |         command.id, command.token
[INFO] [stdout]    |                             ^^^^^ method, not a field
[INFO] [stdout]    |
[INFO] [stdout] help: use parentheses to call the method
[INFO] [stdout]    |
[INFO] [stdout] 41 |         command.id, command.token()
[INFO] [stdout]    |                                  ++
[INFO] [stdout] 
[INFO] [stdout] 
[INFO] [stdout] warning: an associated function with this name may be added to the standard library in the future
[INFO] [stdout]    --> src/polls.rs:149:14
[INFO] [stdout]     |
[INFO] [stdout] 149 |             .intersperse("\n".to_string())
[INFO] [stdout]     |              ^^^^^^^^^^^
[INFO] [stdout]     |
[INFO] [stdout]     = note: `#[warn(unstable_name_collisions)]` on by default
[INFO] [stdout]     = warning: once this associated item is added to the standard library, the ambiguity may cause an error or change in behavior!
[INFO] [stdout]     = note: for more information, see issue #48919 <https://github.com/rust-lang/rust/issues/48919>
[INFO] [stdout]     = help: call with fully qualified syntax `itertools::Itertools::intersperse(...)` to keep using the current method
[INFO] [stdout] 
[INFO] [stdout] 
[INFO] [stdout] warning: an associated function with this name may be added to the standard library in the future
[INFO] [stdout]    --> src/polls.rs:149:14
[INFO] [stdout]     |
[INFO] [stdout] 149 |             .intersperse("\n".to_string())
[INFO] [stdout]     |              ^^^^^^^^^^^
[INFO] [stdout]     |
[INFO] [stdout]     = note: `#[warn(unstable_name_collisions)]` on by default
[INFO] [stdout]     = warning: once this associated item is added to the standard library, the ambiguity may cause an error or change in behavior!
[INFO] [stdout]     = note: for more information, see issue #48919 <https://github.com/rust-lang/rust/issues/48919>
[INFO] [stdout]     = help: call with fully qualified syntax `itertools::Itertools::intersperse(...)` to keep using the current method
[INFO] [stdout] 
[INFO] [stdout] 
[INFO] [stdout] error[E0609]: no field `data` on type `serenity::model::interactions::Interaction`
[INFO] [stdout]   --> src/main.rs:81:20
[INFO] [stdout]    |
[INFO] [stdout] 81 |         if command.data.as_ref().map(|d| &d.name) == Some(&"lfg".to_string()) {
[INFO] [stdout]    |                    ^^^^
[INFO] [stdout] 
[INFO] [stdout] 
[INFO] [stdout] error[E0609]: no field `data` on type `serenity::model::interactions::Interaction`
[INFO] [stdout]   --> src/main.rs:81:20
[INFO] [stdout]    |
[INFO] [stdout] 81 |         if command.data.as_ref().map(|d| &d.name) == Some(&"lfg".to_string()) {
[INFO] [stdout]    |                    ^^^^
[INFO] [stdout] 
[INFO] [stdout] 
[INFO] [stdout] error[E0609]: no field `member` on type `serenity::model::interactions::Interaction`
[INFO] [stdout]   --> src/main.rs:85:36
[INFO] [stdout]    |
[INFO] [stdout] 85 |                 .start_new(command.member.user, command.channel_id)
[INFO] [stdout]    |                                    ^^^^^^
[INFO] [stdout] 
[INFO] [stdout] 
[INFO] [stdout] error[E0609]: no field `member` on type `serenity::model::interactions::Interaction`
[INFO] [stdout]   --> src/main.rs:85:36
[INFO] [stdout]    |
[INFO] [stdout] 85 |                 .start_new(command.member.user, command.channel_id)
[INFO] [stdout]    |                                    ^^^^^^
[INFO] [stdout] 
[INFO] [stdout] 
[INFO] [stdout] error[E0609]: no field `channel_id` on type `serenity::model::interactions::Interaction`
[INFO] [stdout]   --> src/main.rs:85:57
[INFO] [stdout]    |
[INFO] [stdout] 85 |                 .start_new(command.member.user, command.channel_id)
[INFO] [stdout]    |                                                         ^^^^^^^^^^
[INFO] [stdout] 
[INFO] [stdout] 
[INFO] [stdout] error[E0609]: no field `channel_id` on type `serenity::model::interactions::Interaction`
[INFO] [stdout]   --> src/main.rs:85:57
[INFO] [stdout]    |
[INFO] [stdout] 85 |                 .start_new(command.member.user, command.channel_id)
[INFO] [stdout]    |                                                         ^^^^^^^^^^
[INFO] [stdout] 
[INFO] [stdout] 
[INFO] [stdout] error: aborting due to 5 previous errors; 1 warning emitted
[INFO] [stdout] 
[INFO] [stdout] 
[INFO] [stdout] Some errors have detailed explanations: E0609, E0615.
[INFO] [stdout] 
[INFO] [stdout] For more information about an error, try `rustc --explain E0609`.
[INFO] [stdout] 
[INFO] [stderr] error: could not compile `dalboz` due to 6 previous errors; 1 warning emitted
[INFO] [stderr] warning: build failed, waiting for other jobs to finish...
[INFO] [stdout] error: aborting due to 5 previous errors; 1 warning emitted
[INFO] [stdout] 
[INFO] [stdout] 
[INFO] [stdout] Some errors have detailed explanations: E0609, E0615.
[INFO] [stdout] 
[INFO] [stdout] For more information about an error, try `rustc --explain E0609`.
[INFO] [stdout] 
[INFO] [stderr] error: build failed
[INFO] running `Command { std: "docker" "inspect" "88339a48488321d15d8f625162e654ebfe234f0e78175e94e58d80b16808d9de", kill_on_drop: false }`
[INFO] running `Command { std: "docker" "rm" "-f" "88339a48488321d15d8f625162e654ebfe234f0e78175e94e58d80b16808d9de", kill_on_drop: false }`
[INFO] [stdout] 88339a48488321d15d8f625162e654ebfe234f0e78175e94e58d80b16808d9de
