[INFO] cloning repository https://github.com/cedric-h/rpg
[INFO] running `Command { std: "git" "-c" "credential.helper=" "-c" "credential.helper=/workspace/cargo-home/bin/git-credential-null" "clone" "--bare" "https://github.com/cedric-h/rpg" "/workspace/cache/git-repos/https%3A%2F%2Fgithub.com%2Fcedric-h%2Frpg", kill_on_drop: false }`
[INFO] [stderr] Cloning into bare repository '/workspace/cache/git-repos/https%3A%2F%2Fgithub.com%2Fcedric-h%2Frpg'...
[INFO] running `Command { std: "git" "rev-parse" "HEAD", kill_on_drop: false }`
[INFO] [stdout] 21cb1069bce3fb66ce9f1a5ea6180ff79629fbfe
[INFO] checking cedric-h/rpg against 1.55.0 for beta-1.56-3
[INFO] running `Command { std: "git" "clone" "/workspace/cache/git-repos/https%3A%2F%2Fgithub.com%2Fcedric-h%2Frpg" "/workspace/builds/worker-6/source", kill_on_drop: false }`
[INFO] [stderr] Cloning into '/workspace/builds/worker-6/source'...
[INFO] [stderr] done.
[INFO] validating manifest of git repo https://github.com/cedric-h/rpg on toolchain 1.55.0
[INFO] running `Command { std: "/workspace/cargo-home/bin/cargo" "+1.55.0" "metadata" "--manifest-path" "Cargo.toml" "--no-deps", kill_on_drop: false }`
[INFO] started tweaking git repo https://github.com/cedric-h/rpg
[INFO] finished tweaking git repo https://github.com/cedric-h/rpg
[INFO] tweaked toml for git repo https://github.com/cedric-h/rpg written to /workspace/builds/worker-6/source/Cargo.toml
[INFO] crate git repo https://github.com/cedric-h/rpg already has a lockfile, it will not be regenerated
[INFO] running `Command { std: "/workspace/cargo-home/bin/cargo" "+1.55.0" "fetch" "--manifest-path" "Cargo.toml", kill_on_drop: false }`
[INFO] [stderr]     Blocking waiting for file lock on package cache
[INFO] [stderr] warning: patch for `macroquad` uses the features mechanism. default-features and features will not take effect because the patch dependency does not support this mechanism
[INFO] [stderr]  Downloading crates ...
[INFO] [stderr]   Downloaded mini-internal v0.1.13
[INFO] [stderr]   Downloaded miniquad_text_rusttype v0.1.2
[INFO] [stderr]   Downloaded miniquad v0.3.0-alpha.22
[INFO] [stderr]   Downloaded miniserde v0.1.13
[INFO] running `Command { std: "docker" "create" "-v" "/var/lib/crater-agent-workspace/builds/worker-6/target:/opt/rustwide/target:rw,Z" "-v" "/var/lib/crater-agent-workspace/builds/worker-6/source:/opt/rustwide/workdir:ro,Z" "-v" "/var/lib/crater-agent-workspace/cargo-home:/opt/rustwide/cargo-home:ro,Z" "-v" "/var/lib/crater-agent-workspace/rustup-home:/opt/rustwide/rustup-home:ro,Z" "-e" "SOURCE_DIR=/opt/rustwide/workdir" "-e" "CARGO_TARGET_DIR=/opt/rustwide/target" "-e" "CARGO_HOME=/opt/rustwide/cargo-home" "-e" "RUSTUP_HOME=/opt/rustwide/rustup-home" "-w" "/opt/rustwide/workdir" "-m" "1610612736" "--user" "0:0" "--network" "none" "ghcr.io/rust-lang/crates-build-env/linux@sha256:a89201d6b5b9fd45c15d5952ece0a0129e7e80cb26ec023fd59cf09bc26f1604" "/opt/rustwide/cargo-home/bin/cargo" "+1.55.0" "metadata" "--no-deps" "--format-version=1", kill_on_drop: false }`
[INFO] [stdout] 522cf695d7bd62b47f3d88a9de215b68804a53e51374fac0a13293747fdf23a4
[INFO] [stderr] WARNING: Your kernel does not support swap limit capabilities or the cgroup is not mounted. Memory limited without swap.
[INFO] running `Command { std: "docker" "start" "-a" "522cf695d7bd62b47f3d88a9de215b68804a53e51374fac0a13293747fdf23a4", kill_on_drop: false }`
[INFO] running `Command { std: "docker" "inspect" "522cf695d7bd62b47f3d88a9de215b68804a53e51374fac0a13293747fdf23a4", kill_on_drop: false }`
[INFO] running `Command { std: "docker" "rm" "-f" "522cf695d7bd62b47f3d88a9de215b68804a53e51374fac0a13293747fdf23a4", kill_on_drop: false }`
[INFO] [stdout] 522cf695d7bd62b47f3d88a9de215b68804a53e51374fac0a13293747fdf23a4
[INFO] running `Command { std: "docker" "create" "-v" "/var/lib/crater-agent-workspace/builds/worker-6/target:/opt/rustwide/target:rw,Z" "-v" "/var/lib/crater-agent-workspace/builds/worker-6/source:/opt/rustwide/workdir:ro,Z" "-v" "/var/lib/crater-agent-workspace/cargo-home:/opt/rustwide/cargo-home:ro,Z" "-v" "/var/lib/crater-agent-workspace/rustup-home:/opt/rustwide/rustup-home:ro,Z" "-e" "SOURCE_DIR=/opt/rustwide/workdir" "-e" "CARGO_TARGET_DIR=/opt/rustwide/target" "-e" "CARGO_INCREMENTAL=0" "-e" "RUST_BACKTRACE=full" "-e" "RUSTFLAGS=--cap-lints=warn" "-e" "CARGO_HOME=/opt/rustwide/cargo-home" "-e" "RUSTUP_HOME=/opt/rustwide/rustup-home" "-w" "/opt/rustwide/workdir" "-m" "1610612736" "--user" "0:0" "--network" "none" "ghcr.io/rust-lang/crates-build-env/linux@sha256:a89201d6b5b9fd45c15d5952ece0a0129e7e80cb26ec023fd59cf09bc26f1604" "/opt/rustwide/cargo-home/bin/cargo" "+1.55.0" "check" "--frozen" "--all" "--all-targets" "--message-format=json", kill_on_drop: false }`
[INFO] [stdout] d0fda55c7cac3ce229b855e4c7e3649ce66c978928317372bfe09156a636e2a4
[INFO] [stderr] WARNING: Your kernel does not support swap limit capabilities or the cgroup is not mounted. Memory limited without swap.
[INFO] running `Command { std: "docker" "start" "-a" "d0fda55c7cac3ce229b855e4c7e3649ce66c978928317372bfe09156a636e2a4", kill_on_drop: false }`
[INFO] [stderr] warning: patch for `macroquad` uses the features mechanism. default-features and features will not take effect because the patch dependency does not support this mechanism
[INFO] [stderr]    Compiling sapp-linux v0.1.9
[INFO] [stderr]    Compiling syn v1.0.48
[INFO] [stderr]    Compiling glam v0.9.5
[INFO] [stderr]     Checking ttf-parser v0.8.2
[INFO] [stderr]     Checking ahash v0.4.6
[INFO] [stderr]    Compiling macroquad_macro v0.1.0 (https://github.com/not-fl3/macroquad#2201de80)
[INFO] [stderr]     Checking ordered-float v1.1.0
[INFO] [stderr]     Checking hashbrown v0.9.1
[INFO] [stderr]     Checking rusttype v0.8.3
[INFO] [stderr]     Checking rusttype v0.7.9
[INFO] [stderr]     Checking miniquad_text_rusttype v0.1.2
[INFO] [stderr]     Checking megaui v0.2.14 (https://github.com/cedric-h/megaui.git?branch=last_item#af008f56)
[INFO] [stderr]     Checking fontdue v0.3.2
[INFO] [stderr]     Checking miniquad v0.3.0-alpha.22
[INFO] [stderr]     Checking quad-gl v0.2.11 (https://github.com/not-fl3/macroquad#2201de80)
[INFO] [stderr]     Checking macroquad v0.3.0-alpha.11 (https://github.com/not-fl3/macroquad#2201de80)
[INFO] [stderr]     Checking megaui-macroquad v0.1.2 (https://github.com/not-fl3/megaui-macroquad#ccb791ba)
[INFO] [stderr]    Compiling hecs-macros v0.4.0 (https://github.com/Ralith/hecs#e78a46a0)
[INFO] [stderr]    Compiling mini-internal v0.1.13
[INFO] [stderr]     Checking miniserde v0.1.13
[INFO] [stderr]     Checking hecs v0.3.0 (https://github.com/Ralith/hecs#e78a46a0)
[INFO] [stderr]     Checking rpg v0.1.0 (/opt/rustwide/workdir)
[INFO] [stdout] error[E0554]: `#![feature]` may not be used on the stable release channel
[INFO] [stdout]  --> src/main.rs:1:1
[INFO] [stdout]   |
[INFO] [stdout] 1 | #![feature(drain_filter)]
[INFO] [stdout]   | ^^^^^^^^^^^^^^^^^^^^^^^^^
[INFO] [stdout] 
[INFO] [stdout] 
[INFO] [stdout] error[E0554]: `#![feature]` may not be used on the stable release channel
[INFO] [stdout]  --> src/main.rs:2:1
[INFO] [stdout]   |
[INFO] [stdout] 2 | #![feature(array_map)]
[INFO] [stdout]   | ^^^^^^^^^^^^^^^^^^^^^^
[INFO] [stdout] 
[INFO] [stdout] 
[INFO] [stdout] error[E0554]: `#![feature]` may not be used on the stable release channel
[INFO] [stdout]  --> src/main.rs:3:1
[INFO] [stdout]   |
[INFO] [stdout] 3 | #![feature(result_copied)]
[INFO] [stdout]   | ^^^^^^^^^^^^^^^^^^^^^^^^^^
[INFO] [stdout] 
[INFO] [stdout] 
[INFO] [stdout] error[E0554]: `#![feature]` may not be used on the stable release channel
[INFO] [stdout]  --> src/main.rs:1:1
[INFO] [stdout]   |
[INFO] [stdout] 1 | #![feature(drain_filter)]
[INFO] [stdout]   | ^^^^^^^^^^^^^^^^^^^^^^^^^
[INFO] [stdout] 
[INFO] [stdout] 
[INFO] [stdout] error[E0554]: `#![feature]` may not be used on the stable release channel
[INFO] [stdout]  --> src/main.rs:2:1
[INFO] [stdout]   |
[INFO] [stdout] 2 | #![feature(array_map)]
[INFO] [stdout]   | ^^^^^^^^^^^^^^^^^^^^^^
[INFO] [stdout] 
[INFO] [stdout] 
[INFO] [stdout] error[E0554]: `#![feature]` may not be used on the stable release channel
[INFO] [stdout]  --> src/main.rs:3:1
[INFO] [stdout]   |
[INFO] [stdout] 3 | #![feature(result_copied)]
[INFO] [stdout]   | ^^^^^^^^^^^^^^^^^^^^^^^^^^
[INFO] [stdout] 
[INFO] [stdout] 
[INFO] [stdout] error: aborting due to 3 previous errors
[INFO] [stdout] 
[INFO] [stdout] 
[INFO] [stdout] For more information about this error, try `rustc --explain E0554`.
[INFO] [stdout] 
[INFO] [stderr] error: could not compile `rpg` due to 4 previous errors
[INFO] [stderr] warning: build failed, waiting for other jobs to finish...
[INFO] [stdout] error: aborting due to 3 previous errors
[INFO] [stdout] 
[INFO] [stdout] 
[INFO] [stdout] For more information about this error, try `rustc --explain E0554`.
[INFO] [stdout] 
[INFO] [stderr] error: build failed
[INFO] running `Command { std: "docker" "inspect" "d0fda55c7cac3ce229b855e4c7e3649ce66c978928317372bfe09156a636e2a4", kill_on_drop: false }`
[INFO] running `Command { std: "docker" "rm" "-f" "d0fda55c7cac3ce229b855e4c7e3649ce66c978928317372bfe09156a636e2a4", kill_on_drop: false }`
[INFO] [stdout] d0fda55c7cac3ce229b855e4c7e3649ce66c978928317372bfe09156a636e2a4
