[INFO] cloning repository https://github.com/cdaringe/swiss-escape
[INFO] running `Command { std: "git" "-c" "credential.helper=" "-c" "credential.helper=/workspace/cargo-home/bin/git-credential-null" "clone" "--bare" "https://github.com/cdaringe/swiss-escape" "/workspace/cache/git-repos/https%3A%2F%2Fgithub.com%2Fcdaringe%2Fswiss-escape", kill_on_drop: false }`
[INFO] [stderr] Cloning into bare repository '/workspace/cache/git-repos/https%3A%2F%2Fgithub.com%2Fcdaringe%2Fswiss-escape'...
[INFO] running `Command { std: "git" "rev-parse" "HEAD", kill_on_drop: false }`
[INFO] [stdout] 487f157b78aaf8ed95d7309c8a839839d0dc94d7
[INFO] checking cdaringe/swiss-escape against beta-2021-10-15 for beta-1.56-3
[INFO] running `Command { std: "git" "clone" "/workspace/cache/git-repos/https%3A%2F%2Fgithub.com%2Fcdaringe%2Fswiss-escape" "/workspace/builds/worker-9/source", kill_on_drop: false }`
[INFO] [stderr] Cloning into '/workspace/builds/worker-9/source'...
[INFO] [stderr] done.
[INFO] validating manifest of git repo https://github.com/cdaringe/swiss-escape on toolchain beta-2021-10-15
[INFO] running `Command { std: "/workspace/cargo-home/bin/cargo" "+beta-2021-10-15" "metadata" "--manifest-path" "Cargo.toml" "--no-deps", kill_on_drop: false }`
[INFO] removed /workspace/builds/worker-9/source/.cargo/config.toml
[INFO] started tweaking git repo https://github.com/cdaringe/swiss-escape
[INFO] finished tweaking git repo https://github.com/cdaringe/swiss-escape
[INFO] tweaked toml for git repo https://github.com/cdaringe/swiss-escape written to /workspace/builds/worker-9/source/Cargo.toml
[INFO] crate git repo https://github.com/cdaringe/swiss-escape already has a lockfile, it will not be regenerated
[INFO] running `Command { std: "/workspace/cargo-home/bin/cargo" "+beta-2021-10-15" "fetch" "--manifest-path" "Cargo.toml", kill_on_drop: false }`
[INFO] [stderr]  Downloading crates ...
[INFO] [stderr]   Downloaded notify v5.0.0-pre.5
[INFO] [stderr]   Downloaded bevy_input v0.4.0
[INFO] [stderr]   Downloaded gfx-memory v0.2.2
[INFO] [stderr]   Downloaded bevy_rapier2d v0.8.0
[INFO] [stderr]   Downloaded bevy_winit v0.4.0
[INFO] [stderr]   Downloaded gfx-backend-dx12 v0.6.13
[INFO] [stderr]   Downloaded gfx-backend-empty v0.6.0
[INFO] [stderr]   Downloaded bevy_internal v0.4.0
[INFO] [stderr]   Downloaded bevy_pbr v0.4.0
[INFO] [stderr]   Downloaded bevy_log v0.4.0
[INFO] [stderr]   Downloaded bevy_diagnostic v0.4.0
[INFO] [stderr]   Downloaded wgpu-core v0.6.5
[INFO] [stderr]   Downloaded gilrs v0.8.0
[INFO] [stderr]   Downloaded jni v0.17.0
[INFO] [stderr]   Downloaded bevy v0.4.0
[INFO] [stderr]   Downloaded bevy_ecs v0.4.0
[INFO] [stderr]   Downloaded bevy_reflect_derive v0.4.0
[INFO] [stderr]   Downloaded bevy_window v0.4.0
[INFO] [stderr]   Downloaded bevy_scene v0.4.0
[INFO] [stderr]   Downloaded cpal v0.13.1
[INFO] [stderr]   Downloaded hexasphere v3.1.1
[INFO] [stderr]   Downloaded bevy_gilrs v0.4.0
[INFO] [stderr]   Downloaded gfx-backend-vulkan v0.6.5
[INFO] [stderr]   Downloaded bevy_tasks v0.4.0
[INFO] [stderr]   Downloaded bevy_app v0.4.0
[INFO] [stderr]   Downloaded tracing-wasm v0.1.0
[INFO] [stderr]   Downloaded wgpu-types v0.6.1
[INFO] [stderr]   Downloaded euclid v0.22.1
[INFO] [stderr]   Downloaded jni v0.14.0
[INFO] [stderr]   Downloaded bevy_text v0.4.0
[INFO] [stderr]   Downloaded bevy_audio v0.4.0
[INFO] [stderr]   Downloaded gilrs-core v0.3.0
[INFO] [stderr]   Downloaded alsa v0.4.3
[INFO] [stderr]   Downloaded gfx-descriptor v0.2.0
[INFO] [stderr]   Downloaded lyon_path v0.17.1
[INFO] [stderr]   Downloaded ureq v1.5.4
[INFO] [stderr]   Downloaded gfx-hal v0.6.0
[INFO] [stderr]   Downloaded ab_glyph v0.2.9
[INFO] [stderr]   Downloaded rapier2d v0.5.0
[INFO] [stderr]   Downloaded sid v0.6.1
[INFO] [stderr]   Downloaded oboe-sys v0.3.0
[INFO] [stderr]   Downloaded lyon_geom v0.17.0
[INFO] [stderr]   Downloaded fetch_unroll v0.2.2
[INFO] [stderr]   Downloaded spirv_cross v0.22.2
[INFO] [stderr]   Downloaded bevy_sprite v0.4.0
[INFO] [stderr]   Downloaded bevy_prototype_lyon v0.2.0
[INFO] [stderr]   Downloaded gfx-backend-metal v0.6.5
[INFO] [stderr]   Downloaded gfx-auxil v0.7.0
[INFO] [stderr]   Downloaded bevy_ecs_macros v0.4.0
[INFO] [stderr]   Downloaded owned_ttf_parser v0.11.0
[INFO] [stderr]   Downloaded lyon_tessellation v0.17.5
[INFO] [stderr]   Downloaded oboe v0.3.1
[INFO] [stderr]   Downloaded naga v0.2.0
[INFO] [stderr]   Downloaded bevy_dynamic_plugin v0.4.0
[INFO] [stderr]   Downloaded metal v0.20.0
[INFO] [stderr]   Downloaded bevy_ui v0.4.0
[INFO] [stderr]   Downloaded ttf-parser v0.11.0
[INFO] [stderr]   Downloaded bevy_gltf v0.4.0
[INFO] [stderr]   Downloaded rectangle-pack v0.2.0
[INFO] [stderr]   Downloaded bevy_render v0.4.0
[INFO] [stderr]   Downloaded crossbeam v0.8.0
[INFO] [stderr]   Downloaded glam v0.12.0
[INFO] [stderr]   Downloaded bevy_asset v0.4.0
[INFO] [stderr]   Downloaded bevy_math v0.4.0
[INFO] [stderr]   Downloaded bevy_wgpu v0.4.0
[INFO] [stderr]   Downloaded bevy_core v0.4.0
[INFO] [stderr]   Downloaded bevy_reflect v0.4.0
[INFO] [stderr]   Downloaded fixedbitset v0.3.2
[INFO] [stderr]   Downloaded wgpu v0.6.2
[INFO] [stderr]   Downloaded bevy_transform v0.4.0
[INFO] [stderr]   Downloaded bevy_derive v0.4.0
[INFO] [stderr]   Downloaded image v0.23.13
[INFO] [stderr]   Downloaded bevy_utils v0.4.0
[INFO] [stderr]   Downloaded wide v0.6.4
[INFO] [stderr]   Downloaded gfx-backend-dx11 v0.6.17
[INFO] [stderr]   Downloaded shaderc v0.7.1
[INFO] [stderr]   Downloaded parry2d v0.1.2
[INFO] [stderr]   Downloaded shaderc-sys v0.7.1
[INFO] [stderr]   Downloaded rodio v0.13.0
[INFO] running `Command { std: "docker" "create" "-v" "/var/lib/crater-agent-workspace/builds/worker-9/target:/opt/rustwide/target:rw,Z" "-v" "/var/lib/crater-agent-workspace/builds/worker-9/source:/opt/rustwide/workdir:ro,Z" "-v" "/var/lib/crater-agent-workspace/cargo-home:/opt/rustwide/cargo-home:ro,Z" "-v" "/var/lib/crater-agent-workspace/rustup-home:/opt/rustwide/rustup-home:ro,Z" "-e" "SOURCE_DIR=/opt/rustwide/workdir" "-e" "CARGO_TARGET_DIR=/opt/rustwide/target" "-e" "CARGO_HOME=/opt/rustwide/cargo-home" "-e" "RUSTUP_HOME=/opt/rustwide/rustup-home" "-w" "/opt/rustwide/workdir" "-m" "1610612736" "--user" "0:0" "--network" "none" "ghcr.io/rust-lang/crates-build-env/linux@sha256:a89201d6b5b9fd45c15d5952ece0a0129e7e80cb26ec023fd59cf09bc26f1604" "/opt/rustwide/cargo-home/bin/cargo" "+beta-2021-10-15" "metadata" "--no-deps" "--format-version=1", kill_on_drop: false }`
[INFO] [stdout] 371c609839df1b7607306bdc26096fc83caf87f130b42f925a6ee6838fdebde2
[INFO] [stderr] WARNING: Your kernel does not support swap limit capabilities or the cgroup is not mounted. Memory limited without swap.
[INFO] running `Command { std: "docker" "start" "-a" "371c609839df1b7607306bdc26096fc83caf87f130b42f925a6ee6838fdebde2", kill_on_drop: false }`
[INFO] running `Command { std: "docker" "inspect" "371c609839df1b7607306bdc26096fc83caf87f130b42f925a6ee6838fdebde2", kill_on_drop: false }`
[INFO] running `Command { std: "docker" "rm" "-f" "371c609839df1b7607306bdc26096fc83caf87f130b42f925a6ee6838fdebde2", kill_on_drop: false }`
[INFO] [stdout] 371c609839df1b7607306bdc26096fc83caf87f130b42f925a6ee6838fdebde2
[INFO] running `Command { std: "docker" "create" "-v" "/var/lib/crater-agent-workspace/builds/worker-9/target:/opt/rustwide/target:rw,Z" "-v" "/var/lib/crater-agent-workspace/builds/worker-9/source:/opt/rustwide/workdir:ro,Z" "-v" "/var/lib/crater-agent-workspace/cargo-home:/opt/rustwide/cargo-home:ro,Z" "-v" "/var/lib/crater-agent-workspace/rustup-home:/opt/rustwide/rustup-home:ro,Z" "-e" "SOURCE_DIR=/opt/rustwide/workdir" "-e" "CARGO_TARGET_DIR=/opt/rustwide/target" "-e" "CARGO_INCREMENTAL=0" "-e" "RUST_BACKTRACE=full" "-e" "RUSTFLAGS=--cap-lints=warn" "-e" "CARGO_HOME=/opt/rustwide/cargo-home" "-e" "RUSTUP_HOME=/opt/rustwide/rustup-home" "-w" "/opt/rustwide/workdir" "-m" "1610612736" "--user" "0:0" "--network" "none" "ghcr.io/rust-lang/crates-build-env/linux@sha256:a89201d6b5b9fd45c15d5952ece0a0129e7e80cb26ec023fd59cf09bc26f1604" "/opt/rustwide/cargo-home/bin/cargo" "+beta-2021-10-15" "check" "--frozen" "--all" "--all-targets" "--message-format=json", kill_on_drop: false }`
[INFO] [stdout] 3a564bb34670c7d05dc8012f8b096a15da31c30b867965de926f3829549f8382
[INFO] [stderr] WARNING: Your kernel does not support swap limit capabilities or the cgroup is not mounted. Memory limited without swap.
[INFO] running `Command { std: "docker" "start" "-a" "3a564bb34670c7d05dc8012f8b096a15da31c30b867965de926f3829549f8382", kill_on_drop: false }`
[INFO] [stderr]    Compiling libc v0.2.86
[INFO] [stderr]     Checking futures-io v0.3.12
[INFO] [stderr]     Checking bytemuck v1.5.0
[INFO] [stderr]     Checking glam v0.12.0
[INFO] [stderr]    Compiling serde_json v1.0.62
[INFO] [stderr]     Checking ttf-parser v0.11.0
[INFO] [stderr]    Compiling time v0.2.25
[INFO] [stderr]     Checking futures-task v0.3.12
[INFO] [stderr]     Checking thread_local v1.1.3
[INFO] [stderr]     Checking deflate v0.8.6
[INFO] [stderr]     Checking futures-channel v0.3.12
[INFO] [stderr]     Checking bit-set v0.5.2
[INFO] [stderr]     Checking regex-automata v0.1.9
[INFO] [stderr]     Checking matrixmultiply v0.2.4
[INFO] [stderr]     Checking async-channel v1.5.1
[INFO] [stderr]     Checking tracing-log v0.1.1
[INFO] [stderr]    Compiling syn v1.0.60
[INFO] [stderr]     Checking euclid v0.22.1
[INFO] [stderr]     Checking approx v0.4.0
[INFO] [stderr]     Checking num-complex v0.3.1
[INFO] [stderr]     Checking crossbeam-queue v0.3.1
[INFO] [stderr]     Checking crossbeam-epoch v0.9.1
[INFO] [stderr]     Checking futures-lite v1.11.3
[INFO] [stderr]     Checking safe_arch v0.5.2
[INFO] [stderr]     Checking regex v1.4.3
[INFO] [stderr]     Checking png v0.16.8
[INFO] [stderr]     Checking crossbeam-deque v0.8.0
[INFO] [stderr]     Checking wide v0.6.4
[INFO] [stderr]     Checking crossbeam v0.8.0
[INFO] [stderr]     Checking matchers v0.0.1
[INFO] [stderr]     Checking guillotiere v0.6.0
[INFO] [stderr]     Checking lyon_geom v0.17.0
[INFO] [stderr]     Checking image v0.23.13
[INFO] [stderr]     Checking owned_ttf_parser v0.11.0
[INFO] [stderr]     Checking async-executor v1.4.0
[INFO] [stderr]     Checking hexasphere v3.1.1
[INFO] [stderr]     Checking ab_glyph v0.2.9
[INFO] [stderr]     Checking lyon_path v0.17.1
[INFO] [stderr]     Checking getrandom v0.1.16
[INFO] [stderr]     Checking getrandom v0.2.2
[INFO] [stderr]     Checking num_cpus v1.13.0
[INFO] [stderr]     Checking inotify-sys v0.1.5
[INFO] [stderr]     Checking mio v0.7.7
[INFO] [stderr]     Checking filetime v0.2.14
[INFO] [stderr]     Checking raw-window-handle v0.3.3
[INFO] [stderr]     Checking net2 v0.2.37
[INFO] [stderr]     Checking iovec v0.1.4
[INFO] [stderr]     Checking nix v0.15.0
[INFO] [stderr]     Checking alsa-sys v0.3.1
[INFO] [stderr]     Checking x11 v2.18.2
[INFO] [stderr]     Checking time v0.1.43
[INFO] [stderr]     Checking nix v0.18.0
[INFO] [stderr]     Checking libudev-sys v0.1.4
[INFO] [stderr]     Checking x11-dl v2.18.5
[INFO] [stderr]     Checking slice-deque v0.3.0
[INFO] [stderr]     Checking gfx-hal v0.6.0
[INFO] [stderr]    Compiling jobserver v0.1.21
[INFO] [stderr]     Checking glyph_brush_layout v0.2.1
[INFO] [stderr]     Checking simba v0.3.1
[INFO] [stderr]     Checking rand_core v0.5.1
[INFO] [stderr]     Checking inotify v0.9.2
[INFO] [stderr]     Checking ahash v0.6.3
[INFO] [stderr]     Checking rayon-core v1.9.0
[INFO] [stderr]     Checking mio v0.6.23
[INFO] [stderr]     Checking lyon_tessellation v0.17.5
[INFO] [stderr]    Compiling cc v1.0.66
[INFO] [stderr]     Checking chrono v0.4.19
[INFO] [stderr]     Checking rand_chacha v0.2.2
[INFO] [stderr]     Checking rayon v1.5.0
[INFO] [stderr]     Checking notify v5.0.0-pre.5
[INFO] [stderr]     Checking rand v0.7.3
[INFO] [stderr]     Checking mio-extras v2.0.6
[INFO] [stderr]     Checking rand_distr v0.3.0
[INFO] [stderr]    Compiling spirv-reflect v0.2.3
[INFO] [stderr]    Compiling minimp3-sys v0.3.2
[INFO] [stderr]     Checking gfx-descriptor v0.2.0
[INFO] [stderr]     Checking gfx-backend-empty v0.6.0
[INFO] [stderr]     Checking gfx-memory v0.2.2
[INFO] [stderr]     Checking alsa v0.4.3
[INFO] [stderr]    Compiling serde_derive v1.0.123
[INFO] [stderr]    Compiling time-macros-impl v0.1.1
[INFO] [stderr]    Compiling thiserror-impl v1.0.23
[INFO] [stderr]    Compiling tracing-attributes v0.1.12
[INFO] [stderr]    Compiling futures-macro v0.3.12
[INFO] [stderr]    Compiling gltf-derive v0.15.2
[INFO] [stderr]    Compiling num-derive v0.3.3
[INFO] [stderr]     Checking time-macros v0.1.1
[INFO] [stderr]     Checking futures-util v0.3.12
[INFO] [stderr]     Checking thiserror v1.0.23
[INFO] [stderr]     Checking tracing v0.1.23
[INFO] [stderr]     Checking naga v0.2.0
[INFO] [stderr]     Checking minimp3 v0.5.1
[INFO] [stderr]     Checking cpal v0.13.1
[INFO] [stderr]     Checking instant v0.1.9
[INFO] [stderr]     Checking nalgebra v0.24.1
[INFO] [stderr]     Checking bevy_tasks v0.4.0
[INFO] [stderr]     Checking rodio v0.13.0
[INFO] [stderr]     Checking futures-executor v0.3.12
[INFO] [stderr]     Checking futures v0.3.12
[INFO] [stderr]     Checking serde v1.0.123
[INFO] [stderr]     Checking smallvec v1.6.1
[INFO] [stderr]     Checking uuid v0.8.2
[INFO] [stderr]     Checking glam v0.11.3
[INFO] [stderr]     Checking erased-serde v0.3.13
[INFO] [stderr]     Checking ron v0.6.4
[INFO] [stderr]     Checking tracing-serde v0.1.2
[INFO] [stderr]     Checking parking_lot_core v0.8.3
[INFO] [stderr]     Checking gfx-backend-vulkan v0.6.5
[INFO] [stderr]     Checking bevy_utils v0.4.0
[INFO] [stderr]     Checking gilrs-core v0.3.0
[INFO] [stderr]     Checking parking_lot v0.11.1
[INFO] [stderr]    Compiling toml v0.5.8
[INFO] [stderr]     Checking gilrs v0.8.0
[INFO] [stderr]     Checking winit v0.24.0
[INFO] [stderr]     Checking gltf-json v0.15.2
[INFO] [stderr]     Checking tracing-subscriber v0.2.15
[INFO] [stderr]     Checking wgpu-core v0.6.5
[INFO] [stderr]    Compiling find-crate v0.6.3
[INFO] [stderr]    Compiling bevy_ecs_macros v0.4.0
[INFO] [stderr]    Compiling bevy_derive v0.4.0
[INFO] [stderr]    Compiling bevy_reflect_derive v0.4.0
[INFO] [stderr]     Checking gltf v0.15.2
[INFO] [stderr]     Checking bevy_ecs v0.4.0
[INFO] [stderr]     Checking parry2d v0.1.2
[INFO] [stderr]     Checking wgpu v0.6.2
[INFO] [stderr]     Checking rapier2d v0.5.0
[INFO] [stderr]     Checking bevy_app v0.4.0
[INFO] [stderr]     Checking bevy_reflect v0.4.0
[INFO] [stderr]     Checking bevy_dynamic_plugin v0.4.0
[INFO] [stderr]     Checking bevy_log v0.4.0
[INFO] [stderr]     Checking bevy_math v0.4.0
[INFO] [stderr]     Checking bevy_asset v0.4.0
[INFO] [stderr]     Checking bevy_core v0.4.0
[INFO] [stderr]     Checking bevy_transform v0.4.0
[INFO] [stderr]     Checking bevy_window v0.4.0
[INFO] [stderr]     Checking bevy_input v0.4.0
[INFO] [stderr]     Checking bevy_audio v0.4.0
[INFO] [stderr]     Checking bevy_scene v0.4.0
[INFO] [stderr]     Checking bevy_render v0.4.0
[INFO] [stderr]     Checking bevy_diagnostic v0.4.0
[INFO] [stderr]     Checking bevy_winit v0.4.0
[INFO] [stderr]     Checking bevy_gilrs v0.4.0
[INFO] [stderr]     Checking bevy_sprite v0.4.0
[INFO] [stderr]     Checking bevy_pbr v0.4.0
[INFO] [stderr]     Checking bevy_wgpu v0.4.0
[INFO] [stderr]     Checking bevy_text v0.4.0
[INFO] [stderr]     Checking bevy_gltf v0.4.0
[INFO] [stderr]     Checking bevy_ui v0.4.0
[INFO] [stderr]     Checking bevy_internal v0.4.0
[INFO] [stderr]     Checking bevy v0.4.0
[INFO] [stderr]     Checking bevy_prototype_lyon v0.2.0
[INFO] [stderr]     Checking bevy_rapier2d v0.8.0
[INFO] [stderr]     Checking marble-bros v0.1.0 (/opt/rustwide/workdir)
[INFO] [stdout] error: expected `;`, found keyword `let`
[INFO] [stdout]    --> src/main.rs:140:50
[INFO] [stdout]     |
[INFO] [stdout] 140 |     character_body.position().transform_vector(v)
[INFO] [stdout]     |                                                  ^ help: add `;` here
[INFO] [stdout] 141 |     let ball_body_builder = RigidBodyBuilder::new_dynamic()
[INFO] [stdout]     |     --- unexpected token
[INFO] [stdout] 
[INFO] [stdout] 
[INFO] [stdout] error: unexpected token: `)`
[INFO] [stdout]    --> src/main.rs:142:34
[INFO] [stdout]     |
[INFO] [stdout] 142 |         .translation(vvv[0], vvv.)
[INFO] [stdout]     |                                  ^
[INFO] [stdout] 
[INFO] [stdout] 
[INFO] [stdout] error: expected `;`, found keyword `let`
[INFO] [stdout]    --> src/main.rs:140:50
[INFO] [stdout]     |
[INFO] [stdout] 140 |     character_body.position().transform_vector(v)
[INFO] [stdout]     |                                                  ^ help: add `;` here
[INFO] [stdout] 141 |     let ball_body_builder = RigidBodyBuilder::new_dynamic()
[INFO] [stdout]     |     --- unexpected token
[INFO] [stdout] 
[INFO] [stdout] 
[INFO] [stdout] error: unexpected token: `)`
[INFO] [stdout]    --> src/main.rs:142:34
[INFO] [stdout]     |
[INFO] [stdout] 142 |         .translation(vvv[0], vvv.)
[INFO] [stdout]     |                                  ^
[INFO] [stdout] 
[INFO] [stdout] 
[INFO] [stdout] error[E0425]: cannot find value `v` in this scope
[INFO] [stdout]    --> src/main.rs:140:48
[INFO] [stdout]     |
[INFO] [stdout] 140 |     character_body.position().transform_vector(v)
[INFO] [stdout]     |                                                ^ help: a local variable with a similar name exists: `r`
[INFO] [stdout] 
[INFO] [stdout] 
[INFO] [stdout] warning: unused import: `input::mouse::MouseButtonInput`
[INFO] [stdout]  --> src/main.rs:4:12
[INFO] [stdout]   |
[INFO] [stdout] 4 | use bevy::{input::mouse::MouseButtonInput, math::vec3, prelude::*};
[INFO] [stdout]   |            ^^^^^^^^^^^^^^^^^^^^^^^^^^^^^^
[INFO] [stdout]   |
[INFO] [stdout]   = note: `#[warn(unused_imports)]` on by default
[INFO] [stdout] 
[INFO] [stdout] 
[INFO] [stdout] warning: unused imports: `RigidBody`, `geometry::Collider`
[INFO] [stdout]   --> src/main.rs:13:20
[INFO] [stdout]    |
[INFO] [stdout] 13 |         dynamics::{RigidBody, RigidBodySet},
[INFO] [stdout]    |                    ^^^^^^^^^
[INFO] [stdout] 14 |         geometry::Collider,
[INFO] [stdout]    |         ^^^^^^^^^^^^^^^^^^
[INFO] [stdout] 
[INFO] [stdout] 
[INFO] [stdout] error[E0425]: cannot find value `v` in this scope
[INFO] [stdout]    --> src/main.rs:140:48
[INFO] [stdout]     |
[INFO] [stdout] 140 |     character_body.position().transform_vector(v)
[INFO] [stdout]     |                                                ^ help: a local variable with a similar name exists: `r`
[INFO] [stdout] 
[INFO] [stdout] 
[INFO] [stdout] warning: unused import: `input::mouse::MouseButtonInput`
[INFO] [stdout]  --> src/main.rs:4:12
[INFO] [stdout]   |
[INFO] [stdout] 4 | use bevy::{input::mouse::MouseButtonInput, math::vec3, prelude::*};
[INFO] [stdout]   |            ^^^^^^^^^^^^^^^^^^^^^^^^^^^^^^
[INFO] [stdout]   |
[INFO] [stdout]   = note: `#[warn(unused_imports)]` on by default
[INFO] [stdout] 
[INFO] [stdout] 
[INFO] [stdout] warning: unused imports: `RigidBody`, `geometry::Collider`
[INFO] [stdout]   --> src/main.rs:13:20
[INFO] [stdout]    |
[INFO] [stdout] 13 |         dynamics::{RigidBody, RigidBodySet},
[INFO] [stdout]    |                    ^^^^^^^^^
[INFO] [stdout] 14 |         geometry::Collider,
[INFO] [stdout]    |         ^^^^^^^^^^^^^^^^^^
[INFO] [stdout] 
[INFO] [stdout] 
[INFO] [stdout] error[E0308]: mismatched types
[INFO] [stdout]    --> src/main.rs:140:5
[INFO] [stdout]     |
[INFO] [stdout] 140 |     character_body.position().transform_vector(v)
[INFO] [stdout]     |     ^^^^^^^^^^^^^^^^^^^^^^^^^^^^^^^^^^^^^^^^^^^^^- help: consider using a semicolon here
[INFO] [stdout]     |     |
[INFO] [stdout]     |     expected `()`, found struct `Matrix`
[INFO] [stdout]     |
[INFO] [stdout]     = note: expected unit type `()`
[INFO] [stdout]                   found struct `Matrix<f32, U2, U1, ArrayStorage<f32, U2, U1>>`
[INFO] [stdout] 
[INFO] [stdout] 
[INFO] [stdout] error[E0308]: mismatched types
[INFO] [stdout]    --> src/main.rs:140:5
[INFO] [stdout]     |
[INFO] [stdout] 140 |     character_body.position().transform_vector(v)
[INFO] [stdout]     |     ^^^^^^^^^^^^^^^^^^^^^^^^^^^^^^^^^^^^^^^^^^^^^- help: consider using a semicolon here
[INFO] [stdout]     |     |
[INFO] [stdout]     |     expected `()`, found struct `Matrix`
[INFO] [stdout]     |
[INFO] [stdout]     = note: expected unit type `()`
[INFO] [stdout]                   found struct `Matrix<f32, U2, U1, ArrayStorage<f32, U2, U1>>`
[INFO] [stdout] 
[INFO] [stdout] 
[INFO] [stdout] error[E0308]: mismatched types
[INFO] [stdout]    --> src/main.rs:142:30
[INFO] [stdout]     |
[INFO] [stdout] 142 |         .translation(vvv[0], vvv.)
[INFO] [stdout]     |                              ^^^ expected `f32`, found struct `Matrix`
[INFO] [stdout]     |
[INFO] [stdout]     = note: expected type `f32`
[INFO] [stdout]              found struct `Matrix<f32, U2, U1, ArrayStorage<f32, U2, U1>>`
[INFO] [stdout] 
[INFO] [stdout] 
[INFO] [stdout] error: aborting due to 5 previous errors; 2 warnings emitted
[INFO] [stdout] 
[INFO] [stdout] 
[INFO] [stdout] Some errors have detailed explanations: E0308, E0425.
[INFO] [stdout] 
[INFO] [stdout] For more information about an error, try `rustc --explain E0308`.
[INFO] [stdout] 
[INFO] [stderr] error: could not compile `marble-bros` due to 6 previous errors; 2 warnings emitted
[INFO] [stderr] warning: build failed, waiting for other jobs to finish...
[INFO] [stdout] error[E0308]: mismatched types
[INFO] [stdout]    --> src/main.rs:142:30
[INFO] [stdout]     |
[INFO] [stdout] 142 |         .translation(vvv[0], vvv.)
[INFO] [stdout]     |                              ^^^ expected `f32`, found struct `Matrix`
[INFO] [stdout]     |
[INFO] [stdout]     = note: expected type `f32`
[INFO] [stdout]              found struct `Matrix<f32, U2, U1, ArrayStorage<f32, U2, U1>>`
[INFO] [stdout] 
[INFO] [stdout] 
[INFO] [stdout] error: aborting due to 5 previous errors; 2 warnings emitted
[INFO] [stdout] 
[INFO] [stdout] 
[INFO] [stdout] Some errors have detailed explanations: E0308, E0425.
[INFO] [stdout] 
[INFO] [stdout] For more information about an error, try `rustc --explain E0308`.
[INFO] [stdout] 
[INFO] [stderr] error: build failed
[INFO] running `Command { std: "docker" "inspect" "3a564bb34670c7d05dc8012f8b096a15da31c30b867965de926f3829549f8382", kill_on_drop: false }`
[INFO] running `Command { std: "docker" "rm" "-f" "3a564bb34670c7d05dc8012f8b096a15da31c30b867965de926f3829549f8382", kill_on_drop: false }`
[INFO] [stdout] 3a564bb34670c7d05dc8012f8b096a15da31c30b867965de926f3829549f8382
