[INFO] cloning repository https://github.com/cbrit/minigrep
[INFO] running `Command { std: "git" "-c" "credential.helper=" "-c" "credential.helper=/workspace/cargo-home/bin/git-credential-null" "clone" "--bare" "https://github.com/cbrit/minigrep" "/workspace/cache/git-repos/https%3A%2F%2Fgithub.com%2Fcbrit%2Fminigrep", kill_on_drop: false }`
[INFO] [stderr] Cloning into bare repository '/workspace/cache/git-repos/https%3A%2F%2Fgithub.com%2Fcbrit%2Fminigrep'...
[INFO] running `Command { std: "git" "rev-parse" "HEAD", kill_on_drop: false }`
[INFO] [stdout] e91e288280c8c2c1dffa2f93f3f66213a4306355
[INFO] checking cbrit/minigrep against beta-2021-10-15 for beta-1.56-3
[INFO] running `Command { std: "git" "clone" "/workspace/cache/git-repos/https%3A%2F%2Fgithub.com%2Fcbrit%2Fminigrep" "/workspace/builds/worker-0/source", kill_on_drop: false }`
[INFO] [stderr] Cloning into '/workspace/builds/worker-0/source'...
[INFO] [stderr] done.
[INFO] validating manifest of git repo https://github.com/cbrit/minigrep on toolchain beta-2021-10-15
[INFO] running `Command { std: "/workspace/cargo-home/bin/cargo" "+beta-2021-10-15" "metadata" "--manifest-path" "Cargo.toml" "--no-deps", kill_on_drop: false }`
[INFO] started tweaking git repo https://github.com/cbrit/minigrep
[INFO] finished tweaking git repo https://github.com/cbrit/minigrep
[INFO] tweaked toml for git repo https://github.com/cbrit/minigrep written to /workspace/builds/worker-0/source/Cargo.toml
[INFO] crate git repo https://github.com/cbrit/minigrep already has a lockfile, it will not be regenerated
[INFO] running `Command { std: "/workspace/cargo-home/bin/cargo" "+beta-2021-10-15" "fetch" "--manifest-path" "Cargo.toml", kill_on_drop: false }`
[INFO] running `Command { std: "docker" "create" "-v" "/var/lib/crater-agent-workspace/builds/worker-0/target:/opt/rustwide/target:rw,Z" "-v" "/var/lib/crater-agent-workspace/builds/worker-0/source:/opt/rustwide/workdir:ro,Z" "-v" "/var/lib/crater-agent-workspace/cargo-home:/opt/rustwide/cargo-home:ro,Z" "-v" "/var/lib/crater-agent-workspace/rustup-home:/opt/rustwide/rustup-home:ro,Z" "-e" "SOURCE_DIR=/opt/rustwide/workdir" "-e" "CARGO_TARGET_DIR=/opt/rustwide/target" "-e" "CARGO_HOME=/opt/rustwide/cargo-home" "-e" "RUSTUP_HOME=/opt/rustwide/rustup-home" "-w" "/opt/rustwide/workdir" "-m" "1610612736" "--user" "0:0" "--network" "none" "ghcr.io/rust-lang/crates-build-env/linux@sha256:a89201d6b5b9fd45c15d5952ece0a0129e7e80cb26ec023fd59cf09bc26f1604" "/opt/rustwide/cargo-home/bin/cargo" "+beta-2021-10-15" "metadata" "--no-deps" "--format-version=1", kill_on_drop: false }`
[INFO] [stdout] 3698e451d847e3b983e3f25c2c6868ed2acd36e5ffcaf655659d976162cb7395
[INFO] [stderr] WARNING: Your kernel does not support swap limit capabilities or the cgroup is not mounted. Memory limited without swap.
[INFO] running `Command { std: "docker" "start" "-a" "3698e451d847e3b983e3f25c2c6868ed2acd36e5ffcaf655659d976162cb7395", kill_on_drop: false }`
[INFO] running `Command { std: "docker" "inspect" "3698e451d847e3b983e3f25c2c6868ed2acd36e5ffcaf655659d976162cb7395", kill_on_drop: false }`
[INFO] running `Command { std: "docker" "rm" "-f" "3698e451d847e3b983e3f25c2c6868ed2acd36e5ffcaf655659d976162cb7395", kill_on_drop: false }`
[INFO] [stdout] 3698e451d847e3b983e3f25c2c6868ed2acd36e5ffcaf655659d976162cb7395
[INFO] running `Command { std: "docker" "create" "-v" "/var/lib/crater-agent-workspace/builds/worker-0/target:/opt/rustwide/target:rw,Z" "-v" "/var/lib/crater-agent-workspace/builds/worker-0/source:/opt/rustwide/workdir:ro,Z" "-v" "/var/lib/crater-agent-workspace/cargo-home:/opt/rustwide/cargo-home:ro,Z" "-v" "/var/lib/crater-agent-workspace/rustup-home:/opt/rustwide/rustup-home:ro,Z" "-e" "SOURCE_DIR=/opt/rustwide/workdir" "-e" "CARGO_TARGET_DIR=/opt/rustwide/target" "-e" "CARGO_INCREMENTAL=0" "-e" "RUST_BACKTRACE=full" "-e" "RUSTFLAGS=--cap-lints=warn" "-e" "CARGO_HOME=/opt/rustwide/cargo-home" "-e" "RUSTUP_HOME=/opt/rustwide/rustup-home" "-w" "/opt/rustwide/workdir" "-m" "1610612736" "--user" "0:0" "--network" "none" "ghcr.io/rust-lang/crates-build-env/linux@sha256:a89201d6b5b9fd45c15d5952ece0a0129e7e80cb26ec023fd59cf09bc26f1604" "/opt/rustwide/cargo-home/bin/cargo" "+beta-2021-10-15" "check" "--frozen" "--all" "--all-targets" "--message-format=json", kill_on_drop: false }`
[INFO] [stderr] WARNING: Your kernel does not support swap limit capabilities or the cgroup is not mounted. Memory limited without swap.
[INFO] [stdout] 097b5e2372217c214533de2db586cc6d0098bb4c2d3918bad15e2d5d7cd20b06
[INFO] running `Command { std: "docker" "start" "-a" "097b5e2372217c214533de2db586cc6d0098bb4c2d3918bad15e2d5d7cd20b06", kill_on_drop: false }`
[INFO] [stderr]     Checking minigrep v0.1.0 (/opt/rustwide/workdir)
[INFO] [stdout] error[E0308]: mismatched types
[INFO] [stdout]   --> src/lib.rs:77:29
[INFO] [stdout]    |
[INFO] [stdout] 77 |         assert!(Config::new(&empty).is_err());
[INFO] [stdout]    |                             ^^^^^^ expected struct `Args`, found `&Vec<String>`
[INFO] [stdout]    |
[INFO] [stdout]    = note: expected struct `Args`
[INFO] [stdout]            found reference `&Vec<String>`
[INFO] [stdout] 
[INFO] [stdout] 
[INFO] [stdout] error[E0063]: missing field `case_sensitive` in initializer of `Config`
[INFO] [stdout]   --> src/lib.rs:83:27
[INFO] [stdout]    |
[INFO] [stdout] 83 |         let expected = Ok(Config { query: String::from("query"), filename: String::from("filename") });
[INFO] [stdout]    |                           ^^^^^^ missing `case_sensitive`
[INFO] [stdout] 
[INFO] [stdout] 
[INFO] [stdout] error[E0308]: mismatched types
[INFO] [stdout]   --> src/lib.rs:84:34
[INFO] [stdout]    |
[INFO] [stdout] 84 |         let actual = Config::new(args);
[INFO] [stdout]    |                                  ^^^^ expected struct `Args`, found `&[String; 3]`
[INFO] [stdout]    |
[INFO] [stdout]    = note: expected struct `Args`
[INFO] [stdout]            found reference `&[String; 3]`
[INFO] [stdout] 
[INFO] [stdout] 
[INFO] [stdout] error: aborting due to 3 previous errors
[INFO] [stdout] 
[INFO] [stdout] 
[INFO] [stdout] Some errors have detailed explanations: E0063, E0308.
[INFO] [stdout] 
[INFO] [stdout] For more information about an error, try `rustc --explain E0063`.
[INFO] [stdout] 
[INFO] [stderr] error: could not compile `minigrep` due to 4 previous errors
[INFO] [stderr] warning: build failed, waiting for other jobs to finish...
[INFO] [stderr] error: build failed
[INFO] running `Command { std: "docker" "inspect" "097b5e2372217c214533de2db586cc6d0098bb4c2d3918bad15e2d5d7cd20b06", kill_on_drop: false }`
[INFO] running `Command { std: "docker" "rm" "-f" "097b5e2372217c214533de2db586cc6d0098bb4c2d3918bad15e2d5d7cd20b06", kill_on_drop: false }`
[INFO] [stdout] 097b5e2372217c214533de2db586cc6d0098bb4c2d3918bad15e2d5d7cd20b06
