[INFO] cloning repository https://github.com/categulario/mntnwttrbot
[INFO] running `Command { std: "git" "-c" "credential.helper=" "-c" "credential.helper=/workspace/cargo-home/bin/git-credential-null" "clone" "--bare" "https://github.com/categulario/mntnwttrbot" "/workspace/cache/git-repos/https%3A%2F%2Fgithub.com%2Fcategulario%2Fmntnwttrbot", kill_on_drop: false }`
[INFO] [stderr] Cloning into bare repository '/workspace/cache/git-repos/https%3A%2F%2Fgithub.com%2Fcategulario%2Fmntnwttrbot'...
[INFO] running `Command { std: "git" "rev-parse" "HEAD", kill_on_drop: false }`
[INFO] [stdout] 84befbc6cc9a2e4327f315bde551592eef25a021
[INFO] checking categulario/mntnwttrbot against beta-2021-10-15 for beta-1.56-3
[INFO] running `Command { std: "git" "clone" "/workspace/cache/git-repos/https%3A%2F%2Fgithub.com%2Fcategulario%2Fmntnwttrbot" "/workspace/builds/worker-12/source", kill_on_drop: false }`
[INFO] [stderr] Cloning into '/workspace/builds/worker-12/source'...
[INFO] [stderr] done.
[INFO] validating manifest of git repo https://github.com/categulario/mntnwttrbot on toolchain beta-2021-10-15
[INFO] running `Command { std: "/workspace/cargo-home/bin/cargo" "+beta-2021-10-15" "metadata" "--manifest-path" "Cargo.toml" "--no-deps", kill_on_drop: false }`
[INFO] started tweaking git repo https://github.com/categulario/mntnwttrbot
[INFO] finished tweaking git repo https://github.com/categulario/mntnwttrbot
[INFO] tweaked toml for git repo https://github.com/categulario/mntnwttrbot written to /workspace/builds/worker-12/source/Cargo.toml
[INFO] crate git repo https://github.com/categulario/mntnwttrbot already has a lockfile, it will not be regenerated
[INFO] running `Command { std: "/workspace/cargo-home/bin/cargo" "+beta-2021-10-15" "fetch" "--manifest-path" "Cargo.toml", kill_on_drop: false }`
[INFO] [stderr]  Downloading crates ...
[INFO] [stderr]   Downloaded rocket_contrib v0.2.9
[INFO] [stderr]   Downloaded num_cpus v1.6.2
[INFO] [stderr]   Downloaded term-painter v0.2.3
[INFO] [stderr]   Downloaded httparse v1.2.3
[INFO] [stderr]   Downloaded hyper v0.10.12
[INFO] [stderr]   Downloaded cookie v0.6.2
[INFO] [stderr]   Downloaded byteorder v1.1.0
[INFO] [stderr]   Downloaded percent-encoding v1.0.0
[INFO] [stderr]   Downloaded version_check v0.1.3
[INFO] [stderr]   Downloaded term v0.4.6
[INFO] [stderr]   Downloaded time v0.1.38
[INFO] [stderr]   Downloaded unicode-normalization v0.1.5
[INFO] [stderr]   Downloaded rocket_codegen v0.2.9
[INFO] [stderr]   Downloaded toml v0.2.1
[INFO] [stderr]   Downloaded rocket v0.2.9
[INFO] [stderr]   Downloaded url v1.5.1
[INFO] [stderr]   Downloaded matches v0.1.6
[INFO] [stderr]   Downloaded yansi v0.3.0
[INFO] [stderr]   Downloaded num-traits v0.1.39
[INFO] [stderr]   Downloaded state v0.2.2
[INFO] [stderr]   Downloaded libc v0.2.26
[INFO] [stderr]   Downloaded redox_syscall v0.1.26
[INFO] running `Command { std: "docker" "create" "-v" "/var/lib/crater-agent-workspace/builds/worker-12/target:/opt/rustwide/target:rw,Z" "-v" "/var/lib/crater-agent-workspace/builds/worker-12/source:/opt/rustwide/workdir:ro,Z" "-v" "/var/lib/crater-agent-workspace/cargo-home:/opt/rustwide/cargo-home:ro,Z" "-v" "/var/lib/crater-agent-workspace/rustup-home:/opt/rustwide/rustup-home:ro,Z" "-e" "SOURCE_DIR=/opt/rustwide/workdir" "-e" "CARGO_TARGET_DIR=/opt/rustwide/target" "-e" "CARGO_HOME=/opt/rustwide/cargo-home" "-e" "RUSTUP_HOME=/opt/rustwide/rustup-home" "-w" "/opt/rustwide/workdir" "-m" "1610612736" "--user" "0:0" "--network" "none" "ghcr.io/rust-lang/crates-build-env/linux@sha256:a89201d6b5b9fd45c15d5952ece0a0129e7e80cb26ec023fd59cf09bc26f1604" "/opt/rustwide/cargo-home/bin/cargo" "+beta-2021-10-15" "metadata" "--no-deps" "--format-version=1", kill_on_drop: false }`
[INFO] [stderr] WARNING: Your kernel does not support swap limit capabilities or the cgroup is not mounted. Memory limited without swap.
[INFO] [stdout] f342a710153bafcb195914b42ca34e71486bb2d79ee63b71e44a9716a73944b1
[INFO] running `Command { std: "docker" "start" "-a" "f342a710153bafcb195914b42ca34e71486bb2d79ee63b71e44a9716a73944b1", kill_on_drop: false }`
[INFO] running `Command { std: "docker" "inspect" "f342a710153bafcb195914b42ca34e71486bb2d79ee63b71e44a9716a73944b1", kill_on_drop: false }`
[INFO] running `Command { std: "docker" "rm" "-f" "f342a710153bafcb195914b42ca34e71486bb2d79ee63b71e44a9716a73944b1", kill_on_drop: false }`
[INFO] [stdout] f342a710153bafcb195914b42ca34e71486bb2d79ee63b71e44a9716a73944b1
[INFO] running `Command { std: "docker" "create" "-v" "/var/lib/crater-agent-workspace/builds/worker-12/target:/opt/rustwide/target:rw,Z" "-v" "/var/lib/crater-agent-workspace/builds/worker-12/source:/opt/rustwide/workdir:ro,Z" "-v" "/var/lib/crater-agent-workspace/cargo-home:/opt/rustwide/cargo-home:ro,Z" "-v" "/var/lib/crater-agent-workspace/rustup-home:/opt/rustwide/rustup-home:ro,Z" "-e" "SOURCE_DIR=/opt/rustwide/workdir" "-e" "CARGO_TARGET_DIR=/opt/rustwide/target" "-e" "CARGO_INCREMENTAL=0" "-e" "RUST_BACKTRACE=full" "-e" "RUSTFLAGS=--cap-lints=warn" "-e" "CARGO_HOME=/opt/rustwide/cargo-home" "-e" "RUSTUP_HOME=/opt/rustwide/rustup-home" "-w" "/opt/rustwide/workdir" "-m" "1610612736" "--user" "0:0" "--network" "none" "ghcr.io/rust-lang/crates-build-env/linux@sha256:a89201d6b5b9fd45c15d5952ece0a0129e7e80cb26ec023fd59cf09bc26f1604" "/opt/rustwide/cargo-home/bin/cargo" "+beta-2021-10-15" "check" "--frozen" "--all" "--all-targets" "--message-format=json", kill_on_drop: false }`
[INFO] [stderr] WARNING: Your kernel does not support swap limit capabilities or the cgroup is not mounted. Memory limited without swap.
[INFO] [stdout] cae6fd8c6bedf4174302a0f3dcceccec505f5ec01fb429189cb56916aaad390d
[INFO] running `Command { std: "docker" "start" "-a" "cae6fd8c6bedf4174302a0f3dcceccec505f5ec01fb429189cb56916aaad390d", kill_on_drop: false }`
[INFO] [stderr]    Compiling yansi v0.3.0
[INFO] [stderr]     Checking libc v0.2.26
[INFO] [stderr]    Compiling matches v0.1.6
[INFO] [stderr]    Compiling unicode-normalization v0.1.5
[INFO] [stderr]    Compiling percent-encoding v1.0.0
[INFO] [stderr]    Compiling log v0.3.8
[INFO] [stderr]    Compiling byteorder v1.1.0
[INFO] [stderr]    Compiling httparse v1.2.3
[INFO] [stderr]     Checking state v0.2.2
[INFO] [stderr]     Checking toml v0.2.1
[INFO] [stderr]     Checking base64 v0.5.2
[INFO] [stderr]    Compiling term-painter v0.2.3
[INFO] [stderr]     Checking serde_json v0.9.10
[INFO] [stdout] error[E0557]: feature has been removed
[INFO] [stdout]  --> /opt/rustwide/cargo-home/registry/src/github.com-1ecc6299db9ec823/state-0.2.2/src/lib.rs:1:12
[INFO] [stdout]   |
[INFO] [stdout] 1 | #![feature(const_fn)]
[INFO] [stdout]   |            ^^^^^^^^ feature has been removed
[INFO] [stdout]   |
[INFO] [stdout]   = note: split into finer-grained feature gates
[INFO] [stdout] 
[INFO] [stdout] 
[INFO] [stdout] error[E0554]: `#![feature]` may not be used on the beta release channel
[INFO] [stdout]  --> /opt/rustwide/cargo-home/registry/src/github.com-1ecc6299db9ec823/state-0.2.2/src/lib.rs:1:1
[INFO] [stdout]   |
[INFO] [stdout] 1 | #![feature(const_fn)]
[INFO] [stdout]   | ^^^^^^^^^^^^^^^^^^^^^
[INFO] [stdout] 
[INFO] [stdout] 
[INFO] [stderr]     Checking idna v0.1.2
[INFO] [stdout] error: aborting due to 2 previous errors
[INFO] [stdout] 
[INFO] [stdout] 
[INFO] [stdout] Some errors have detailed explanations: E0554, E0557.
[INFO] [stdout] 
[INFO] [stdout] For more information about an error, try `rustc --explain E0554`.
[INFO] [stdout] 
[INFO] [stderr] error: could not compile `state` due to 3 previous errors
[INFO] [stderr] warning: build failed, waiting for other jobs to finish...
[INFO] [stdout] error[E0557]: feature has been removed
[INFO] [stdout]  --> /opt/rustwide/cargo-home/registry/src/github.com-1ecc6299db9ec823/state-0.2.2/src/lib.rs:1:12
[INFO] [stdout]   |
[INFO] [stdout] 1 | #![feature(const_fn)]
[INFO] [stdout]   |            ^^^^^^^^ feature has been removed
[INFO] [stdout]   |
[INFO] [stdout]   = note: split into finer-grained feature gates
[INFO] [stdout] 
[INFO] [stdout] 
[INFO] [stdout] error[E0554]: `#![feature]` may not be used on the beta release channel
[INFO] [stdout]  --> /opt/rustwide/cargo-home/registry/src/github.com-1ecc6299db9ec823/state-0.2.2/src/lib.rs:1:1
[INFO] [stdout]   |
[INFO] [stdout] 1 | #![feature(const_fn)]
[INFO] [stdout]   | ^^^^^^^^^^^^^^^^^^^^^
[INFO] [stdout] 
[INFO] [stdout] 
[INFO] [stdout] error: aborting due to 2 previous errors
[INFO] [stdout] 
[INFO] [stdout] 
[INFO] [stdout] Some errors have detailed explanations: E0554, E0557.
[INFO] [stdout] 
[INFO] [stdout] For more information about an error, try `rustc --explain E0554`.
[INFO] [stdout] 
[INFO] [stderr] error: build failed
[INFO] running `Command { std: "docker" "inspect" "cae6fd8c6bedf4174302a0f3dcceccec505f5ec01fb429189cb56916aaad390d", kill_on_drop: false }`
[INFO] running `Command { std: "docker" "rm" "-f" "cae6fd8c6bedf4174302a0f3dcceccec505f5ec01fb429189cb56916aaad390d", kill_on_drop: false }`
[INFO] [stdout] cae6fd8c6bedf4174302a0f3dcceccec505f5ec01fb429189cb56916aaad390d
